

--
-- Data for Name: appointment_assignment_rules; Type: TABLE DATA; Schema: public; Owner: -
--

SET SESSION AUTHORIZATION DEFAULT;

ALTER TABLE public.appointment_assignment_rules DISABLE TRIGGER ALL;

COPY public.appointment_assignment_rules (id, auto_assign_enabled, require_admin_approval, use_ai_provider, max_doctor_load_per_day, prefer_same_timezone, prefer_same_language, specialty_primary_weight, specialty_secondary_weight, language_weight, timezone_weight, rating_weight, load_penalty, ai_extra_prompt, updated_by, created_at, updated_at) FROM stdin;
29f30bf4-96dd-4e0b-9f21-ec3aa0754282	t	t	t	12	t	t	100	60	25	15	10	4	\N	\N	2026-05-24 07:00:54.503727+00	2026-05-24 07:00:54.503727+00
\.


ALTER TABLE public.appointment_assignment_rules ENABLE TRIGGER ALL;

--
-- Data for Name: appointment_feedback; Type: TABLE DATA; Schema: public; Owner: -
--

ALTER TABLE public.appointment_feedback DISABLE TRIGGER ALL;

COPY public.appointment_feedback (id, created_at, updated_at, deleted_at, appointment_id, patient_id, rating, comment, hidden, hidden_by, hidden_at) FROM stdin;
\.


ALTER TABLE public.appointment_feedback ENABLE TRIGGER ALL;

--
-- Data for Name: booking_intro_block; Type: TABLE DATA; Schema: public; Owner: -
--

ALTER TABLE public.booking_intro_block DISABLE TRIGGER ALL;

COPY public.booking_intro_block (id, enabled, title, intro, bullets, updated_by, created_at, updated_at) FROM stdin;
9ba4ac62-70fb-4476-8d03-98069018437b	t	How doctor assignment works	\N	["You describe your symptoms.", "Our AI suggests the best-matched doctor by specialty, language, and availability.", "An admin reviews the suggestion and confirms (or picks someone else).", "You get a push notification and email the moment the doctor is assigned."]	\N	2026-05-24 07:28:33.367903+00	2026-05-24 07:28:33.367903+00
\.


ALTER TABLE public.booking_intro_block ENABLE TRIGGER ALL;

--
-- Data for Name: bulk_email_campaigns; Type: TABLE DATA; Schema: public; Owner: -
--

ALTER TABLE public.bulk_email_campaigns DISABLE TRIGGER ALL;

COPY public.bulk_email_campaigns (id, created_at, updated_at, deleted_at, subject, body_markdown, segment, status, recipient_count, created_by, sent_at, error_message) FROM stdin;
\.


ALTER TABLE public.bulk_email_campaigns ENABLE TRIGGER ALL;

--
-- Data for Name: call_sessions; Type: TABLE DATA; Schema: public; Owner: -
--

ALTER TABLE public.call_sessions DISABLE TRIGGER ALL;

COPY public.call_sessions (id, appointment_id, channel_name, started_by, started_at, ended_by, ended_at, duration_seconds, created_at, extensions_minutes) FROM stdin;
bd2f57e2-3d4c-47b6-8d3a-39ea7183dbfd	06bbfb0b-5901-4b32-9719-80cc88d78b38	ss-70d0ae593242d77cf76eb974	7a297ce7-9f3b-4f96-ad3a-a8385d6e059f	2026-05-24 10:38:29.106135+00	7a297ce7-9f3b-4f96-ad3a-a8385d6e059f	2026-05-24 10:38:37.777+00	8	2026-05-24 10:38:29.106135	0
7e5fd8b8-f388-4d8e-adb0-b93c002fdccb	449b6c45-2044-4923-b356-535dcb3394a7	ss-1e65d3b5fa27a92421e1784b	7a297ce7-9f3b-4f96-ad3a-a8385d6e059f	2026-05-24 13:40:58.270152+00	\N	\N	\N	2026-05-24 13:40:58.270152	0
\.


ALTER TABLE public.call_sessions ENABLE TRIGGER ALL;

--
-- Data for Name: cms_faqs; Type: TABLE DATA; Schema: public; Owner: -
--

ALTER TABLE public.cms_faqs DISABLE TRIGGER ALL;

COPY public.cms_faqs (id, created_at, updated_at, deleted_at, question, answer, category, "order", is_published) FROM stdin;
a4618e26-2d1a-4631-a870-261419a2c7c4	2026-05-24 15:58:52.397788+00	2026-05-24 15:58:52.397788+00	\N	Do I need to register first to use Sehat Sahoolat?	Yes — registration is required with a valid email. After email verification, complete your details, pay a registration fee for your Electronic Medical Record (EMR), and select a health package before booking your first appointment.	patient	0	t
81bb36c9-c85a-4c4b-a3f1-0ba726b8017c	2026-05-24 15:58:52.397788+00	2026-05-24 15:58:52.397788+00	\N	What is the Electronic Medical Record (EMR) and how is it made?	The EMR is an interactive product where you enter your health information — previous and current medical conditions, operations, tests, scans, reports, medications, lifestyle, and more. Future consultations automatically update the record.	patient	1	t
23407bcf-55d9-404d-b4cb-073c773bee7b	2026-05-24 15:58:52.397788+00	2026-05-24 15:58:52.397788+00	\N	Do I need to complete registration and EMR in one go?	You may complete these at your own pace, but bookings require a finished registration and EMR with all mandatory fields completed.	patient	2	t
87acd270-ef98-469d-b7bb-ab625abdee1a	2026-05-24 15:58:52.397788+00	2026-05-24 15:58:52.397788+00	\N	How is access to my EMR regulated?	We strictly regulate and control access. Clinicians can only access EMRs for limited periods before scheduled appointments, and only with your consent.	patient	3	t
eedc5c72-8d6d-4d6a-9a5c-1b8b78f1e197	2026-05-24 15:58:52.397788+00	2026-05-24 15:58:52.397788+00	\N	How can I use my EMR for external consultations?	Subscription members can download a PDF copy of their EMR to share with external providers. Pay-as-you-go customers may face additional costs and must manually update their records upon return.	patient	4	t
dc3d52ce-c6e1-4522-b37c-94993924ccf9	2026-05-24 15:58:52.397788+00	2026-05-24 15:58:52.397788+00	\N	How many family members can use one subscription package?	One package covers up to 4 people — yourself plus 3 family members.	patient	5	t
6fe5d13a-38aa-49d2-9a89-5457f786ec7b	2026-05-24 15:58:52.397788+00	2026-05-24 15:58:52.397788+00	\N	Can I add more family members, and how do I do it?	Yes — each additional member requires a one-time registration payment for their EMR with a unique identifier under your profile.	patient	6	t
9d733f9f-f157-4c1c-b378-2f2db4a93010	2026-05-24 15:58:52.397788+00	2026-05-24 15:58:52.397788+00	\N	I am a Pay-as-you-Go / Bundle customer; what will happen to my EMR?	Your EMR remains active while appointments exist or credits remain within the bundle timeframe. It becomes dormant when exhausted, until new appointments are purchased.	patient	7	t
2139f937-16ef-4c85-8c8a-74664d48df8a	2026-05-24 15:58:52.397788+00	2026-05-24 15:58:52.397788+00	\N	What will happen to my unused appointments?	Unused appointments lapse automatically unless extensions are granted for exceptional circumstances via email request with supporting evidence.	patient	8	t
404b15bf-af9a-4c14-9441-afa56859153b	2026-05-24 15:58:52.397788+00	2026-05-24 15:58:52.397788+00	\N	What is the cancellation and refund policy?	Cancellations made 4+ hours before appointments are refunded within 48 hours, minus third-party / bank service charges. Cancellations within 4 hours or no-shows forfeit credits.	patient	9	t
cbabf560-ebe3-4850-b3d5-51acb1f49015	2026-05-24 15:58:52.397788+00	2026-05-24 15:58:52.397788+00	\N	What if Sehat Sahoolat cancels or there are technical issues?	We notify users and reschedule appointments as early as possible.	patient	10	t
97cbe6da-8682-49c6-8c2e-287b16e1ad03	2026-05-24 15:58:52.397788+00	2026-05-24 15:58:52.397788+00	\N	What is the "No-show" policy?	Missing an appointment or cancelling within 4 hours results in credit loss. Extensions may be considered for exceptional circumstances on request with evidence.	patient	11	t
156f9cd2-9a6b-4ea9-b773-a6732ba1346d	2026-05-24 15:58:52.397788+00	2026-05-24 15:58:52.397788+00	\N	How long does each consultation last?	Consultations are 15 minutes dedicated to a current medical problem or active issue, though durations may vary by the nature of the problem and may incur additional costs.	patient	12	t
07a0885d-6603-4aa8-8b49-c4bf4b98dbe7	2026-05-24 15:58:52.397788+00	2026-05-24 15:58:52.397788+00	\N	How is my personal information stored?	Your information is kept securely and SSL-encrypted, only for as long as necessary. We never sell or trade personal data — it is accessible only to treating clinicians, before appointments only.	patient	13	t
773681d6-0ec1-4ce2-aa13-0fa9f6cf549b	2026-05-24 15:58:52.397788+00	2026-05-24 15:58:52.397788+00	\N	What payment methods are accepted?	Payfast supports Visa and Mastercard credit cards, Maestro and Visa Electron debit cards, Masterpass, Mobicred, MoreTyme, SnapScan, SCode, and Instant EFT.	patient	14	t
6444d9e3-168f-4243-b33c-f6cf18c64934	2026-05-24 15:58:52.397788+00	2026-05-24 15:58:52.397788+00	\N	Is my payment secure, and where are my details stored?	Payments use reliable and secure gateways. Card details are stored only for subscription renewals with your consent.	patient	15	t
5cf36f91-4fcd-415c-8c49-48e067d9b527	2026-05-24 15:58:52.397788+00	2026-05-24 15:58:52.397788+00	\N	What types of accounts are available?	Choose between a subscription with monthly payments for unlimited consultations, a bundle of consultations over a fixed period, or a pay-as-you-go option.	patient	16	t
5449eb74-5acd-4290-8010-383c9f494d25	2026-05-24 15:58:52.397788+00	2026-05-24 15:58:52.397788+00	\N	What are your complaints procedures?	Complaints are investigated as top priority with responses as soon as possible. Unresolved disputes may involve third-party arbitration as final resolution.	patient	17	t
d8c10a08-22a5-4eca-93a3-12dcaa0688bf	2026-05-24 15:58:52.397788+00	2026-05-24 15:58:52.397788+00	\N	How is my personal information stored?	Information follows a strict personal information governance policy with encryption. Only limited details (name, qualifications, specialty, profile picture, and introduction) are visible to patients.	doctor	0	t
1e97464b-7386-4dc2-b30b-1168d93169fb	2026-05-24 15:58:52.397788+00	2026-05-24 15:58:52.397788+00	\N	Is my payment information stored and secure?	Bank details are stored to enumerate your committed and dedicated work on the platform according to your chosen package, automatically and with your consent.	doctor	1	t
941ac951-3895-438c-8511-0c98ed99a4be	2026-05-24 15:58:52.397788+00	2026-05-24 15:58:52.397788+00	\N	Can I receive payments in any account anywhere in the world?	Currently, payments are made only to a nominated account in Pakistan. Doctors without one should contact support via email.	doctor	2	t
d3846f6d-1cd1-4952-80d1-0512684593ea	2026-05-24 15:58:52.397788+00	2026-05-24 15:58:52.397788+00	\N	Can I register myself and family members as patients?	This depends on your sign-up package and privileges.	doctor	3	t
76f15ebe-4429-435f-af7f-da1fbda553f2	2026-05-24 15:58:52.397788+00	2026-05-24 15:58:52.397788+00	\N	Is the patient’s appointment according to my time zone or the patient’s?	The platform automatically matches both parties’ time zones for clarity.	doctor	4	t
42c4f801-10eb-4845-82aa-151081217556	2026-05-24 15:58:52.397788+00	2026-05-24 15:58:52.397788+00	\N	Can I access all of my patient’s records at any time?	Access is limited to confirmed appointment patients, for a certain duration prior to and during the specific consultation, with the patient’s specific consent.	doctor	5	t
ed801962-d10c-4d4c-9a86-6ed9af1f2ce4	2026-05-24 15:58:52.397788+00	2026-05-24 15:58:52.397788+00	\N	How does Sehat Sahoolat handle concerns and complaints?	Complaints receive responses within 48 hours via email. Investigations are conducted proportionately, with third-party arbitration available for unresolved disputes.	doctor	6	t
\.


ALTER TABLE public.cms_faqs ENABLE TRIGGER ALL;

--
-- Data for Name: cms_features; Type: TABLE DATA; Schema: public; Owner: -
--

ALTER TABLE public.cms_features DISABLE TRIGGER ALL;

COPY public.cms_features (id, created_at, updated_at, deleted_at, title, short_copy, long_copy, icon_name, "order", is_published) FROM stdin;
0c2e8058-d771-4f62-99e8-62934ef2696a	2026-05-24 15:58:52.397788+00	2026-05-24 15:58:52.397788+00	\N	Access	Highly competent Western-trained specialists are just a click away from you and your family — whenever, wherever you need them.	Our platform provides access to highly competent Pakistani doctors trained in Western countries, accessible at any location and time convenient for you, without the need for travel or spending hours in hospital waiting rooms. All you need is a smartphone and an internet connection.	Globe2	0	t
52514676-472f-44f0-997c-62163212d585	2026-05-24 15:58:52.397788+00	2026-05-24 15:58:52.397788+00	\N	Cost Effective	Our pricing is designed to save you money so you can enjoy the happy moments of life while still receiving the best of healthcare.	Our patients can save up to 50–60% of their healthcare consultation costs in the medium to long term while receiving high-quality, safe care.	BadgePercent	1	t
e292290d-fd8f-44a4-bfc0-a32718cce791	2026-05-24 15:58:52.397788+00	2026-05-24 15:58:52.397788+00	\N	Continuity	Never lose track of your past or present healthcare problems — get the right care at the right time, every time.	Our electronic medical records system consolidates patient medical histories and updates records with every healthcare encounter — reducing financial and psychological burdens caused by Pakistan’s fragmented healthcare system.	GitBranch	2	t
cec4c798-aaff-42c3-8da4-3ce8c1304145	2026-05-24 15:58:52.397788+00	2026-05-24 15:58:52.397788+00	\N	Integration	Never worry about follow-ups, second opinions, or multi-disciplinary advice for complex healthcare problems.	Internal cross-referral protocols and follow-ups based on healthcare requirements eliminate the need to seek out multiple specialists for complex medical issues.	Network	3	t
54be0593-68c6-447b-9b88-35728af48264	2026-05-24 15:58:52.397788+00	2026-05-24 15:58:52.397788+00	\N	Safety	Our processes are designed to deliver safe and effective healthcare to you and your family as a top priority.	Remote digital healthcare provision can feel intimidating — we’ve built workflows with patient safety at the very centre, from intake to consult to follow-up.	ShieldCheck	4	t
baadf4be-e841-4146-9b91-d3d575662bd9	2026-05-24 15:58:52.397788+00	2026-05-24 15:58:52.397788+00	\N	Quality	High-quality, evidence-based healthcare according to the standards of modern medicine.	Healthcare in Western countries is widely recognised as more advanced and regulated, with effective governance frameworks. We have assimilated those standards into our systems.	Award	5	t
\.


ALTER TABLE public.cms_features ENABLE TRIGGER ALL;

--
-- Data for Name: cms_global; Type: TABLE DATA; Schema: public; Owner: -
--

ALTER TABLE public.cms_global DISABLE TRIGGER ALL;

COPY public.cms_global (id, created_at, updated_at, deleted_at, singleton, "siteName", tagline, footer_tagline, phone, email, address, hours_text, social, copyright_line, app_store_url, play_store_url, cta_register_url, cta_login_url) FROM stdin;
fd41b119-aaf4-4f3d-8033-80d1ceb0aa90	2026-05-24 15:58:52.397788+00	2026-05-24 15:58:52.397788+00	\N	t	Sehat Sahoolat	The Virtual Hospital	Sehat Sahoolat Digital Platform is designed to be your virtual hospital — Open & Available 24/7.	+92 305 111SSVH	support@sehatsahoolat.com	\N	Open & Available 24/7	{"twitter": null, "youtube": "https://youtube.com/@SehatSahoolat-s1s", "facebook": "https://facebook.com/sehatsaholat", "linkedin": "https://linkedin.com/company/sehat-sahoolat", "instagram": "https://instagram.com/sehat.sahoolat"}	© 2026 Sehat Sahoolat — Registered as Web Health Online Pvt. Ltd. All rights reserved.	\N	\N	/signup	/login
\.


ALTER TABLE public.cms_global ENABLE TRIGGER ALL;

--
-- Data for Name: cms_pages; Type: TABLE DATA; Schema: public; Owner: -
--

ALTER TABLE public.cms_pages DISABLE TRIGGER ALL;

COPY public.cms_pages (id, created_at, updated_at, deleted_at, slug, title, meta_title, meta_description, status, updated_by) FROM stdin;
1557c8ef-c6bf-4739-ae63-092490fe7e91	2026-05-24 15:58:52.397788+00	2026-05-24 15:58:52.397788+00	\N	home	Sehat Sahoolat — The Virtual Hospital	Sehat Sahoolat | Pakistan’s Virtual Hospital, 24/7	Sehat Sahoolat connects you to Western-trained Pakistani specialists 24/7. Continuous EMR, transparent pricing, and care designed around your whole family.	published	\N
9d729fda-3f2f-4fff-9ee2-8f186bbcd118	2026-05-24 15:58:52.397788+00	2026-05-24 15:58:52.397788+00	\N	about	About Sehat Sahoolat	About | Sehat Sahoolat	Sehat Sahoolat is a Pakistani virtual hospital engaging overseas specialist Pakistani doctors to deliver high-quality, safe, integrated care.	published	\N
d9439406-d07f-4bab-92ce-20d5733cb00e	2026-05-24 15:58:52.397788+00	2026-05-24 15:58:52.397788+00	\N	doctors	Our Doctors	Doctors | Sehat Sahoolat	Browse Sehat Sahoolat’s panel of Western-trained Pakistani specialists across 30+ departments.	published	\N
c4aa8dd6-c6b7-4828-9163-47710db3cb61	2026-05-24 15:58:52.397788+00	2026-05-24 15:58:52.397788+00	\N	specialties	Specialties	Specialties & Departments | Sehat Sahoolat	Care for every stage of life: medicine, surgery, women & children, mental health, family medicine, diagnostics.	published	\N
262635ec-c0f7-4ea0-b579-dde37c4d2932	2026-05-24 15:58:52.397788+00	2026-05-24 15:58:52.397788+00	\N	packages	Packages	Health Packages & Pricing | Sehat Sahoolat	Pay-as-you-go, credit bundles, or full subscription — one transparent menu for every family.	published	\N
0cd6cc44-d4a4-48e9-b057-0451535dd308	2026-05-24 15:58:52.397788+00	2026-05-24 15:58:52.397788+00	\N	faq	Frequently asked questions	FAQ | Sehat Sahoolat	Answers about registration, the EMR, packages, refunds, doctor onboarding, and more.	published	\N
2853b484-195a-4665-b568-165e8554b51f	2026-05-24 15:58:52.397788+00	2026-05-24 15:58:52.397788+00	\N	contact	Contact us	Contact | Sehat Sahoolat	Reach Sehat Sahoolat support — email support@sehatsahoolat.com, call +92 305 111SSVH, or send us a message.	published	\N
\.


ALTER TABLE public.cms_pages ENABLE TRIGGER ALL;

--
-- Data for Name: cms_sections; Type: TABLE DATA; Schema: public; Owner: -
--

ALTER TABLE public.cms_sections DISABLE TRIGGER ALL;

COPY public.cms_sections (id, created_at, updated_at, deleted_at, page_id, type, "order", content, is_visible) FROM stdin;
76ffbdf3-7393-4eb5-9c11-9fedd0a95b76	2026-05-24 15:58:52.397788+00	2026-05-24 15:58:52.397788+00	\N	1557c8ef-c6bf-4739-ae63-092490fe7e91	hero	0	{"eyebrow": "The Virtual Hospital · Open 24/7", "headline": "World-class healthcare, one secure tap away.", "primaryCta": {"href": "/signup", "label": "Join Now"}, "subheadline": "Welcome to your virtual health partnership — a unique and bespoke solution for you and your loved ones’ health needs.", "secondaryCta": {"href": "/doctors", "label": "Browse Doctors"}, "showAppBadges": true}	t
8432cdf8-ca09-427d-b34b-979784e25596	2026-05-24 15:58:52.397788+00	2026-05-24 15:58:52.397788+00	\N	1557c8ef-c6bf-4739-ae63-092490fe7e91	stats_counter	1	{"items": [{"label": "Western-trained specialists", "value": 45, "suffix": "+"}, {"label": "Departments & specialties", "value": 30, "suffix": "+"}, {"label": "Avg cost saving", "value": 60, "suffix": "%"}, {"label": "Available", "value": 24, "suffix": "/7"}]}	t
31deb0fb-2f02-4ddb-8abd-1e612d9670ce	2026-05-24 15:58:52.397788+00	2026-05-24 15:58:52.397788+00	\N	9d729fda-3f2f-4fff-9ee2-8f186bbcd118	hero	0	{"eyebrow": "About us", "headline": "Healthcare designed around continuity, convenience, and affordability.", "primaryCta": {"href": "/doctors", "label": "Browse our doctors"}, "subheadline": "Sehat Sahoolat delivers high-quality, safe, integrated healthcare to all Pakistanis — at home and abroad — by engaging specialist overseas Pakistani doctors through a single digital platform.", "secondaryCta": {"href": "/packages", "label": "See our packages"}}	t
d493a3c6-93e3-43f8-8a29-5268f28e9aad	2026-05-24 15:58:52.397788+00	2026-05-24 15:58:52.397788+00	\N	9d729fda-3f2f-4fff-9ee2-8f186bbcd118	rich_text	1	{"body": ["Healthcare in Pakistan is fragmented. Patients travel hours for a 10-minute consult, lose records between visits, and pay specialist fees for ailments that should have been resolved by a continuous primary-care relationship.", "Sehat Sahoolat fixes this by giving every family a single record, a regular family physician, and access to overseas-trained specialists in a single tap — backed by clinical governance standards from the UK and EU."], "eyebrow": "Our mission", "heading": "Specialist healthcare, without the friction."}	t
455fd119-c6fb-46c4-88e2-dddfc77b499b	2026-05-24 15:58:52.397788+00	2026-05-24 15:58:52.397788+00	\N	9d729fda-3f2f-4fff-9ee2-8f186bbcd118	usp_pillars	2	{"eyebrow": "What we stand for", "heading": "The six pillars."}	t
d84d8c6c-9442-46e2-88b5-c85808ba7068	2026-05-24 15:58:52.397788+00	2026-05-24 15:58:52.397788+00	\N	9d729fda-3f2f-4fff-9ee2-8f186bbcd118	team	3	{"eyebrow": "Clinical leadership", "heading": "A network of senior specialists, not just a directory.", "subheading": "Our consulting panel is drawn from the UK, Pakistan, Saudi Arabia, and Qatar — every doctor is verified, licensed, and continuously peer-reviewed."}	t
ef635993-cf7c-4eac-928e-703a79702ec9	2026-05-24 15:58:52.397788+00	2026-05-24 15:58:52.397788+00	\N	9d729fda-3f2f-4fff-9ee2-8f186bbcd118	cta_band	4	{"headline": "See if Sehat Sahoolat is right for your family.", "primaryCta": {"href": "/signup", "label": "Start free"}, "secondaryCta": {"href": "/contact", "label": "Talk to us"}}	t
0f232ed3-6a3a-416c-a18d-c1ea8e0c0ab3	2026-05-24 15:58:52.397788+00	2026-05-24 15:58:52.397788+00	\N	d9439406-d07f-4bab-92ce-20d5733cb00e	hero	0	{"eyebrow": "Our doctors", "headline": "Pakistani roots. Western training. Always on.", "subheadline": "Filter by specialty, language, or country to find the right specialist for you."}	t
901cd558-2012-47bb-8e1b-4858af1e3cb5	2026-05-24 15:58:52.397788+00	2026-05-24 15:58:52.397788+00	\N	d9439406-d07f-4bab-92ce-20d5733cb00e	featured_doctors	1	{"limit": 60, "showFilters": true}	t
b86b4ed3-3f0e-411f-8a2f-316d4a7a5da2	2026-05-24 15:58:52.397788+00	2026-05-24 15:58:52.397788+00	\N	c4aa8dd6-c6b7-4828-9163-47710db3cb61	hero	0	{"eyebrow": "Departments", "headline": "Care for every stage of life."}	t
68b08a86-3a07-4cc2-9ef5-f764f593d0b2	2026-05-24 15:58:52.397788+00	2026-05-24 15:58:52.397788+00	\N	c4aa8dd6-c6b7-4828-9163-47710db3cb61	specialties_grid	1	{}	t
08a98311-835f-4d7c-bd3d-f968b284923b	2026-05-24 15:58:52.397788+00	2026-05-24 15:58:52.397788+00	\N	262635ec-c0f7-4ea0-b579-dde37c4d2932	hero	0	{"eyebrow": "Pricing", "headline": "Three ways to pay. One commitment to your family."}	t
ae5efa98-fd52-4275-a988-72b85d3768ec	2026-05-24 15:58:52.397788+00	2026-05-24 15:58:52.397788+00	\N	262635ec-c0f7-4ea0-b579-dde37c4d2932	packages_pricing	1	{}	t
96eeb5c4-5487-4d8d-b819-e95ab39a3580	2026-05-24 15:58:52.397788+00	2026-05-24 15:58:52.397788+00	\N	262635ec-c0f7-4ea0-b579-dde37c4d2932	faq	2	{"limit": 6, "heading": "Pricing & packages FAQ", "category": "patient"}	t
11b194c7-bd92-4c29-bb33-093d2afb6986	2026-05-24 15:58:52.397788+00	2026-05-24 15:58:52.397788+00	\N	0cd6cc44-d4a4-48e9-b057-0451535dd308	hero	0	{"eyebrow": "Support", "headline": "Frequently asked questions.", "subheadline": "Browse by audience — patient or doctor."}	t
337fb977-0839-41b1-9924-ce094be93658	2026-05-24 15:58:52.397788+00	2026-05-24 15:58:52.397788+00	\N	0cd6cc44-d4a4-48e9-b057-0451535dd308	faq	1	{"showCategoryTabs": true}	t
cbbc1d09-fd93-42f8-be8c-50a42a566386	2026-05-24 15:58:52.397788+00	2026-05-24 15:58:52.397788+00	\N	0cd6cc44-d4a4-48e9-b057-0451535dd308	cta_band	2	{"headline": "Still stuck? We answer enquiries within 24 hours.", "primaryCta": {"href": "/contact", "label": "Contact support"}}	t
2bfb1202-219d-4a13-9b55-0598ccb65166	2026-05-24 15:58:52.397788+00	2026-05-24 15:58:52.397788+00	\N	2853b484-195a-4665-b568-165e8554b51f	hero	0	{"eyebrow": "Contact", "headline": "We’re here whenever you need us.", "subheadline": "Support is available 24/7. We respond to enquiries within one business day."}	t
0f0b301d-6d41-479b-993c-b3b28168d31d	2026-05-24 15:58:52.397788+00	2026-05-24 15:58:52.397788+00	\N	2853b484-195a-4665-b568-165e8554b51f	contact_info	1	{}	t
61d4b995-f717-4101-a841-7bd73da943f2	2026-05-24 15:58:52.397788+00	2026-05-24 15:58:52.397788+00	\N	1557c8ef-c6bf-4739-ae63-092490fe7e91	usp_pillars	3	{"eyebrow": "Why Sehat Sahoolat", "heading": "Six pillars holding up every consultation.", "subheading": "Access, affordability, continuity, integration, safety, quality — the standards that make digital healthcare actually work."}	t
bb613f0c-1739-49d5-861b-88961abbc86b	2026-05-24 15:58:52.397788+00	2026-05-24 15:58:52.397788+00	\N	1557c8ef-c6bf-4739-ae63-092490fe7e91	specialties_grid	7	{"eyebrow": "Departments", "heading": "Care for every stage of life.", "subheading": "Pick a department to see the specialists, packages, and entry points available right now."}	t
364b74f7-a6e3-4d40-b653-48b760d56d0e	2026-05-24 15:58:52.397788+00	2026-05-24 15:58:52.397788+00	\N	1557c8ef-c6bf-4739-ae63-092490fe7e91	featured_doctors	8	{"limit": 8, "eyebrow": "Our Doctors", "heading": "Pakistani roots. Western training. Always on.", "subheading": "Every doctor on the platform is vetted, licensed, and reviewed against UK / EU clinical governance standards."}	t
bb9d71d4-de63-4ad1-9638-a3b9566c3255	2026-05-24 15:58:52.397788+00	2026-05-24 15:58:52.397788+00	\N	1557c8ef-c6bf-4739-ae63-092490fe7e91	packages_pricing	9	{"eyebrow": "Pricing", "heading": "One platform, three ways to pay.", "subheading": "From pay-as-you-go to a full family subscription — pick what fits the year ahead."}	t
cb724dff-b5d1-4008-876b-a14cdf25c95d	2026-05-24 16:45:30.248978+00	2026-05-24 16:45:30.248978+00	\N	1557c8ef-c6bf-4739-ae63-092490fe7e91	ai_showcase	4	{"eyebrow": "Sehat AI · Clinical co-pilot", "heading": "Every consultation is quietly powered by AI.", "features": [{"icon": "Stethoscope", "title": "AI Scribe", "description": "Listens to your consultation and writes the clinical note for you — SOAP-structured, ready to sign in under a minute."}, {"icon": "FileText", "title": "EMR Summariser", "description": "Reduces a decade of records to the 4-bullet brief you actually need before the patient says “Hi, doctor.”"}, {"icon": "ShieldCheck", "title": "Drug-Safety AI", "description": "Cross-checks every prescription against allergies, interactions, and dosing in real time — flags before you click Send."}, {"icon": "Workflow", "title": "Smart Triage", "description": "Asks the right pre-consult questions, routes to the right specialty, and books the right slot — without a human queue."}], "subheading": "Sehat Sahoolat builds clinical AI into every step — from the moment a patient describes a symptom to the second a prescription is signed. The result: faster, safer, more thorough care for you and your family."}	t
5d0658b8-c836-437c-b5ff-876beec3d002	2026-05-24 17:11:39.658997+00	2026-05-24 17:11:39.658997+00	\N	1557c8ef-c6bf-4739-ae63-092490fe7e91	emr_showcase	5	{"eyebrow": "Pakistan's first detailed EMR · on every phone", "heading": "A record so complete, every Pakistani family deserves one.", "subheading": "Most apps store a few notes. Sehat Sahoolat builds a true longitudinal Electronic Medical Record — every condition, every prescription, every vital sign — that follows your family for life. No one else in Pakistan does this."}	t
0c84e976-88c4-488f-8fff-32b3f19df9aa	2026-05-24 17:11:39.658997+00	2026-05-24 17:11:39.658997+00	\N	1557c8ef-c6bf-4739-ae63-092490fe7e91	patient_journey	6	{"eyebrow": "The patient journey", "heading": "From symptom to signed prescription — in one afternoon.", "subheading": "No phone trees, no taxi rides, no juggling paper records. Six taps, six minutes per step, and your whole family is covered for life."}	t
0b56c5bc-2e67-4148-9b9c-1e6d5fd1cb62	2026-05-24 15:58:52.397788+00	2026-05-24 15:58:52.397788+00	\N	1557c8ef-c6bf-4739-ae63-092490fe7e91	testimonials	10	{"eyebrow": "Patient stories", "heading": "Care that travels with you."}	t
6ddd3d4b-00d9-4747-ae92-1acd303781df	2026-05-24 15:58:52.397788+00	2026-05-24 15:58:52.397788+00	\N	1557c8ef-c6bf-4739-ae63-092490fe7e91	faq	11	{"limit": 6, "eyebrow": "FAQ", "heading": "The most common questions, answered.", "category": "patient"}	t
dfb37b53-5acb-441b-87ff-f55e8abc6dd2	2026-05-24 15:58:52.397788+00	2026-05-24 15:58:52.397788+00	\N	1557c8ef-c6bf-4739-ae63-092490fe7e91	cta_band	12	{"headline": "Your virtual hospital is open right now.", "primaryCta": {"href": "/signup", "label": "Create your account"}, "subheadline": "Register in 4 minutes and book your first consult in under an hour.", "secondaryCta": {"href": "/contact", "label": "Talk to us"}}	t
770cd4ae-5864-4153-90b6-2b8e2f13696b	2026-05-24 17:19:23.088055+00	2026-05-24 17:19:23.088055+00	\N	1557c8ef-c6bf-4739-ae63-092490fe7e91	problem_solution	2	{"eyebrow": "Why Sehat Sahoolat exists", "heading": "Pakistan’s healthcare gap — and how we close it.", "subheading": "Most Pakistanis pay too much, wait too long, and still don’t get the specialist they actually need. Sehat Sahoolat was built to fix every line of that sentence — for the whole family, not just one paying user."}	t
\.


ALTER TABLE public.cms_sections ENABLE TRIGGER ALL;

--
-- Data for Name: cms_testimonials; Type: TABLE DATA; Schema: public; Owner: -
--

ALTER TABLE public.cms_testimonials DISABLE TRIGGER ALL;

COPY public.cms_testimonials (id, created_at, updated_at, deleted_at, quote, author, role, photo_url, rating, "order", is_published) FROM stdin;
a287b400-e354-4a0c-a689-b97c9cef1121	2026-05-24 15:58:52.397788+00	2026-05-24 15:58:52.397788+00	\N	Booking a specialist from another country at midnight, getting a clear plan, and having my records on my phone the next morning — this is what virtual healthcare should feel like.	Ayesha R.	Lahore · Subscription member	\N	5	0	t
7b8e6251-1325-4daa-9fd8-855920bea5c8	2026-05-24 15:58:52.397788+00	2026-05-24 15:58:52.397788+00	\N	My father lives in Karachi and I’m in Manchester. Sehat Sahoolat lets us share one record and one doctor for the whole family. Worth every paisa.	Bilal H.	Manchester, UK	\N	5	1	t
b63893fd-7e6f-403e-9519-8ef4ad694260	2026-05-24 15:58:52.397788+00	2026-05-24 15:58:52.397788+00	\N	Western-trained Pakistani doctors who actually listen. The cross-referrals saved us from running between three different hospitals.	Sara K.	Islamabad · PAYG patient	\N	5	2	t
\.


ALTER TABLE public.cms_testimonials ENABLE TRIGGER ALL;

--
-- Data for Name: complaints; Type: TABLE DATA; Schema: public; Owner: -
--

ALTER TABLE public.complaints DISABLE TRIGGER ALL;

COPY public.complaints (id, created_at, updated_at, deleted_at, raised_by_user_id, category, severity, subject, body, status, assigned_to_user_id, appointment_id) FROM stdin;
\.


ALTER TABLE public.complaints ENABLE TRIGGER ALL;

--
-- Data for Name: complaint_messages; Type: TABLE DATA; Schema: public; Owner: -
--

ALTER TABLE public.complaint_messages DISABLE TRIGGER ALL;

COPY public.complaint_messages (id, created_at, complaint_id, author_user_id, is_internal, body) FROM stdin;
\.


ALTER TABLE public.complaint_messages ENABLE TRIGGER ALL;

--
-- Data for Name: consultation_notes; Type: TABLE DATA; Schema: public; Owner: -
--

ALTER TABLE public.consultation_notes DISABLE TRIGGER ALL;

COPY public.consultation_notes (id, created_at, updated_at, deleted_at, appointment_id, subjective, objective, assessment, plan, follow_up_date, signed_at, transcription_text, raw_transcript) FROM stdin;
9fb6b2a6-a0e5-4b76-8148-bb78a3f6920f	2026-05-23 19:19:46.939247	2026-05-23 19:19:46.939247	\N	449b6c45-2044-4923-b356-535dcb3394a7	Patient reports chest pain		Awaiting ECG		\N	\N	\N	\N
3f58096b-ca75-4da4-b72b-65cf5b451aa6	2026-05-24 10:38:37.473645	2026-05-24 10:46:03.398795	\N	06bbfb0b-5901-4b32-9719-80cc88d78b38	Mild chest pain, worse on exertion.		ADMIN CORRECTION: stable angina (typo fixed).	Aspirin 81mg + ECG.	\N	2026-05-24 10:39:30.317+00	\N	\N
\.


ALTER TABLE public.consultation_notes ENABLE TRIGGER ALL;

--
-- Data for Name: copilot_interactions; Type: TABLE DATA; Schema: public; Owner: -
--

ALTER TABLE public.copilot_interactions DISABLE TRIGGER ALL;

COPY public.copilot_interactions (id, created_at, updated_at, deleted_at, doctor_user_id, appointment_id, patient_id, feature, input_digest_sha256, response_json, tokens_used_input, tokens_used_output, model_version) FROM stdin;
\.


ALTER TABLE public.copilot_interactions ENABLE TRIGGER ALL;

--
-- Data for Name: doctor_earnings; Type: TABLE DATA; Schema: public; Owner: -
--

ALTER TABLE public.doctor_earnings DISABLE TRIGGER ALL;

COPY public.doctor_earnings (id, created_at, doctor_user_id, appointment_id, amount_minor, currency, status, payout_batch_id, notes) FROM stdin;
dd88ba6d-8da7-4f7b-9d35-56cba2adbce8	2026-05-24 10:38:37.822644+00	7a297ce7-9f3b-4f96-ad3a-a8385d6e059f	06bbfb0b-5901-4b32-9719-80cc88d78b38	175000	PKR	pending	\N	\N
\.


ALTER TABLE public.doctor_earnings ENABLE TRIGGER ALL;

--
-- Data for Name: doctor_licenses; Type: TABLE DATA; Schema: public; Owner: -
--

ALTER TABLE public.doctor_licenses DISABLE TRIGGER ALL;

COPY public.doctor_licenses (id, created_at, updated_at, deleted_at, doctor_id, license_number, issuing_body, country, valid_from, valid_until, document_url, verified) FROM stdin;
\.


ALTER TABLE public.doctor_licenses ENABLE TRIGGER ALL;

--
-- Data for Name: doctor_qualifications; Type: TABLE DATA; Schema: public; Owner: -
--

ALTER TABLE public.doctor_qualifications DISABLE TRIGGER ALL;

COPY public.doctor_qualifications (id, created_at, updated_at, deleted_at, doctor_id, degree, institution, year, country, document_url) FROM stdin;
7a6562ac-b620-41b7-8607-57a684cefa09	2026-05-23 03:32:39.738239	2026-05-23 03:32:39.738239	\N	cf977921-50f6-4e3b-875b-0d73da7d2755	MBBS	Aga Khan University	2011	PK	\N
4aa2ab03-d422-49c6-a4e7-e204c8d376b5	2026-05-23 03:32:39.738239	2026-05-23 03:32:39.738239	\N	cf977921-50f6-4e3b-875b-0d73da7d2755	MRCP (UK)	Royal College of Physicians	2016	UK	\N
8eb6dd0f-da48-478a-9030-d1ad9d793fb4	2026-05-23 03:32:39.738239	2026-05-23 03:32:39.738239	\N	cf977921-50f6-4e3b-875b-0d73da7d2755	Fellowship in Interventional Cardiology	Imperial College London	2019	UK	\N
\.


ALTER TABLE public.doctor_qualifications ENABLE TRIGGER ALL;

--
-- Data for Name: doctor_schedules; Type: TABLE DATA; Schema: public; Owner: -
--

ALTER TABLE public.doctor_schedules DISABLE TRIGGER ALL;

COPY public.doctor_schedules (id, created_at, updated_at, deleted_at, doctor_id, day_of_week, start_time, end_time, timezone, is_active) FROM stdin;
1f87ca43-98c0-4006-8641-8b7d8cc546a0	2026-05-22 18:17:57.861738	2026-05-22 18:17:57.861738	\N	119bd48d-1682-46da-a6c6-fc43b8955f68	1	09:00:00	17:00:00	Asia/Karachi	t
f02bc5e0-b6d4-4440-b8f4-b8e0414f28b5	2026-05-22 18:17:57.861738	2026-05-22 18:17:57.861738	\N	119bd48d-1682-46da-a6c6-fc43b8955f68	2	09:00:00	17:00:00	Asia/Karachi	t
f9776978-c24a-4829-89d6-cd0462ab62f8	2026-05-22 18:17:57.861738	2026-05-22 18:17:57.861738	\N	119bd48d-1682-46da-a6c6-fc43b8955f68	3	09:00:00	17:00:00	Asia/Karachi	t
eeb6e0a3-e011-4c2a-9882-bcb14cb2c9aa	2026-05-22 18:17:57.861738	2026-05-22 18:17:57.861738	\N	119bd48d-1682-46da-a6c6-fc43b8955f68	4	09:00:00	17:00:00	Asia/Karachi	t
7e0daef2-ca7d-4fd5-aed7-4a95e2809e26	2026-05-22 18:17:57.861738	2026-05-22 18:17:57.861738	\N	119bd48d-1682-46da-a6c6-fc43b8955f68	5	09:00:00	17:00:00	Asia/Karachi	t
ca96e39e-7b08-418c-be46-988f670e0d08	2026-05-23 17:57:05.064808	2026-05-23 17:57:05.064808	\N	cf977921-50f6-4e3b-875b-0d73da7d2755	1	09:30:00	10:30:00	Asia/Karachi	t
23445ab3-c15c-470f-9f6e-d785132b713d	2026-05-23 17:57:05.064808	2026-05-23 17:57:05.064808	\N	cf977921-50f6-4e3b-875b-0d73da7d2755	1	11:00:00	12:00:00	Asia/Karachi	t
942b0068-5381-4099-8920-260d298d0831	2026-05-23 17:57:05.064808	2026-05-23 17:57:05.064808	\N	cf977921-50f6-4e3b-875b-0d73da7d2755	1	12:30:00	17:00:00	Asia/Karachi	t
5cd317b4-5e81-4e9b-8c66-bf9eaad1c690	2026-05-23 17:57:05.064808	2026-05-23 17:57:05.064808	\N	cf977921-50f6-4e3b-875b-0d73da7d2755	2	09:00:00	11:00:00	Asia/Karachi	t
3463fcc7-5a74-4e89-b4b3-e177bd7e961f	2026-05-23 17:57:05.064808	2026-05-23 17:57:05.064808	\N	cf977921-50f6-4e3b-875b-0d73da7d2755	2	12:00:00	13:00:00	Asia/Karachi	t
85e3ab69-b3bf-4811-be83-bfa77d7a2d43	2026-05-23 17:57:05.064808	2026-05-23 17:57:05.064808	\N	cf977921-50f6-4e3b-875b-0d73da7d2755	2	13:30:00	14:00:00	Asia/Karachi	t
2e83d2f5-2462-4014-9d9e-0213b32e525e	2026-05-23 17:57:05.064808	2026-05-23 17:57:05.064808	\N	cf977921-50f6-4e3b-875b-0d73da7d2755	2	14:30:00	16:00:00	Asia/Karachi	t
66d6fa7f-8253-4d4d-ba70-1641224a76fb	2026-05-23 17:57:05.064808	2026-05-23 17:57:05.064808	\N	cf977921-50f6-4e3b-875b-0d73da7d2755	2	16:30:00	17:00:00	Asia/Karachi	t
86bd6467-4d94-447a-875c-be9248d16345	2026-05-23 17:57:05.064808	2026-05-23 17:57:05.064808	\N	cf977921-50f6-4e3b-875b-0d73da7d2755	3	09:00:00	11:30:00	Asia/Karachi	t
4db56543-31d0-4fcb-8118-f86f1b6a1f35	2026-05-23 17:57:05.064808	2026-05-23 17:57:05.064808	\N	cf977921-50f6-4e3b-875b-0d73da7d2755	3	12:30:00	14:00:00	Asia/Karachi	t
662650d8-4e09-4717-9bbd-060a10ab64b7	2026-05-23 17:57:05.064808	2026-05-23 17:57:05.064808	\N	cf977921-50f6-4e3b-875b-0d73da7d2755	3	14:30:00	17:00:00	Asia/Karachi	t
afb6ae74-1394-4e20-8feb-ace02241665a	2026-05-23 17:57:05.064808	2026-05-23 17:57:05.064808	\N	cf977921-50f6-4e3b-875b-0d73da7d2755	4	09:00:00	10:30:00	Asia/Karachi	t
118a9531-6f40-4850-b726-122e07df5404	2026-05-23 17:57:05.064808	2026-05-23 17:57:05.064808	\N	cf977921-50f6-4e3b-875b-0d73da7d2755	4	11:00:00	12:00:00	Asia/Karachi	t
616a9aa6-e30e-4e38-9b83-7e471f7f28b9	2026-05-23 17:57:05.064808	2026-05-23 17:57:05.064808	\N	cf977921-50f6-4e3b-875b-0d73da7d2755	4	12:30:00	13:00:00	Asia/Karachi	t
7ccc6687-f376-4334-b5dc-6e46debf7262	2026-05-23 17:57:05.064808	2026-05-23 17:57:05.064808	\N	cf977921-50f6-4e3b-875b-0d73da7d2755	4	13:30:00	15:00:00	Asia/Karachi	t
f0e09cfd-62df-4f1b-8b34-b46200922c2c	2026-05-23 17:57:05.064808	2026-05-23 17:57:05.064808	\N	cf977921-50f6-4e3b-875b-0d73da7d2755	4	16:00:00	17:00:00	Asia/Karachi	t
5a265d0c-e7c6-4dd5-a9c4-a024326b8e78	2026-05-23 17:57:05.064808	2026-05-23 17:57:05.064808	\N	cf977921-50f6-4e3b-875b-0d73da7d2755	5	09:00:00	12:00:00	Asia/Karachi	t
ed435a52-c4ce-4527-a3ed-d2012dab61a2	2026-05-23 17:57:05.064808	2026-05-23 17:57:05.064808	\N	cf977921-50f6-4e3b-875b-0d73da7d2755	5	12:30:00	13:30:00	Asia/Karachi	t
50c021e1-8e91-4f8a-934c-195ee6d412fd	2026-05-23 17:57:05.064808	2026-05-23 17:57:05.064808	\N	cf977921-50f6-4e3b-875b-0d73da7d2755	5	14:30:00	17:00:00	Asia/Karachi	t
\.


ALTER TABLE public.doctor_schedules ENABLE TRIGGER ALL;

--
-- Data for Name: doctor_specialties; Type: TABLE DATA; Schema: public; Owner: -
--

ALTER TABLE public.doctor_specialties DISABLE TRIGGER ALL;

COPY public.doctor_specialties (id, created_at, updated_at, deleted_at, doctor_id, specialty_name, is_primary) FROM stdin;
a1e5511f-b4d1-4030-90b7-030efd470b29	2026-05-22 18:17:57.861738	2026-05-22 18:17:57.861738	\N	cf977921-50f6-4e3b-875b-0d73da7d2755	cardiology	t
abca0655-f424-499b-9057-f6e15214fc59	2026-05-22 18:17:57.861738	2026-05-22 18:17:57.861738	\N	119bd48d-1682-46da-a6c6-fc43b8955f68	dermatology	t
\.


ALTER TABLE public.doctor_specialties ENABLE TRIGGER ALL;

--
-- Data for Name: doctor_verification_audits; Type: TABLE DATA; Schema: public; Owner: -
--

ALTER TABLE public.doctor_verification_audits DISABLE TRIGGER ALL;

COPY public.doctor_verification_audits (id, doctor_id, actor_id, item_key, from_status, to_status, note, created_at) FROM stdin;
5b93f9be-e931-4c4b-ab7f-6660caf1bd7a	cf977921-50f6-4e3b-875b-0d73da7d2755	a4b085b6-338d-4b31-96b6-cb88bb64210e	cv	pending	verified		2026-05-23 13:06:59.649782+00
961978fb-dad5-4e2d-b345-7e40f5440f35	cf977921-50f6-4e3b-875b-0d73da7d2755	a4b085b6-338d-4b31-96b6-cb88bb64210e	cv	verified	verified		2026-05-23 13:07:26.491897+00
bbdced77-c737-48e1-9794-a7888324b93f	cf977921-50f6-4e3b-875b-0d73da7d2755	a4b085b6-338d-4b31-96b6-cb88bb64210e	medical_degree	pending	verified		2026-05-23 13:07:39.466491+00
03875bfc-2e4d-42d5-bfdf-2dedf96a6ddd	cf977921-50f6-4e3b-875b-0d73da7d2755	a4b085b6-338d-4b31-96b6-cb88bb64210e	pmc_license	pending	verified		2026-05-23 13:07:40.4676+00
0f93a508-6981-4354-ae90-2cb04a256b03	cf977921-50f6-4e3b-875b-0d73da7d2755	a4b085b6-338d-4b31-96b6-cb88bb64210e	cnic	pending	verified		2026-05-23 13:07:41.594552+00
237b57ed-14e1-41b5-8b1a-cd25d90ffd12	cf977921-50f6-4e3b-875b-0d73da7d2755	a4b085b6-338d-4b31-96b6-cb88bb64210e	police_clearance	pending	verified		2026-05-23 13:07:42.71828+00
597a1276-c32f-4de3-9491-9bbf5c81e26f	cf977921-50f6-4e3b-875b-0d73da7d2755	a4b085b6-338d-4b31-96b6-cb88bb64210e	cv	pending	verified	auto-verified for e2e test	2026-05-24 06:06:16.929811+00
3bb9e642-963f-4bcf-bcf4-0df49ccfa657	cf977921-50f6-4e3b-875b-0d73da7d2755	a4b085b6-338d-4b31-96b6-cb88bb64210e	medical_degree	pending	verified	auto-verified for e2e test	2026-05-24 06:06:16.972204+00
631e8175-47e5-4f36-8043-48a7d962c653	cf977921-50f6-4e3b-875b-0d73da7d2755	a4b085b6-338d-4b31-96b6-cb88bb64210e	pmc_license	pending	verified	auto-verified for e2e test	2026-05-24 06:06:17.005235+00
123453e5-2cb6-403c-98d4-2ec7e37e23ae	cf977921-50f6-4e3b-875b-0d73da7d2755	a4b085b6-338d-4b31-96b6-cb88bb64210e	cnic	pending	verified	auto-verified for e2e test	2026-05-24 06:06:17.046009+00
344a5f52-de7b-4f8a-bd35-df6f9c0eae6b	cf977921-50f6-4e3b-875b-0d73da7d2755	a4b085b6-338d-4b31-96b6-cb88bb64210e	police_clearance	pending	verified	auto-verified for e2e test	2026-05-24 06:06:17.081738+00
0a622358-8a5e-400f-8a2e-6bfe75329b3e	cf977921-50f6-4e3b-875b-0d73da7d2755	a4b085b6-338d-4b31-96b6-cb88bb64210e	references	verified	failed		2026-05-24 12:47:15.163964+00
b4eea1a8-bf4e-4df5-8690-5b31f20da7a1	cf977921-50f6-4e3b-875b-0d73da7d2755	a4b085b6-338d-4b31-96b6-cb88bb64210e	cv	pending	verified	\N	2026-05-24 12:59:58.761527+00
e4b7b9de-6f90-4abb-aa96-4f480e53e7c1	cf977921-50f6-4e3b-875b-0d73da7d2755	a4b085b6-338d-4b31-96b6-cb88bb64210e	cnic	pending	failed	CNIC photo is too blurry to read.	2026-05-24 12:59:58.798949+00
f2bf1c23-1262-403f-820b-adac1650afc4	cf977921-50f6-4e3b-875b-0d73da7d2755	a4b085b6-338d-4b31-96b6-cb88bb64210e	cv	pending	verified	ok	2026-05-24 13:00:54.172473+00
72f383af-3d4c-4745-8abc-133696f1d93f	cf977921-50f6-4e3b-875b-0d73da7d2755	a4b085b6-338d-4b31-96b6-cb88bb64210e	medical_degree	pending	verified	ok	2026-05-24 13:01:01.180653+00
f2453156-234e-4303-8a59-462b0898844e	cf977921-50f6-4e3b-875b-0d73da7d2755	a4b085b6-338d-4b31-96b6-cb88bb64210e	pmc_license	pending	verified	ok	2026-05-24 13:01:14.713073+00
c3af4cb9-317e-4a46-914f-4142ed0ee8f6	cf977921-50f6-4e3b-875b-0d73da7d2755	a4b085b6-338d-4b31-96b6-cb88bb64210e	cnic	pending	verified	ok	2026-05-24 13:01:15.816317+00
6f3ec44f-759e-4c36-be0a-a31e31f08340	cf977921-50f6-4e3b-875b-0d73da7d2755	a4b085b6-338d-4b31-96b6-cb88bb64210e	police_clearance	pending	verified		2026-05-24 13:01:18.262874+00
5987e99d-f107-4aae-8358-7d4836fd5bd6	cf977921-50f6-4e3b-875b-0d73da7d2755	a4b085b6-338d-4b31-96b6-cb88bb64210e	specialty_cert	pending	verified		2026-05-24 13:01:19.916059+00
833cd642-b20b-4459-982a-542d4bd16efe	cf977921-50f6-4e3b-875b-0d73da7d2755	a4b085b6-338d-4b31-96b6-cb88bb64210e	references	pending	verified		2026-05-24 13:01:21.793214+00
acd72d2e-38be-48f2-9338-1e5ad1064435	cf977921-50f6-4e3b-875b-0d73da7d2755	a4b085b6-338d-4b31-96b6-cb88bb64210e	references	verified	failed		2026-05-24 13:01:31.675379+00
a5052249-4c7d-4d6e-b5a9-cf0db77660c9	cf977921-50f6-4e3b-875b-0d73da7d2755	a4b085b6-338d-4b31-96b6-cb88bb64210e	references	failed	verified		2026-05-24 13:01:39.270193+00
\.


ALTER TABLE public.doctor_verification_audits ENABLE TRIGGER ALL;

--
-- Data for Name: doctor_verification_checklist_items; Type: TABLE DATA; Schema: public; Owner: -
--

ALTER TABLE public.doctor_verification_checklist_items DISABLE TRIGGER ALL;

COPY public.doctor_verification_checklist_items (id, created_at, updated_at, deleted_at, doctor_id, item_key, required, status, document_url, notes, verified_by, verified_at) FROM stdin;
83f63100-cfb0-41ad-9af4-7c675657809a	2026-05-23 12:46:57.360987+00	2026-05-23 12:46:57.360987+00	\N	119bd48d-1682-46da-a6c6-fc43b8955f68	cv	t	pending	\N	\N	\N	\N
09beb001-a9ec-4958-a2d0-733572498e51	2026-05-23 12:46:57.360987+00	2026-05-23 12:46:57.360987+00	\N	119bd48d-1682-46da-a6c6-fc43b8955f68	medical_degree	t	pending	\N	\N	\N	\N
e019640d-92b3-4350-95a7-f3aedd8b539c	2026-05-23 12:46:57.360987+00	2026-05-23 12:46:57.360987+00	\N	119bd48d-1682-46da-a6c6-fc43b8955f68	pmc_license	t	pending	\N	\N	\N	\N
e0e6d702-e36a-49d3-9cef-2f75979d6829	2026-05-23 12:46:57.360987+00	2026-05-23 12:46:57.360987+00	\N	119bd48d-1682-46da-a6c6-fc43b8955f68	cnic	t	pending	\N	\N	\N	\N
66777d40-591f-41a4-9290-c6f31dc2e2bf	2026-05-23 12:46:57.360987+00	2026-05-23 12:46:57.360987+00	\N	119bd48d-1682-46da-a6c6-fc43b8955f68	police_clearance	t	pending	\N	\N	\N	\N
5cc17db0-14fc-4051-b4e8-ab452dcb8d6a	2026-05-23 12:46:57.360987+00	2026-05-23 12:46:57.360987+00	\N	119bd48d-1682-46da-a6c6-fc43b8955f68	specialty_cert	f	pending	\N	\N	\N	\N
95c09955-71fb-4297-a977-74780347fe04	2026-05-23 12:46:57.360987+00	2026-05-23 12:46:57.360987+00	\N	119bd48d-1682-46da-a6c6-fc43b8955f68	references	f	pending	\N	\N	\N	\N
8f8a9f66-41bd-4b67-9bc8-be4cc333d371	2026-05-24 06:03:36.935244+00	2026-05-24 13:00:54.168111+00	\N	cf977921-50f6-4e3b-875b-0d73da7d2755	cv	t	verified	/api/v2/uploads/7a297ce7-9f3b-4f96-ad3a-a8385d6e059f/97b47f2c-3373-4de4-a776-a038206f2abc.pdf	ok	a4b085b6-338d-4b31-96b6-cb88bb64210e	2026-05-24 13:00:54.166+00
71253e2f-4f78-454d-9e75-c29dbca5486f	2026-05-24 06:03:36.935244+00	2026-05-24 13:01:01.17584+00	\N	cf977921-50f6-4e3b-875b-0d73da7d2755	medical_degree	t	verified	/api/v2/uploads/7a297ce7-9f3b-4f96-ad3a-a8385d6e059f/645d3c11-6ee7-4955-bab2-b7a505f282db.pdf	ok	a4b085b6-338d-4b31-96b6-cb88bb64210e	2026-05-24 13:01:01.176+00
f958047b-73a2-48ce-a141-d33ee9b283ab	2026-05-24 06:03:36.935244+00	2026-05-24 13:01:14.709442+00	\N	cf977921-50f6-4e3b-875b-0d73da7d2755	pmc_license	t	verified	/api/v2/uploads/7a297ce7-9f3b-4f96-ad3a-a8385d6e059f/68182465-c4fe-469f-bdae-4053cebb468c.pdf	ok	a4b085b6-338d-4b31-96b6-cb88bb64210e	2026-05-24 13:01:14.711+00
c0829546-a24b-4b24-8f3a-edeb2b1c602b	2026-05-24 06:03:36.935244+00	2026-05-24 13:01:15.811071+00	\N	cf977921-50f6-4e3b-875b-0d73da7d2755	cnic	t	verified	/api/v2/uploads/7a297ce7-9f3b-4f96-ad3a-a8385d6e059f/4c2cbcd7-dd43-4bad-a76f-8fc86653939d.pdf	ok	a4b085b6-338d-4b31-96b6-cb88bb64210e	2026-05-24 13:01:15.812+00
3060ce57-89d7-4622-8b49-d3ffc18b709a	2026-05-24 06:03:36.935244+00	2026-05-24 13:01:18.258948+00	\N	cf977921-50f6-4e3b-875b-0d73da7d2755	police_clearance	t	verified	/api/v2/uploads/7a297ce7-9f3b-4f96-ad3a-a8385d6e059f/15b3f07c-cbba-479b-8dc2-fb253e495dc5.pdf		a4b085b6-338d-4b31-96b6-cb88bb64210e	2026-05-24 13:01:18.26+00
4deaf75d-b35b-4e6e-95c5-461fc0ea9119	2026-05-24 06:03:36.935244+00	2026-05-24 13:01:19.912757+00	\N	cf977921-50f6-4e3b-875b-0d73da7d2755	specialty_cert	f	verified	\N		a4b085b6-338d-4b31-96b6-cb88bb64210e	2026-05-24 13:01:19.914+00
f9ea244d-f1db-4562-8e3b-7cbd61ef2b3f	2026-05-24 06:03:36.935244+00	2026-05-24 13:01:39.266739+00	\N	cf977921-50f6-4e3b-875b-0d73da7d2755	references	f	verified	\N		a4b085b6-338d-4b31-96b6-cb88bb64210e	2026-05-24 13:01:39.266+00
\.


ALTER TABLE public.doctor_verification_checklist_items ENABLE TRIGGER ALL;

--
-- Data for Name: family_accounts; Type: TABLE DATA; Schema: public; Owner: -
--

ALTER TABLE public.family_accounts DISABLE TRIGGER ALL;

COPY public.family_accounts (id, created_at, updated_at, deleted_at, owner_user_id, plan_type) FROM stdin;
00374727-9b42-414d-8da7-0539e3dd030a	2026-05-24 05:07:23.085337	2026-05-24 05:07:23.085337	\N	56f01b93-22bb-4659-96c2-e36c507cda3e	family
\.


ALTER TABLE public.family_accounts ENABLE TRIGGER ALL;

--
-- Data for Name: patients; Type: TABLE DATA; Schema: public; Owner: -
--

ALTER TABLE public.patients DISABLE TRIGGER ALL;

COPY public.patients (id, created_at, updated_at, deleted_at, user_id, family_account_id, cnic, emergency_contact_name, emergency_contact_phone, guardian_user_id, emr_status) FROM stdin;
d57ec55b-0e9c-4314-993b-1c3209b9d5d8	2026-05-22 18:17:57.861738	2026-05-22 18:17:57.861738	\N	2cc36da5-bdbc-4f01-bae3-04083cdcbc03	\N	\N	\N	\N	\N	not_started
08e6b425-8e6a-4ff6-a5fb-6d799c4a527e	2026-05-22 18:17:57.861738	2026-05-22 18:17:57.861738	\N	c3ace3ce-3623-4c28-8280-b3cdd6c8194c	\N	\N	\N	\N	\N	not_started
430dfd13-f919-467c-922e-1c1d01bcf26c	2026-05-23 11:24:54.048241	2026-05-23 11:25:06.071416	\N	9b296dd2-6151-44f1-af08-01eb169bb42b	\N	12345-1234567-1	\N	\N	\N	in_progress
a34d599c-1076-46d6-b389-d1fc3c9059fb	2026-05-23 17:58:38.739398	2026-05-23 17:59:28.224399	\N	319ab2cc-f54b-44ea-99a1-37e5f6c0a79f	\N	\N	\N	\N	\N	completed
ff55cc4a-6dfd-4c7c-9cd4-51b4d3659b9f	2026-05-22 18:17:57.861738	2026-05-24 04:51:29.775303	\N	56f01b93-22bb-4659-96c2-e36c507cda3e	\N	\N	\N	\N	\N	completed
\.


ALTER TABLE public.patients ENABLE TRIGGER ALL;

--
-- Data for Name: emr_records; Type: TABLE DATA; Schema: public; Owner: -
--

ALTER TABLE public.emr_records DISABLE TRIGGER ALL;

COPY public.emr_records (id, created_at, updated_at, deleted_at, patient_id, status, current_section, completed_sections) FROM stdin;
ccaceda6-ac6a-47b7-a596-65b4d6a9ec74	2026-05-22 18:17:57.861738	2026-05-22 18:17:57.861738	\N	d57ec55b-0e9c-4314-993b-1c3209b9d5d8	in_progress	\N	{}
29beeb29-f07d-4f11-9d9e-eaf416b8381e	2026-05-22 18:17:57.861738	2026-05-22 18:17:57.861738	\N	08e6b425-8e6a-4ff6-a5fb-6d799c4a527e	in_progress	\N	{}
352bbd86-7052-433f-ac49-8e6896baa50c	2026-05-23 11:25:06.067405	2026-05-23 11:25:06.067405	\N	430dfd13-f919-467c-922e-1c1d01bcf26c	draft	demographics	{}
528d47ca-4c8e-421b-bfd2-51d695daf43a	2026-05-23 17:58:38.826527	2026-05-23 17:59:28.220236	\N	a34d599c-1076-46d6-b389-d1fc3c9059fb	completed	\N	{demographics,lifestyle,allergies,immunizations,conditions,medications,family_history}
df0b5414-877e-4fae-9343-ca26de903441	2026-05-22 18:17:57.861738	2026-05-24 04:51:29.76067	\N	ff55cc4a-6dfd-4c7c-9cd4-51b4d3659b9f	completed	\N	{demographics,lifestyle,allergies,immunizations,conditions,medications,family_history}
\.


ALTER TABLE public.emr_records ENABLE TRIGGER ALL;

--
-- Data for Name: emr_allergies; Type: TABLE DATA; Schema: public; Owner: -
--

ALTER TABLE public.emr_allergies DISABLE TRIGGER ALL;

COPY public.emr_allergies (id, created_at, updated_at, deleted_at, emr_id, allergen, severity, reaction, treatment) FROM stdin;
0aef235f-52a0-4d57-aefb-8dfd7a48b8ab	2026-05-23 17:59:28.010277	2026-05-23 17:59:28.010277	\N	528d47ca-4c8e-421b-bfd2-51d695daf43a	Penicillin	severe	Full-body hives, throat tightening	Carry antihistamine; emergency care needed
00bec5c2-026f-4c74-bc6a-6c0e067d62ed	2026-05-23 17:59:28.010277	2026-05-23 17:59:28.010277	\N	528d47ca-4c8e-421b-bfd2-51d695daf43a	Peanuts	moderate	Itchy mouth and lips	Avoid; antihistamine if exposed
1fd916a5-fc5d-4f57-9fe7-f59fb24bee76	2026-05-24 04:50:09.887896	2026-05-24 04:50:09.887896	\N	df0b5414-877e-4fae-9343-ca26de903441	Soy	moderate	ddf	dfsd
05d74ebb-3896-4c84-89b6-3fa74bee8648	2026-05-24 04:50:09.887896	2026-05-24 04:50:09.887896	\N	df0b5414-877e-4fae-9343-ca26de903441	Pollen	mild	\N	\N
\.


ALTER TABLE public.emr_allergies ENABLE TRIGGER ALL;

--
-- Data for Name: emr_clinical_notes; Type: TABLE DATA; Schema: public; Owner: -
--

ALTER TABLE public.emr_clinical_notes DISABLE TRIGGER ALL;

COPY public.emr_clinical_notes (id, created_at, updated_at, deleted_at, emr_record_id, appointment_id, author_id, author_name, type, title, content, recorded_at, is_approved) FROM stdin;
\.


ALTER TABLE public.emr_clinical_notes ENABLE TRIGGER ALL;

--
-- Data for Name: emr_conditions; Type: TABLE DATA; Schema: public; Owner: -
--

ALTER TABLE public.emr_conditions DISABLE TRIGGER ALL;

COPY public.emr_conditions (id, created_at, updated_at, deleted_at, emr_id, condition_name, icd_code, onset_date, status, notes, category) FROM stdin;
fca11473-9c07-4f59-8d6d-713e101894d9	2026-05-23 17:59:28.080914	2026-05-23 17:59:28.080914	\N	528d47ca-4c8e-421b-bfd2-51d695daf43a	Type 2 Diabetes Mellitus	E11	2024-02-12	chronic	Diagnosed at routine check-up. HbA1c was 8.1% at diagnosis.	physical
6d803f40-8592-477d-9111-4d5530b965ba	2026-05-23 17:59:28.080914	2026-05-23 17:59:28.080914	\N	528d47ca-4c8e-421b-bfd2-51d695daf43a	Hypertension	I10	2024-03-05	chronic	Likely linked to diabetes. Family history strong.	physical
730e520f-0a65-48cc-8ef4-7537d67c4c7b	2026-05-23 17:59:28.080914	2026-05-23 17:59:28.080914	\N	528d47ca-4c8e-421b-bfd2-51d695daf43a	Anxiety Disorder	F41	2024-06-01	active	Generalised anxiety. Managing with breathing exercises.	physical
e8f76d10-f2aa-42c3-9121-84d7b676fe0f	2026-05-24 04:50:31.726947	2026-05-24 04:50:31.726947	\N	df0b5414-877e-4fae-9343-ca26de903441	Chronic Kidney Disease	N18	2026-05-24	active	\N	physical
\.


ALTER TABLE public.emr_conditions ENABLE TRIGGER ALL;

--
-- Data for Name: emr_demographics; Type: TABLE DATA; Schema: public; Owner: -
--

ALTER TABLE public.emr_demographics DISABLE TRIGGER ALL;

COPY public.emr_demographics (id, created_at, updated_at, deleted_at, emr_id, first_name, last_name, gender, date_of_birth, blood_group, marital_status, address, city, state, country, postal_code, phone, identity_doc_type, identity_doc_number, identity_doc_url) FROM stdin;
ae4a67c6-1665-4f4b-8574-74ef156d456e	2026-05-22 18:17:57.861738	2026-05-22 18:17:57.861738	\N	ccaceda6-ac6a-47b7-a596-65b4d6a9ec74	Bilal	Ahmed	male	1988-11-03	\N	\N	\N	\N	\N	\N	\N	\N	\N	\N	\N
403e9fd7-2042-4c89-a312-65af9b161a50	2026-05-22 18:17:57.861738	2026-05-22 18:17:57.861738	\N	29beeb29-f07d-4f11-9d9e-eaf416b8381e	Hira	Qureshi	female	2001-07-22	\N	\N	\N	\N	\N	\N	\N	\N	\N	\N	\N
059bb9bd-d62b-496c-9ae1-a5b25198e699	2026-05-23 17:59:27.90563	2026-05-23 17:59:27.90563	\N	528d47ca-4c8e-421b-bfd2-51d695daf43a	Zara	Ahmed	female	1992-04-18	B+	married	House 12, Street 7, F-8/3	Islamabad	\N	Pakistan	\N	+923001234567	cnic	35202-1234567-1	\N
5e9a6929-09ef-4350-b09f-5131c881c8e5	2026-05-22 18:17:57.861738	2026-05-24 04:48:31.733195	\N	df0b5414-877e-4fae-9343-ca26de903441	sjdasdj	ksjdfhkdh	female	2025-12-10	B+	married	3sdsdc	lahore	\N	Pakistan	\N	+9232344556733	cnic	35201-0909089-0	\N
\.


ALTER TABLE public.emr_demographics ENABLE TRIGGER ALL;

--
-- Data for Name: emr_document_extractions; Type: TABLE DATA; Schema: public; Owner: -
--

ALTER TABLE public.emr_document_extractions DISABLE TRIGGER ALL;

COPY public.emr_document_extractions (id, created_at, updated_at, deleted_at, patient_user_id, document_type, status, original_filename, mime_type, file_size_bytes, storage_path, raw_text, structured_json, confidence, error_message, tokens_used_input, tokens_used_output, model_version) FROM stdin;
\.


ALTER TABLE public.emr_document_extractions ENABLE TRIGGER ALL;

--
-- Data for Name: emr_family_history; Type: TABLE DATA; Schema: public; Owner: -
--

ALTER TABLE public.emr_family_history DISABLE TRIGGER ALL;

COPY public.emr_family_history (id, created_at, updated_at, deleted_at, emr_id, relation, condition_name, age_at_diagnosis, notes) FROM stdin;
e045d5c8-a959-49ff-9edf-852f964ea512	2026-05-23 17:59:28.220236	2026-05-23 17:59:28.220236	\N	528d47ca-4c8e-421b-bfd2-51d695daf43a	mother	Type 2 Diabetes Mellitus	48	On Metformin + Glipizide
4fe0a305-5f4b-40dc-be28-010fcdb88062	2026-05-23 17:59:28.220236	2026-05-23 17:59:28.220236	\N	528d47ca-4c8e-421b-bfd2-51d695daf43a	father	Hypertension	50	Stroke at 62, recovered
57348bb2-ba95-408a-ab7c-8e54855bb1f9	2026-05-23 17:59:28.220236	2026-05-23 17:59:28.220236	\N	528d47ca-4c8e-421b-bfd2-51d695daf43a	father	Coronary Artery Disease	58	Two stents
96535c4d-d352-4d59-900b-0fa884a1f5ee	2026-05-23 17:59:28.220236	2026-05-23 17:59:28.220236	\N	528d47ca-4c8e-421b-bfd2-51d695daf43a	grandparent_maternal	Type 2 Diabetes Mellitus	55	\N
d3b143b9-cb63-4794-9ecc-7acc5da70a3f	2026-05-24 04:51:29.76067	2026-05-24 04:51:29.76067	\N	df0b5414-877e-4fae-9343-ca26de903441	mother	Hypertension	\N	\N
\.


ALTER TABLE public.emr_family_history ENABLE TRIGGER ALL;

--
-- Data for Name: emr_hospitalisations; Type: TABLE DATA; Schema: public; Owner: -
--

ALTER TABLE public.emr_hospitalisations DISABLE TRIGGER ALL;

COPY public.emr_hospitalisations (id, created_at, updated_at, deleted_at, emr_id, hospital, reason, admission_reason, admission_date, discharge_date, attending_doctor, discharge_summary, notes) FROM stdin;
99a52966-ef9f-4182-bf0c-b1a33e07364d	2026-05-24 05:40:13.878465+00	2026-05-24 05:40:13.878465+00	\N	528d47ca-4c8e-421b-bfd2-51d695daf43a	Shifa Intl Hospital	Childbirth / delivery	delivery	2023-11-09	2023-11-12	Dr. Saima Iqbal	Uncomplicated LSCS, healthy newborn, discharged on POD3 with pain control + iron supplementation.	\N
49778620-d0d4-4083-ad03-b6d3c025df8c	2026-05-24 05:40:13.878465+00	2026-05-24 05:40:13.878465+00	\N	528d47ca-4c8e-421b-bfd2-51d695daf43a	PIMS, Islamabad	Dengue fever	emergency	2018-09-04	2018-09-08	Dr. Ahmed Bhatti	\N	Platelets dropped to 35k, recovered with fluids and supportive care.
\.


ALTER TABLE public.emr_hospitalisations ENABLE TRIGGER ALL;

--
-- Data for Name: emr_immunizations; Type: TABLE DATA; Schema: public; Owner: -
--

ALTER TABLE public.emr_immunizations DISABLE TRIGGER ALL;

COPY public.emr_immunizations (id, created_at, updated_at, deleted_at, emr_id, vaccine_name, administered_at, dose_number, provider, notes) FROM stdin;
b0159dc1-bc65-4cf0-8a04-41ddffe93bb6	2026-05-23 17:59:28.052936	2026-05-23 17:59:28.052936	\N	528d47ca-4c8e-421b-bfd2-51d695daf43a	BCG (Tuberculosis)	1992-05-10	1	PIMS, Islamabad	\N
9009e12c-c0eb-4fb2-b261-39808e2b8d87	2026-05-23 17:59:28.052936	2026-05-23 17:59:28.052936	\N	528d47ca-4c8e-421b-bfd2-51d695daf43a	MMR	1993-04-12	1	PIMS, Islamabad	\N
4c21fa5d-2e7b-4faa-952f-2bd82e16fa65	2026-05-23 17:59:28.052936	2026-05-23 17:59:28.052936	\N	528d47ca-4c8e-421b-bfd2-51d695daf43a	Hepatitis B	2010-08-22	3	Shifa Intl Hospital	\N
87481ddd-7dbb-452b-94a9-ef6598de5f54	2026-05-23 17:59:28.052936	2026-05-23 17:59:28.052936	\N	528d47ca-4c8e-421b-bfd2-51d695daf43a	COVID-19	2021-09-14	2	Mass vaccination center, Islamabad	Sinopharm booster on 2022-04-05
f9b3fa94-9fc9-4055-934d-8953b98444eb	2026-05-23 17:59:28.052936	2026-05-23 17:59:28.052936	\N	528d47ca-4c8e-421b-bfd2-51d695daf43a	Influenza (annual)	2025-10-05	1	Shifa Intl Hospital	\N
2eafa197-470a-4fb0-8659-12334ad79e2e	2026-05-24 04:50:18.884787	2026-05-24 04:50:18.884787	\N	df0b5414-877e-4fae-9343-ca26de903441	Rotavirus	\N	\N	\N	\N
\.


ALTER TABLE public.emr_immunizations ENABLE TRIGGER ALL;

--
-- Data for Name: emr_medical_reports; Type: TABLE DATA; Schema: public; Owner: -
--

ALTER TABLE public.emr_medical_reports DISABLE TRIGGER ALL;

COPY public.emr_medical_reports (id, created_at, updated_at, deleted_at, emr_id, title, type, report_date, file_url, file_mime_type, file_size_bytes, notes, sub_type, provider) FROM stdin;
8a819cb7-7c93-4807-8244-76d489e63c99	2026-05-24 05:21:54.583392	2026-05-24 05:21:54.583392	\N	528d47ca-4c8e-421b-bfd2-51d695daf43a	CBC + LFT panel	lab	2024-02-12	\N	\N	\N	Pre-diagnosis baseline	Complete Blood Count (CBC)	Chughtai Lab
67f471d4-0931-4efb-8b56-2fbc3230cc76	2026-05-24 05:22:38.026817	2026-05-24 05:22:38.026817	\N	528d47ca-4c8e-421b-bfd2-51d695daf43a	Chest X-ray after persistent cough	imaging	2025-11-04	\N	\N	\N	Mild bronchial markings, no consolidation	X-ray Chest	Shifa Intl Hospital
3f137f0a-2bf6-4534-aced-f0b821551621	2026-05-24 05:27:17.845948	2026-05-24 05:27:17.845948	\N	528d47ca-4c8e-421b-bfd2-51d695daf43a	COVID vaccination certificate	vaccination_card	2021-09-14	\N	\N	\N	Sinopharm dose 2	COVID vaccination card	Mass vaccination center, Islamabad
\.


ALTER TABLE public.emr_medical_reports ENABLE TRIGGER ALL;

--
-- Data for Name: emr_lab_results; Type: TABLE DATA; Schema: public; Owner: -
--

ALTER TABLE public.emr_lab_results DISABLE TRIGGER ALL;

COPY public.emr_lab_results (id, created_at, updated_at, deleted_at, emr_id, source_report_id, test_name, value, unit, reference_range, flag, measured_at, lab_name, notes) FROM stdin;
7ad72377-38f0-4ce5-8ba2-d01447430882	2026-05-24 05:40:13.905056+00	2026-05-24 05:40:13.905056+00	\N	528d47ca-4c8e-421b-bfd2-51d695daf43a	\N	HbA1c	8.100	%	4.0–5.6	high	2024-02-12	Chughtai Lab	\N
69b0201b-2ad7-4d61-b6c2-5e0903a26f38	2026-05-24 05:40:13.905056+00	2026-05-24 05:40:13.905056+00	\N	528d47ca-4c8e-421b-bfd2-51d695daf43a	\N	HbA1c	7.400	%	4.0–5.6	high	2024-05-20	Chughtai Lab	\N
8c4249ce-c0d2-4829-a09d-ae29d1883db3	2026-05-24 05:40:13.905056+00	2026-05-24 05:40:13.905056+00	\N	528d47ca-4c8e-421b-bfd2-51d695daf43a	\N	HbA1c	6.800	%	4.0–5.6	high	2024-09-14	Chughtai Lab	\N
1b83f308-4e5c-4605-a2f6-e7cc533a01a1	2026-05-24 05:40:13.905056+00	2026-05-24 05:40:13.905056+00	\N	528d47ca-4c8e-421b-bfd2-51d695daf43a	\N	HbA1c	6.300	%	4.0–5.6	high	2025-02-10	Chughtai Lab	Trending down — Metformin working.
73252d56-1572-43b1-b090-5eff6f78dcfd	2026-05-24 05:40:13.905056+00	2026-05-24 05:40:13.905056+00	\N	528d47ca-4c8e-421b-bfd2-51d695daf43a	\N	LDL Cholesterol	162.000	mg/dL	<100	high	2024-04-01	Chughtai Lab	\N
086fcbdc-5047-45a1-a612-459b1138caeb	2026-05-24 05:40:13.905056+00	2026-05-24 05:40:13.905056+00	\N	528d47ca-4c8e-421b-bfd2-51d695daf43a	\N	LDL Cholesterol	118.000	mg/dL	<100	high	2025-02-10	Chughtai Lab	\N
831207fb-e832-4ca7-b169-b75d84e0bcfa	2026-05-24 05:40:13.905056+00	2026-05-24 05:40:13.905056+00	\N	528d47ca-4c8e-421b-bfd2-51d695daf43a	\N	Systolic BP (home)	138.000	mmHg	<120	high	2024-03-05	\N	\N
cae20a65-06a7-45cc-af0e-bd296a769881	2026-05-24 05:40:13.905056+00	2026-05-24 05:40:13.905056+00	\N	528d47ca-4c8e-421b-bfd2-51d695daf43a	\N	Systolic BP (home)	128.000	mmHg	<120	high	2024-08-15	\N	\N
47ba598b-92f6-42d1-80de-c6a89cad7e46	2026-05-24 05:40:13.905056+00	2026-05-24 05:40:13.905056+00	\N	528d47ca-4c8e-421b-bfd2-51d695daf43a	\N	Systolic BP (home)	122.000	mmHg	<120	normal	2025-02-10	\N	\N
\.


ALTER TABLE public.emr_lab_results ENABLE TRIGGER ALL;

--
-- Data for Name: emr_lifestyle; Type: TABLE DATA; Schema: public; Owner: -
--

ALTER TABLE public.emr_lifestyle DISABLE TRIGGER ALL;

COPY public.emr_lifestyle (id, created_at, updated_at, deleted_at, emr_id, height_cm, weight_kg, blood_pressure_systolic, blood_pressure_diastolic, smoking_status, alcohol_frequency, exercise_frequency, diet_notes, mental_health_notes) FROM stdin;
c0f8329a-8875-4b4a-a8a0-bb465f96fe99	2026-05-23 17:59:27.985646	2026-05-23 17:59:27.985646	\N	528d47ca-4c8e-421b-bfd2-51d695daf43a	162.00	74.00	138	86	never	never	light	Mostly vegetarian, low salt. Trying to cut sugar after diabetes diagnosis.	Mild anxiety since 2024 work changes. No therapy yet.
509071ae-0e0f-4da5-890c-292116d9f7da	2026-05-24 04:49:40.76082	2026-05-24 04:49:40.76082	\N	df0b5414-877e-4fae-9343-ca26de903441	177.00	86.00	120	80	former	rarely	sedentary	dddsfdsf	fdsdsfdf
\.


ALTER TABLE public.emr_lifestyle ENABLE TRIGGER ALL;

--
-- Data for Name: emr_medications; Type: TABLE DATA; Schema: public; Owner: -
--

ALTER TABLE public.emr_medications DISABLE TRIGGER ALL;

COPY public.emr_medications (id, created_at, updated_at, deleted_at, emr_id, medication_name, generic_name, dose, frequency, route, start_date, end_date, prescribed_by) FROM stdin;
cbdf43fe-f888-4aca-92ea-67b105f00857	2026-05-23 17:59:28.179318	2026-05-23 17:59:28.179318	\N	528d47ca-4c8e-421b-bfd2-51d695daf43a	Metformin	Metformin HCl	500 mg	Twice daily	Oral	2024-02-15	\N	Dr. Saima Iqbal
749e9ba7-fce8-4e86-9edd-a397e101edd8	2026-05-23 17:59:28.179318	2026-05-23 17:59:28.179318	\N	528d47ca-4c8e-421b-bfd2-51d695daf43a	Losartan	Losartan potassium	50 mg	Once daily	Oral	2024-03-10	\N	Dr. Saima Iqbal
204da116-d334-4420-9e76-798be1c51d2e	2026-05-23 17:59:28.179318	2026-05-23 17:59:28.179318	\N	528d47ca-4c8e-421b-bfd2-51d695daf43a	Atorvastatin	Atorvastatin calcium	10 mg	Once daily	Oral	2024-04-01	\N	Dr. Saima Iqbal
65ce9a15-5347-4621-b2f4-94af96c5d739	2026-05-24 04:51:13.907865	2026-05-24 04:51:13.907865	\N	df0b5414-877e-4fae-9343-ca26de903441	Aspirin	Acetylsalicylic acid	25mg	Three times daily	Oral	2026-05-11	2026-05-19	\N
\.


ALTER TABLE public.emr_medications ENABLE TRIGGER ALL;

--
-- Data for Name: emr_procedures; Type: TABLE DATA; Schema: public; Owner: -
--

ALTER TABLE public.emr_procedures DISABLE TRIGGER ALL;

COPY public.emr_procedures (id, created_at, updated_at, deleted_at, emr_id, procedure_name, procedure_type, performed_at, hospital, performed_by, indication, outcome, notes) FROM stdin;
a0d33205-bfa4-4139-8f54-32271e7c9b31	2026-05-24 05:40:13.842226+00	2026-05-24 05:40:13.842226+00	\N	528d47ca-4c8e-421b-bfd2-51d695daf43a	Wisdom tooth extraction	dental	2019-08-21	Islamabad Dental Hospital	Dr. Faisal Dar	\N	Uneventful recovery	\N
f30b7d73-82fb-4673-a82f-3d0395747fb4	2026-05-24 05:40:13.842226+00	2026-05-24 05:40:13.842226+00	\N	528d47ca-4c8e-421b-bfd2-51d695daf43a	Cesarean section	surgery	2023-11-09	Shifa Intl Hospital	Dr. Saima Iqbal	Breech presentation	Healthy baby boy, no complications	\N
4631b4f3-c4db-45f8-9494-deb82a057a6c	2026-05-24 05:40:13.842226+00	2026-05-24 05:40:13.842226+00	\N	528d47ca-4c8e-421b-bfd2-51d695daf43a	Colonoscopy	diagnostic	2024-05-12	Shifa Intl Hospital	Dr. Asad Mahmood	Routine screening at family request	No polyps; benign	\N
\.


ALTER TABLE public.emr_procedures ENABLE TRIGGER ALL;

--
-- Data for Name: emr_report_files; Type: TABLE DATA; Schema: public; Owner: -
--

ALTER TABLE public.emr_report_files DISABLE TRIGGER ALL;

COPY public.emr_report_files (id, created_at, updated_at, deleted_at, report_id, name, file_url, storage_path, file_mime_type, file_size_bytes) FROM stdin;
6511c440-e7cb-468a-a789-52e54705e8fd	2026-05-24 05:21:54.61227+00	2026-05-24 05:21:54.61227+00	\N	8a819cb7-7c93-4807-8244-76d489e63c99	sample-lab.pdf	uploads/319ab2cc-f54b-44ea-99a1-37e5f6c0a79f/daeae0d3-3f8e-4246-86c8-c391384ec71f.pdf	uploads/319ab2cc-f54b-44ea-99a1-37e5f6c0a79f/daeae0d3-3f8e-4246-86c8-c391384ec71f.pdf	application/pdf	14
58c114cd-4ac8-4c8f-a898-f3e328bee507	2026-05-24 05:21:54.621146+00	2026-05-24 05:21:54.621146+00	\N	8a819cb7-7c93-4807-8244-76d489e63c99	sample-xray.jpg	uploads/319ab2cc-f54b-44ea-99a1-37e5f6c0a79f/754f91bc-de08-49a5-b91d-4b92811f4bad.jpg	uploads/319ab2cc-f54b-44ea-99a1-37e5f6c0a79f/754f91bc-de08-49a5-b91d-4b92811f4bad.jpg	image/jpeg	22
bb23c5a4-99ce-42ec-bbae-c71c8fe8e180	2026-05-24 05:22:38.045972+00	2026-05-24 05:22:38.045972+00	\N	67f471d4-0931-4efb-8b56-2fbc3230cc76	sample-xray.jpg	uploads/319ab2cc-f54b-44ea-99a1-37e5f6c0a79f/fd694eab-83ec-4857-97ac-6eaeba92c959.jpg	uploads/319ab2cc-f54b-44ea-99a1-37e5f6c0a79f/fd694eab-83ec-4857-97ac-6eaeba92c959.jpg	image/jpeg	22
8c8ba54f-9863-4454-a84d-ffd43df3a365	2026-05-24 05:27:17.86876+00	2026-05-24 05:27:17.86876+00	\N	3f137f0a-2bf6-4534-aced-f0b821551621	sample-lab.pdf	/api/v2/uploads/319ab2cc-f54b-44ea-99a1-37e5f6c0a79f/883a69a0-f6fa-4328-8d61-5f8b1ad2f421.pdf	uploads/319ab2cc-f54b-44ea-99a1-37e5f6c0a79f/883a69a0-f6fa-4328-8d61-5f8b1ad2f421.pdf	application/pdf	14
\.


ALTER TABLE public.emr_report_files ENABLE TRIGGER ALL;

--
-- Data for Name: emr_vital_signs; Type: TABLE DATA; Schema: public; Owner: -
--

ALTER TABLE public.emr_vital_signs DISABLE TRIGGER ALL;

COPY public.emr_vital_signs (id, created_at, updated_at, deleted_at, emr_record_id, recorded_at, recorded_by, blood_pressure_systolic, blood_pressure_diastolic, heart_rate, temperature_celsius, respiratory_rate, oxygen_saturation, weight_kg, height_cm, blood_sugar_mg_dl, notes) FROM stdin;
\.


ALTER TABLE public.emr_vital_signs ENABLE TRIGGER ALL;

--
-- Data for Name: enquiries; Type: TABLE DATA; Schema: public; Owner: -
--

ALTER TABLE public.enquiries DISABLE TRIGGER ALL;

COPY public.enquiries (id, created_at, updated_at, deleted_at, name, email, phone, subject, message, status, responded_at, responded_by, response_note) FROM stdin;
\.


ALTER TABLE public.enquiries ENABLE TRIGGER ALL;

--
-- Data for Name: family_members; Type: TABLE DATA; Schema: public; Owner: -
--

ALTER TABLE public.family_members DISABLE TRIGGER ALL;

COPY public.family_members (id, created_at, updated_at, deleted_at, family_account_id, first_name, last_name, gender, date_of_birth, relation, blood_group, allergies, chronic_conditions, current_medications, notes, profile_image_url) FROM stdin;
1b62a942-f424-4e1a-86e3-8ac0335f62ab	2026-05-24 05:07:23.094765	2026-05-24 05:08:03.877707	2026-05-24 05:08:03.877707	00374727-9b42-414d-8da7-0539e3dd030a	Hassan	Siddiqui	male	2018-06-15	son	O+	Peanuts	\N	\N	Likes mango	\N
\.


ALTER TABLE public.family_members ENABLE TRIGGER ALL;

--
-- Data for Name: form_field_values; Type: TABLE DATA; Schema: public; Owner: -
--

ALTER TABLE public.form_field_values DISABLE TRIGGER ALL;

COPY public.form_field_values (id, def_id, record_id, value_text, value_number, value_date, value_bool, value_json, file_url, created_at, updated_at, deleted_at) FROM stdin;
\.


ALTER TABLE public.form_field_values ENABLE TRIGGER ALL;

--
-- Data for Name: health_coach_settings; Type: TABLE DATA; Schema: public; Owner: -
--

ALTER TABLE public.health_coach_settings DISABLE TRIGGER ALL;

COPY public.health_coach_settings (id, created_at, updated_at, user_id, enabled, reminders_opt_in, seasonal_alerts_opt_in, voice_enabled, push_subscription, avatar_position, avatar_size, locale) FROM stdin;
e6880357-f6af-4a51-9aba-f4156e48dc40	2026-05-24 18:01:48.765325+00	2026-05-24 18:01:48.765325+00	319ab2cc-f54b-44ea-99a1-37e5f6c0a79f	t	t	t	f	\N	\N	md	en
83f1e05d-e809-4755-ba22-9896c5e5a038	2026-05-24 18:52:53.015026+00	2026-05-24 18:55:03.656727+00	56f01b93-22bb-4659-96c2-e36c507cda3e	t	t	t	f	{"keys": {"auth": "dVGfCKG6AVrZD7KxwFoAnA", "p256dh": "BCKRPR91Ci5WPOhhJT0BU0NlZYsTK30ozIP7LXDMVpMdL4nRagEj1GUsHXP9gqcscbt_spPQL9-sBgYe4CZsyTs"}, "endpoint": "https://fcm.googleapis.com/fcm/send/dBzkSt1lGho:APA91bHejnbFZMWrdGxw0nLwGu81UmLSktD26RfwkshhSdn0bAeltkJc28JtSIhIHVWybuYjcQr6x48DwPtYJ6VZJCZpkg6nP2RLdURJ9Eh2YzX0B-LT53akKr0LWF82Yn7w_fjE1vfz", "expirationTime": null}	{"xPct": 94, "yPct": 92}	md	en
\.


ALTER TABLE public.health_coach_settings ENABLE TRIGGER ALL;

--
-- Data for Name: knowledge_base_articles; Type: TABLE DATA; Schema: public; Owner: -
--

ALTER TABLE public.knowledge_base_articles DISABLE TRIGGER ALL;

COPY public.knowledge_base_articles (id, title, slug, category, locale, status, body, summary, body_version, embedding_status, embedded_at, embedding_error, created_by, updated_by, created_at, updated_at) FROM stdin;
\.


ALTER TABLE public.knowledge_base_articles ENABLE TRIGGER ALL;

--
-- Data for Name: knowledge_base_chunks; Type: TABLE DATA; Schema: public; Owner: -
--

ALTER TABLE public.knowledge_base_chunks DISABLE TRIGGER ALL;

COPY public.knowledge_base_chunks (id, article_id, chunk_index, content, embedding, source_version, token_count, created_at) FROM stdin;
\.


ALTER TABLE public.knowledge_base_chunks ENABLE TRIGGER ALL;

--
-- Data for Name: learning_samples; Type: TABLE DATA; Schema: public; Owner: -
--

ALTER TABLE public.learning_samples DISABLE TRIGGER ALL;

COPY public.learning_samples (id, created_at, updated_at, deleted_at, source, source_interaction_id, model_version, input_digest_sha256, prompt_hash, ai_output_json, final_output_json, edit_distance, human_label, human_label_reason, patient_outcome_json, consent_version, include_in_training) FROM stdin;
\.


ALTER TABLE public.learning_samples ENABLE TRIGGER ALL;

--
-- Data for Name: medicines; Type: TABLE DATA; Schema: public; Owner: -
--

ALTER TABLE public.medicines DISABLE TRIGGER ALL;

COPY public.medicines (id, created_at, updated_at, deleted_at, brand_name, generic_name, strength, dosage_form, route, manufacturer, standard_dose, common_frequencies, common_durations, category, is_controlled, is_active) FROM stdin;
6933d74c-c4ef-4bc7-b5f2-61b22c18e6f2	2026-05-23 09:59:07.746912+00	2026-05-23 09:59:07.746912+00	\N	Panadol	Paracetamol	500mg	Tablet	Oral	GlaxoSmithKline	500mg-1000mg	Once daily,Twice daily,Three times daily,Every 4-6 hours	3 days,5 days,7 days	Analgesic / Antipyretic	f	t
b3a21b37-139c-4f79-8ff0-996c21824ce3	2026-05-23 09:59:07.746912+00	2026-05-23 09:59:07.746912+00	\N	Brufen	Ibuprofen	400mg	Tablet	Oral	Abbott	400mg	Twice daily,Three times daily	3 days,5 days,7 days	NSAID	f	t
1bde0ac5-d1fd-456a-8e76-06cbde2b94f2	2026-05-23 09:59:07.746912+00	2026-05-23 09:59:07.746912+00	\N	Augmentin	Amoxicillin + Clavulanate	625mg	Tablet	Oral	GlaxoSmithKline	625mg	Twice daily,Three times daily	5 days,7 days,10 days	Antibiotic	f	t
b2a828c6-bce5-45bf-b0fd-ea2a28c1489c	2026-05-23 09:59:07.746912+00	2026-05-23 09:59:07.746912+00	\N	Flagyl	Metronidazole	400mg	Tablet	Oral	Sanofi	400mg	Three times daily	5 days,7 days	Antibiotic / Antiprotozoal	f	t
8f2431ac-396d-451c-9a62-30c3df882bcd	2026-05-23 09:59:07.746912+00	2026-05-23 09:59:07.746912+00	\N	Azomax	Azithromycin	500mg	Tablet	Oral	Searle	500mg	Once daily	3 days,5 days	Antibiotic	f	t
761f19fb-685a-4b36-b187-322ec60b9144	2026-05-23 09:59:07.746912+00	2026-05-23 09:59:07.746912+00	\N	Omeprazole	Omeprazole	20mg	Capsule	Oral	Various	20mg	Once daily,Twice daily	14 days,28 days,8 weeks	Proton Pump Inhibitor	f	t
694e7e36-f8ae-40b5-9fda-a0d57d697af3	2026-05-23 09:59:07.746912+00	2026-05-23 09:59:07.746912+00	\N	Losec	Omeprazole	40mg	Capsule	Oral	AstraZeneca	40mg	Once daily	14 days,28 days	Proton Pump Inhibitor	f	t
2c41647e-ff15-4a14-ba5b-1b06460e8f01	2026-05-23 09:59:07.746912+00	2026-05-23 09:59:07.746912+00	\N	Nexium	Esomeprazole	40mg	Tablet	Oral	AstraZeneca	40mg	Once daily	14 days,28 days,8 weeks	Proton Pump Inhibitor	f	t
bf24be71-fedc-4f3b-a074-acf4437e62a6	2026-05-23 09:59:07.746912+00	2026-05-23 09:59:07.746912+00	\N	Amoxil	Amoxicillin	500mg	Capsule	Oral	GlaxoSmithKline	500mg	Three times daily	5 days,7 days,10 days	Antibiotic	f	t
603b4816-d340-44a5-808a-4109eeb65c7b	2026-05-23 09:59:07.746912+00	2026-05-23 09:59:07.746912+00	\N	Ciprofloxacin	Ciprofloxacin	500mg	Tablet	Oral	Various	500mg	Twice daily	5 days,7 days,10 days,14 days	Antibiotic	f	t
e2406ff4-34fe-4f7e-b211-98f6791be179	2026-05-23 09:59:07.746912+00	2026-05-23 09:59:07.746912+00	\N	Glucophage	Metformin	500mg	Tablet	Oral	Merck	500mg	Once daily,Twice daily,Three times daily	30 days,90 days,Ongoing	Antidiabetic	f	t
c9f62bb3-0513-461e-a925-3a6d296ae5c8	2026-05-23 09:59:07.746912+00	2026-05-23 09:59:07.746912+00	\N	Glucophage XR	Metformin Extended Release	1000mg	Tablet	Oral	Merck	1000mg	Once daily	30 days,90 days,Ongoing	Antidiabetic	f	t
3386c098-7143-469b-9e52-e6adee55ebc3	2026-05-23 09:59:07.746912+00	2026-05-23 09:59:07.746912+00	\N	Amaryl	Glimepiride	2mg	Tablet	Oral	Sanofi	1mg-4mg	Once daily	30 days,90 days,Ongoing	Antidiabetic	f	t
851c40df-8d18-49c0-a397-392f63c05d76	2026-05-23 09:59:07.746912+00	2026-05-23 09:59:07.746912+00	\N	Concor	Bisoprolol	5mg	Tablet	Oral	Merck	5mg	Once daily	30 days,90 days,Ongoing	Beta Blocker	f	t
0cedb4ca-0c0b-49c1-a17d-1abf319560ff	2026-05-23 09:59:07.746912+00	2026-05-23 09:59:07.746912+00	\N	Cozaar	Losartan	50mg	Tablet	Oral	MSD	50mg	Once daily	30 days,90 days,Ongoing	Antihypertensive (ARB)	f	t
59080b3d-9347-4466-8d9d-8f386015671f	2026-05-23 09:59:07.746912+00	2026-05-23 09:59:07.746912+00	\N	Norvasc	Amlodipine	5mg	Tablet	Oral	Pfizer	5mg	Once daily	30 days,90 days,Ongoing	Calcium Channel Blocker	f	t
1581ebf5-ad65-4737-8401-fdeaa00f3635	2026-05-23 09:59:07.746912+00	2026-05-23 09:59:07.746912+00	\N	Lipitor	Atorvastatin	20mg	Tablet	Oral	Pfizer	10mg-80mg	Once daily at night	30 days,90 days,Ongoing	Statin	f	t
1bff24c8-02a8-4de1-b41b-e035c7b7c5f1	2026-05-23 09:59:07.746912+00	2026-05-23 09:59:07.746912+00	\N	Plavix	Clopidogrel	75mg	Tablet	Oral	Sanofi	75mg	Once daily	30 days,90 days,Ongoing	Antiplatelet	f	t
1f27a5bb-5d99-49ea-be7e-e96f7442c512	2026-05-23 09:59:07.746912+00	2026-05-23 09:59:07.746912+00	\N	Disprin	Aspirin	300mg	Tablet	Oral	Reckitt	75mg-300mg	Once daily	30 days,Ongoing	Analgesic / Antiplatelet	f	t
99dea25b-cc14-4fce-a6cb-6ab95de39b3b	2026-05-23 09:59:07.746912+00	2026-05-23 09:59:07.746912+00	\N	Ventolin	Salbutamol	100mcg	Inhaler	Inhalation	GlaxoSmithKline	1-2 puffs	As needed,Every 4-6 hours	As needed,7 days	Bronchodilator	f	t
d8092260-97b2-4454-813b-d61e2aff33ad	2026-05-23 09:59:07.746912+00	2026-05-23 09:59:07.746912+00	\N	Seretide	Fluticasone + Salmeterol	250/50mcg	Inhaler	Inhalation	GlaxoSmithKline	1 puff	Twice daily	30 days,90 days,Ongoing	Corticosteroid + Bronchodilator	f	t
96744858-4b70-446d-9d3c-2d47cc050d8a	2026-05-23 09:59:07.746912+00	2026-05-23 09:59:07.746912+00	\N	Zyrtec	Cetirizine	10mg	Tablet	Oral	UCB	10mg	Once daily	7 days,14 days,30 days	Antihistamine	f	t
c6ab32c9-ee69-4c74-b9a4-84518bc5f4af	2026-05-23 09:59:07.746912+00	2026-05-23 09:59:07.746912+00	\N	Claritin	Loratadine	10mg	Tablet	Oral	Bayer	10mg	Once daily	7 days,14 days,30 days	Antihistamine	f	t
5db67a51-8665-48f9-a0f1-fddd3d92a511	2026-05-23 09:59:07.746912+00	2026-05-23 09:59:07.746912+00	\N	Motilium	Domperidone	10mg	Tablet	Oral	Janssen	10mg	Three times daily before meals	5 days,7 days,14 days	Antiemetic / Prokinetic	f	t
f2d9effc-9898-432b-b1dc-25660afaa3b0	2026-05-23 09:59:07.746912+00	2026-05-23 09:59:07.746912+00	\N	Buscopan	Hyoscine Butylbromide	10mg	Tablet	Oral	Boehringer	10mg	Three times daily	3 days,5 days,7 days	Antispasmodic	f	t
d70c7db2-3958-41c3-a718-aafe7847fc24	2026-05-23 09:59:07.746912+00	2026-05-23 09:59:07.746912+00	\N	Dicloran	Diclofenac	50mg	Tablet	Oral	Various	50mg	Twice daily,Three times daily	3 days,5 days,7 days	NSAID	f	t
2b208798-3856-4d5d-a7ca-467bc064abbc	2026-05-23 09:59:07.746912+00	2026-05-23 09:59:07.746912+00	\N	Voltaren	Diclofenac	50mg	Tablet	Oral	Novartis	50mg	Twice daily,Three times daily	3 days,5 days,7 days	NSAID	f	t
e79348a1-d121-42ec-8d46-49330e3e45a2	2026-05-23 09:59:07.746912+00	2026-05-23 09:59:07.746912+00	\N	Risek	Omeprazole	20mg	Capsule	Oral	Getz Pharma	20mg	Once daily,Twice daily	14 days,28 days	Proton Pump Inhibitor	f	t
75776844-8570-439c-a9dd-9229df316ffa	2026-05-23 09:59:07.746912+00	2026-05-23 09:59:07.746912+00	\N	Rigix	Cetirizine	10mg	Tablet	Oral	Getz Pharma	10mg	Once daily	7 days,14 days,30 days	Antihistamine	f	t
93901a13-d30d-453d-8658-af8892f0e68e	2026-05-23 09:59:07.746912+00	2026-05-23 09:59:07.746912+00	\N	Arinac	Ibuprofen + Pseudoephedrine	200/30mg	Tablet	Oral	Abbott	1 tablet	Three times daily	3 days,5 days	Cold & Flu	f	t
b3bc0412-99b1-4a5a-8f01-b736910a3e1c	2026-05-23 09:59:07.746912+00	2026-05-23 09:59:07.746912+00	\N	Ponstan	Mefenamic Acid	500mg	Capsule	Oral	Pfizer	500mg	Three times daily	3 days,5 days	NSAID	f	t
b04ca33a-8c6c-44fb-94f3-1b290f0cf700	2026-05-23 09:59:07.746912+00	2026-05-23 09:59:07.746912+00	\N	Gravinate	Dimenhydrinate	50mg	Tablet	Oral	Abbott	50mg	Every 4-6 hours	1 day,3 days	Antiemetic	f	t
12ac9dbf-892e-4e05-9fe8-8938d88ad40b	2026-05-23 09:59:07.746912+00	2026-05-23 09:59:07.746912+00	\N	Calpol	Paracetamol	120mg/5ml	Syrup	Oral	GlaxoSmithKline	5ml-10ml by weight	Every 4-6 hours	3 days,5 days	Analgesic / Antipyretic (Pediatric)	f	t
8cb824fb-534c-452d-a80e-2d9d739c103e	2026-05-23 09:59:07.746912+00	2026-05-23 09:59:07.746912+00	\N	Ambroxol	Ambroxol	30mg	Tablet	Oral	Various	30mg	Twice daily,Three times daily	5 days,7 days	Mucolytic	f	t
60612b82-a9ad-4f23-a12e-b1344e0972c4	2026-05-23 09:59:07.746912+00	2026-05-23 09:59:07.746912+00	\N	Xanax	Alprazolam	0.5mg	Tablet	Oral	Pfizer	0.25mg-0.5mg	Twice daily,Three times daily	7 days,14 days	Anxiolytic	t	t
4f3ea10e-ea38-4dbc-8b58-d13e383d154f	2026-05-23 09:59:07.746912+00	2026-05-23 09:59:07.746912+00	\N	Lexotanil	Bromazepam	3mg	Tablet	Oral	Roche	3mg	Once daily,Twice daily	7 days,14 days	Anxiolytic	t	t
38f6be7b-7446-4982-bbec-ebfba53ea689	2026-05-23 09:59:07.746912+00	2026-05-23 09:59:07.746912+00	\N	Rivotril	Clonazepam	0.5mg	Tablet	Oral	Roche	0.5mg	Twice daily	14 days,30 days	Anticonvulsant / Anxiolytic	t	t
0ce5043d-ed87-46b0-992a-351e170da908	2026-05-23 09:59:07.746912+00	2026-05-23 09:59:07.746912+00	\N	Januvia	Sitagliptin	100mg	Tablet	Oral	MSD	100mg	Once daily	30 days,90 days,Ongoing	Antidiabetic (DPP-4 Inhibitor)	f	t
977e3ac3-d150-4175-b46d-534b70b5eccc	2026-05-23 09:59:07.746912+00	2026-05-23 09:59:07.746912+00	\N	Crestor	Rosuvastatin	10mg	Tablet	Oral	AstraZeneca	10mg-20mg	Once daily at night	30 days,90 days,Ongoing	Statin	f	t
f73641b7-2b1b-4608-aae5-3d8b633e145d	2026-05-23 09:59:07.746912+00	2026-05-23 09:59:07.746912+00	\N	Ceclor	Cefaclor	250mg	Capsule	Oral	Lilly	250mg	Three times daily	7 days,10 days	Antibiotic (Cephalosporin)	f	t
42e5452c-2cda-445b-9494-49e384b4d7fa	2026-05-23 09:59:07.746912+00	2026-05-23 09:59:07.746912+00	\N	Zinnat	Cefuroxime	500mg	Tablet	Oral	GlaxoSmithKline	500mg	Twice daily	7 days,10 days	Antibiotic (Cephalosporin)	f	t
75764fbd-56c6-4517-8ce4-ed21bd69e7a4	2026-05-23 09:59:07.746912+00	2026-05-23 09:59:07.746912+00	\N	Neurobion	Vitamin B1+B6+B12	Various	Tablet	Oral	Merck	1 tablet	Once daily,Three times daily	30 days,90 days	Vitamin Supplement	f	t
9729cb7d-eb27-4615-a981-1408c9ab1661	2026-05-23 09:59:07.746912+00	2026-05-23 09:59:07.746912+00	\N	Cal-D	Calcium + Vitamin D	600mg/200IU	Tablet	Oral	Various	1 tablet	Once daily,Twice daily	30 days,90 days,Ongoing	Supplement	f	t
673b8723-f376-495a-9b57-c4c2fb7789a7	2026-05-23 19:14:04.956396+00	2026-05-23 19:14:04.956396+00	\N	Amiloride-Hydrochlorothiazide Tab	Amiloride-Hydrochlorothiazide Tab	\N	Tablet	\N	\N	\N	\N	\N	\N	f	t
49bb833b-1e93-4a50-9ce2-477df0d7f264	2026-05-23 09:59:07.746912+00	2026-05-23 09:59:07.746912+00	\N	Ferrous Sulfate	Ferrous Sulfate	325mg	Tablet	Oral	Various	325mg	Once daily,Twice daily	30 days,90 days	Iron Supplement	f	t
cb61b28e-ccec-4e46-a0de-39918cf1a2c5	2026-05-23 09:59:07.746912+00	2026-05-23 09:59:07.746912+00	\N	Synthroid	Levothyroxine	50mcg	Tablet	Oral	Abbott	25mcg-200mcg	Once daily before breakfast	30 days,90 days,Ongoing	Thyroid Hormone	f	t
f927e438-94f1-46fc-9070-d6eedde182ff	2026-05-23 09:59:07.746912+00	2026-05-23 09:59:07.746912+00	\N	Lantus	Insulin Glargine	100U/ml	Injection	Subcutaneous	Sanofi	Per sliding scale	Once daily	Ongoing	Insulin (Long-acting)	t	t
d76281f2-9050-4e23-b9b0-41d790501369	2026-05-23 09:59:07.746912+00	2026-05-23 09:59:07.746912+00	\N	NovoRapid	Insulin Aspart	100U/ml	Injection	Subcutaneous	Novo Nordisk	Per sliding scale	Before meals	Ongoing	Insulin (Rapid-acting)	t	t
be5cc1ae-ef38-4953-92ed-84d0fc5688a2	2026-05-23 09:59:07.746912+00	2026-05-23 09:59:07.746912+00	\N	Lasix	Furosemide	40mg	Tablet	Oral	Sanofi	20mg-80mg	Once daily,Twice daily	7 days,30 days,Ongoing	Loop Diuretic	f	t
295e8c99-ff84-43d5-b9bd-c48b9b69aef0	2026-05-23 09:59:07.746912+00	2026-05-23 09:59:07.746912+00	\N	Aldactone	Spironolactone	25mg	Tablet	Oral	Pfizer	25mg-100mg	Once daily,Twice daily	30 days,90 days,Ongoing	Potassium-sparing Diuretic	f	t
18b709e6-60dd-4ad5-8e7b-a73c116c99dd	2026-05-23 09:59:07.746912+00	2026-05-23 09:59:07.746912+00	\N	Isoptin	Verapamil	80mg	Tablet	Oral	Abbott	80mg	Three times daily	30 days,90 days,Ongoing	Calcium Channel Blocker	f	t
3592f9d0-8c0d-4eb4-9c2c-df6844a87d55	2026-05-23 19:14:04.956396+00	2026-05-23 19:14:04.956396+00	\N	Abacavir Sulfate Soln	Abacavir Sulfate Soln	\N	Solution	\N	\N	\N	\N	\N	\N	f	t
8a1f01e9-eee3-48b2-bc9f-272fae79c061	2026-05-23 19:14:04.956396+00	2026-05-23 19:14:04.956396+00	\N	Abacavir Sulfate Tab	Abacavir Sulfate Tab	\N	Tablet	\N	\N	\N	\N	\N	\N	f	t
0e70be6e-8ceb-4225-bb00-eb0e45b81ab6	2026-05-23 19:14:04.956396+00	2026-05-23 19:14:04.956396+00	\N	Abacavir Sulfate-Lamivudine Tab	Abacavir Sulfate-Lamivudine Tab	\N	Tablet	\N	\N	\N	\N	\N	\N	f	t
8af5961e-bcc8-4333-9667-e9377148dbf3	2026-05-23 19:14:04.956396+00	2026-05-23 19:14:04.956396+00	\N	Abacavir-Lamivudine-Zidovudine Tab	Abacavir-Lamivudine-Zidovudine Tab	\N	Tablet	\N	\N	\N	\N	\N	\N	f	t
e23436f7-a656-4887-ad28-1c34607fe401	2026-05-23 19:14:04.956396+00	2026-05-23 19:14:04.956396+00	\N	Abiraterone Acetate Tab	Abiraterone Acetate Tab	\N	Tablet	\N	\N	\N	\N	\N	\N	f	t
54050254-938f-4b1a-ad56-7ac1b6bd119b	2026-05-23 19:14:04.956396+00	2026-05-23 19:14:04.956396+00	\N	Acamprosate Calcium Tab	Acamprosate Calcium Tab	\N	Tablet	\N	\N	\N	\N	\N	\N	f	t
f2c064bf-4fc7-448f-b8f0-4a8a901ad1e3	2026-05-23 19:14:04.956396+00	2026-05-23 19:14:04.956396+00	\N	Acarbose Tab	Acarbose Tab	\N	Tablet	\N	\N	\N	\N	\N	\N	f	t
6fff0343-315e-4db5-a466-6416f702bffc	2026-05-23 19:14:04.956396+00	2026-05-23 19:14:04.956396+00	\N	Acebutolol Hcl Cap	Acebutolol Hcl Cap	\N	Capsule	\N	\N	\N	\N	\N	\N	f	t
899bc90d-6cce-4af4-9b76-14e7e525ae67	2026-05-23 19:14:04.956396+00	2026-05-23 19:14:04.956396+00	\N	Acetaminophen-Codeine #2 Tab	Acetaminophen-Codeine #2 Tab	\N	Tablet	\N	\N	\N	\N	\N	\N	f	t
86e84045-c2b5-4112-a666-64a87794a693	2026-05-23 19:14:04.956396+00	2026-05-23 19:14:04.956396+00	\N	Acetaminophen-Codeine #3 Tab	Acetaminophen-Codeine #3 Tab	\N	Tablet	\N	\N	\N	\N	\N	\N	f	t
25567921-39fc-44ba-b3f4-dae2ef7b47a1	2026-05-23 19:14:04.956396+00	2026-05-23 19:14:04.956396+00	\N	Acetaminophen-Codeine #4 Tab	Acetaminophen-Codeine #4 Tab	\N	Tablet	\N	\N	\N	\N	\N	\N	f	t
1426b4a5-4d92-4bf9-8b39-34e29f6d09fa	2026-05-23 19:14:04.956396+00	2026-05-23 19:14:04.956396+00	\N	Acetaminophen-Codeine Soln	Acetaminophen-Codeine Soln	\N	Solution	\N	\N	\N	\N	\N	\N	f	t
cc7e3e9b-199d-41d3-b3be-775f750ca063	2026-05-23 19:14:04.956396+00	2026-05-23 19:14:04.956396+00	\N	Acetaminophen-Codeine Tab	Acetaminophen-Codeine Tab	\N	Tablet	\N	\N	\N	\N	\N	\N	f	t
786e62b7-2286-4f17-bc0c-497d519aa760	2026-05-23 19:14:04.956396+00	2026-05-23 19:14:04.956396+00	\N	Acetazolamide Er Cap	Acetazolamide Er Cap	\N	Capsule	\N	\N	\N	\N	\N	\N	f	t
baa5587d-37e6-4ceb-ad43-243915a27b13	2026-05-23 19:14:04.956396+00	2026-05-23 19:14:04.956396+00	\N	Acetazolamide Tab	Acetazolamide Tab	\N	Tablet	\N	\N	\N	\N	\N	\N	f	t
a31d35bd-f813-4ed3-a823-8588e9492c9a	2026-05-23 19:14:04.956396+00	2026-05-23 19:14:04.956396+00	\N	Acetic Acid Soln	Acetic Acid Soln	\N	Solution	\N	\N	\N	\N	\N	\N	f	t
acd8c51d-e123-4e0c-be86-4ea784f0d7f1	2026-05-23 19:14:04.956396+00	2026-05-23 19:14:04.956396+00	\N	Acetylcysteine Soln	Acetylcysteine Soln	\N	Solution	\N	\N	\N	\N	\N	\N	f	t
bc86215e-615f-4464-bf96-473c93c19dce	2026-05-23 19:14:04.956396+00	2026-05-23 19:14:04.956396+00	\N	Acitretin Cap	Acitretin Cap	\N	Capsule	\N	\N	\N	\N	\N	\N	f	t
3e8437e3-78c6-4bd6-8885-caaaac00c16a	2026-05-23 19:14:04.956396+00	2026-05-23 19:14:04.956396+00	\N	Acyclovir Cap	Acyclovir Cap	\N	Capsule	\N	\N	\N	\N	\N	\N	f	t
8f628510-43a3-4e27-ab32-939a8a9002d0	2026-05-23 19:14:04.956396+00	2026-05-23 19:14:04.956396+00	\N	Acyclovir Cream	Acyclovir Cream	\N	Topical	\N	\N	\N	\N	\N	\N	f	t
cfe50496-3e72-44ec-8c02-adb892476f34	2026-05-23 19:14:04.956396+00	2026-05-23 19:14:04.956396+00	\N	Acyclovir Oint	Acyclovir Oint	\N	Topical	\N	\N	\N	\N	\N	\N	f	t
9be990d7-7e15-40c3-a080-e843b89c6ca7	2026-05-23 19:14:04.956396+00	2026-05-23 19:14:04.956396+00	\N	Acyclovir Susp	Acyclovir Susp	\N	Suspension	\N	\N	\N	\N	\N	\N	f	t
413f3691-8d43-4874-9b98-bc9062b9a5fe	2026-05-23 19:14:04.956396+00	2026-05-23 19:14:04.956396+00	\N	Acyclovir Tab	Acyclovir Tab	\N	Tablet	\N	\N	\N	\N	\N	\N	f	t
89c6d012-7926-4c5e-825c-aab14c8bcd2c	2026-05-23 19:14:04.956396+00	2026-05-23 19:14:04.956396+00	\N	Adapalene Cream	Adapalene Cream	\N	Topical	\N	\N	\N	\N	\N	\N	f	t
e3d37e8f-e0a2-497d-ada9-4fa6b0ad8fe9	2026-05-23 19:14:04.956396+00	2026-05-23 19:14:04.956396+00	\N	Adapalene Gel	Adapalene Gel	\N	Gel	\N	\N	\N	\N	\N	\N	f	t
26224685-1a70-4965-bea4-d743b8cdf065	2026-05-23 19:14:04.956396+00	2026-05-23 19:14:04.956396+00	\N	Adapalene Pad	Adapalene Pad	\N	Tablet	\N	\N	\N	\N	\N	\N	f	t
c659a5d5-49d2-4b60-a55c-127658a641f2	2026-05-23 19:14:04.956396+00	2026-05-23 19:14:04.956396+00	\N	Adapalene Soln	Adapalene Soln	\N	Solution	\N	\N	\N	\N	\N	\N	f	t
f2b502f2-f219-4eab-ad8c-4ee0c1ae6398	2026-05-23 19:14:04.956396+00	2026-05-23 19:14:04.956396+00	\N	Adapalene-Benzoyl Peroxide Gel	Adapalene-Benzoyl Peroxide Gel	\N	Gel	\N	\N	\N	\N	\N	\N	f	t
d9214b5f-5206-4fff-968c-cb9986babb63	2026-05-23 19:14:04.956396+00	2026-05-23 19:14:04.956396+00	\N	Adc/F (0.5Mg/Ml) Soln	Adc/F (0.5Mg/Ml) Soln	\N	Solution	\N	\N	\N	\N	\N	\N	f	t
e821bd74-2cf3-4f78-bc48-bc76a5aebb7c	2026-05-23 19:14:04.956396+00	2026-05-23 19:14:04.956396+00	\N	Adefovir Dipivoxil Tab	Adefovir Dipivoxil Tab	\N	Tablet	\N	\N	\N	\N	\N	\N	f	t
ee169754-5658-49b5-bf58-719f0ca145a5	2026-05-23 19:14:04.956396+00	2026-05-23 19:14:04.956396+00	\N	Albendazole Tab	Albendazole Tab	\N	Tablet	\N	\N	\N	\N	\N	\N	f	t
ce4192ae-470b-4c1f-a027-204e77fd5f5a	2026-05-23 19:14:04.956396+00	2026-05-23 19:14:04.956396+00	\N	Albuterol Sulfate Er Tab	Albuterol Sulfate Er Tab	\N	Tablet	\N	\N	\N	\N	\N	\N	f	t
c80dc7be-503a-44e7-b88a-0e5458c6c974	2026-05-23 19:14:04.956396+00	2026-05-23 19:14:04.956396+00	\N	Albuterol Sulfate Hfa Aer	Albuterol Sulfate Hfa Aer	\N	Tablet	\N	\N	\N	\N	\N	\N	f	t
584a5f43-c616-43d8-85ee-fd7b9f4a5325	2026-05-23 19:14:04.956396+00	2026-05-23 19:14:04.956396+00	\N	Albuterol Sulfate Neb	Albuterol Sulfate Neb	\N	Tablet	\N	\N	\N	\N	\N	\N	f	t
44bf147b-7477-4457-b7ac-6c2577900a11	2026-05-23 19:14:04.956396+00	2026-05-23 19:14:04.956396+00	\N	Albuterol Sulfate Syr	Albuterol Sulfate Syr	\N	Tablet	\N	\N	\N	\N	\N	\N	f	t
cc8017ea-de9e-482b-b17c-f31e61e97da5	2026-05-23 19:14:04.956396+00	2026-05-23 19:14:04.956396+00	\N	Albuterol Sulfate Tab	Albuterol Sulfate Tab	\N	Tablet	\N	\N	\N	\N	\N	\N	f	t
b0329385-a13f-4987-b3d0-d12300899a60	2026-05-23 19:14:04.956396+00	2026-05-23 19:14:04.956396+00	\N	Alclometasone Dipropionate Cream	Alclometasone Dipropionate Cream	\N	Topical	\N	\N	\N	\N	\N	\N	f	t
7e93eb32-8239-4610-9fd1-4923d7898fb7	2026-05-23 19:14:04.956396+00	2026-05-23 19:14:04.956396+00	\N	Alclometasone Dipropionate Oint	Alclometasone Dipropionate Oint	\N	Topical	\N	\N	\N	\N	\N	\N	f	t
24b9317b-08ab-4af0-be87-a727c9b5fb16	2026-05-23 19:14:04.956396+00	2026-05-23 19:14:04.956396+00	\N	Alendronate Sodium Soln	Alendronate Sodium Soln	\N	Solution	\N	\N	\N	\N	\N	\N	f	t
f7cf5467-e1d3-4438-8e71-2dfeea321b04	2026-05-23 19:14:04.956396+00	2026-05-23 19:14:04.956396+00	\N	Alendronate Sodium Tab	Alendronate Sodium Tab	\N	Tablet	\N	\N	\N	\N	\N	\N	f	t
d7bd66a6-1ba8-4c49-97ca-bd29fe58cf31	2026-05-23 19:14:04.956396+00	2026-05-23 19:14:04.956396+00	\N	Alfuzosin Hcl Er Tab	Alfuzosin Hcl Er Tab	\N	Tablet	\N	\N	\N	\N	\N	\N	f	t
9908d6db-56c4-40e6-b603-e07619a50a30	2026-05-23 19:14:04.956396+00	2026-05-23 19:14:04.956396+00	\N	Aliskiren Fumarate Tab	Aliskiren Fumarate Tab	\N	Tablet	\N	\N	\N	\N	\N	\N	f	t
b1c13964-91d8-4679-b06b-2295dd9c06c4	2026-05-23 19:14:04.956396+00	2026-05-23 19:14:04.956396+00	\N	Allopurinol Tab	Allopurinol Tab	\N	Tablet	\N	\N	\N	\N	\N	\N	f	t
cbdd16ce-58d7-4574-a6a7-cb0c8ae2b14e	2026-05-23 19:14:04.956396+00	2026-05-23 19:14:04.956396+00	\N	Almotriptan Malate Tab	Almotriptan Malate Tab	\N	Tablet	\N	\N	\N	\N	\N	\N	f	t
090215d7-42e2-4f97-836c-8c8ad6073573	2026-05-23 19:14:04.956396+00	2026-05-23 19:14:04.956396+00	\N	Alosetron Hcl Tab	Alosetron Hcl Tab	\N	Tablet	\N	\N	\N	\N	\N	\N	f	t
7fcbbd46-5146-4b65-9cd9-3d7aa7498819	2026-05-23 19:14:04.956396+00	2026-05-23 19:14:04.956396+00	\N	Alprazolam Er Tab	Alprazolam Er Tab	\N	Tablet	\N	\N	\N	\N	\N	\N	f	t
883f5e6b-9529-4553-abb4-13296b26c152	2026-05-23 19:14:04.956396+00	2026-05-23 19:14:04.956396+00	\N	Alprazolam Tab	Alprazolam Tab	\N	Tablet	\N	\N	\N	\N	\N	\N	f	t
3affb623-61d0-4339-8951-b1ec01d2e902	2026-05-23 19:14:04.956396+00	2026-05-23 19:14:04.956396+00	\N	Alvimopan Cap	Alvimopan Cap	\N	Capsule	\N	\N	\N	\N	\N	\N	f	t
9f63346e-97ee-4175-ad84-4127e1205d94	2026-05-23 19:14:04.956396+00	2026-05-23 19:14:04.956396+00	\N	Amantadine Hcl Cap	Amantadine Hcl Cap	\N	Capsule	\N	\N	\N	\N	\N	\N	f	t
b26f2eba-814e-457e-bfe3-502acb2184e0	2026-05-23 19:14:04.956396+00	2026-05-23 19:14:04.956396+00	\N	Amantadine Hcl Soln	Amantadine Hcl Soln	\N	Solution	\N	\N	\N	\N	\N	\N	f	t
0adccb65-d3aa-4bb9-be63-72c38e97bf75	2026-05-23 19:14:04.956396+00	2026-05-23 19:14:04.956396+00	\N	Amantadine Hcl Tab	Amantadine Hcl Tab	\N	Tablet	\N	\N	\N	\N	\N	\N	f	t
7b6c3a3d-dc86-481b-973a-25a0e95995cd	2026-05-23 19:14:04.956396+00	2026-05-23 19:14:04.956396+00	\N	Ambrisentan Tab	Ambrisentan Tab	\N	Tablet	\N	\N	\N	\N	\N	\N	f	t
ec00e660-447d-4851-a6aa-be3b9a33856c	2026-05-23 19:14:04.956396+00	2026-05-23 19:14:04.956396+00	\N	Amcinonide Cream	Amcinonide Cream	\N	Topical	\N	\N	\N	\N	\N	\N	f	t
a244bf82-042a-442a-aec9-93f128cf9ea7	2026-05-23 19:14:04.956396+00	2026-05-23 19:14:04.956396+00	\N	Amcinonide Lot	Amcinonide Lot	\N	Tablet	\N	\N	\N	\N	\N	\N	f	t
41d6866c-4347-4943-b024-297d7a2a0fac	2026-05-23 19:14:04.956396+00	2026-05-23 19:14:04.956396+00	\N	Amiloride Hcl Tab	Amiloride Hcl Tab	\N	Tablet	\N	\N	\N	\N	\N	\N	f	t
afcd878f-58c4-4c2b-916c-dc8534fb4466	2026-05-23 19:14:04.956396+00	2026-05-23 19:14:04.956396+00	\N	Aminoacetic Acid Soln	Aminoacetic Acid Soln	\N	Solution	\N	\N	\N	\N	\N	\N	f	t
86c979ac-5344-439a-ba13-5468907083fc	2026-05-23 19:14:04.956396+00	2026-05-23 19:14:04.956396+00	\N	Aminocaproic Acid Soln	Aminocaproic Acid Soln	\N	Solution	\N	\N	\N	\N	\N	\N	f	t
258c9271-a97b-4cc6-9d28-177f5a347792	2026-05-23 19:14:04.956396+00	2026-05-23 19:14:04.956396+00	\N	Aminocaproic Acid Tab	Aminocaproic Acid Tab	\N	Tablet	\N	\N	\N	\N	\N	\N	f	t
0bc5d95c-63cc-4e6f-bb41-277b6eb1019e	2026-05-23 19:14:04.956396+00	2026-05-23 19:14:04.956396+00	\N	Amiodarone Hcl Tab	Amiodarone Hcl Tab	\N	Tablet	\N	\N	\N	\N	\N	\N	f	t
f4ef2871-60b3-4f5d-b999-fef99e31f55e	2026-05-23 19:14:04.956396+00	2026-05-23 19:14:04.956396+00	\N	Amitriptyline Hcl Tab	Amitriptyline Hcl Tab	\N	Tablet	\N	\N	\N	\N	\N	\N	f	t
8e81141b-a884-4b12-b439-eda93bf9f321	2026-05-23 19:14:04.956396+00	2026-05-23 19:14:04.956396+00	\N	Amlodipine Besy-Benazepril Hcl Cap	Amlodipine Besy-Benazepril Hcl Cap	\N	Capsule	\N	\N	\N	\N	\N	\N	f	t
62d40b61-8a03-4bd0-b90d-75b09ef4f9c8	2026-05-23 19:14:04.956396+00	2026-05-23 19:14:04.956396+00	\N	Amlodipine Besylate Tab	Amlodipine Besylate Tab	\N	Tablet	\N	\N	\N	\N	\N	\N	f	t
0fcb2578-dac0-4678-bb23-80501424c261	2026-05-23 19:14:04.956396+00	2026-05-23 19:14:04.956396+00	\N	Amlodipine Besylate-Valsartan Tab	Amlodipine Besylate-Valsartan Tab	\N	Tablet	\N	\N	\N	\N	\N	\N	f	t
d83b1dcd-77a4-42d2-a344-35c4dca843e5	2026-05-23 19:14:04.956396+00	2026-05-23 19:14:04.956396+00	\N	Amlodipine-Atorvastatin Tab	Amlodipine-Atorvastatin Tab	\N	Tablet	\N	\N	\N	\N	\N	\N	f	t
9e1eb0d1-d0ac-4a46-93b3-1c44ef06eaae	2026-05-23 19:14:04.956396+00	2026-05-23 19:14:04.956396+00	\N	Amlodipine-Olmesartan Tab	Amlodipine-Olmesartan Tab	\N	Tablet	\N	\N	\N	\N	\N	\N	f	t
0ade8b05-cb7d-4035-8f55-e2d7243c6e14	2026-05-23 19:14:04.956396+00	2026-05-23 19:14:04.956396+00	\N	Amlodipine-Valsartan-Hctz Tab	Amlodipine-Valsartan-Hctz Tab	\N	Tablet	\N	\N	\N	\N	\N	\N	f	t
c4e9efda-a1f7-4d6c-8274-d420045dd214	2026-05-23 19:14:04.956396+00	2026-05-23 19:14:04.956396+00	\N	Ammonium Lactate Cream	Ammonium Lactate Cream	\N	Topical	\N	\N	\N	\N	\N	\N	f	t
a6b0d09a-866d-4b8f-837d-333456979bd3	2026-05-23 19:14:04.956396+00	2026-05-23 19:14:04.956396+00	\N	Ammonium Lactate Lot	Ammonium Lactate Lot	\N	Tablet	\N	\N	\N	\N	\N	\N	f	t
4863005a-5f98-48f6-9756-cca60c559c16	2026-05-23 19:14:04.956396+00	2026-05-23 19:14:04.956396+00	\N	Amoxapine Tab	Amoxapine Tab	\N	Tablet	\N	\N	\N	\N	\N	\N	f	t
5e8412c0-4df0-40e0-8c0e-330479ac9434	2026-05-23 19:14:04.956396+00	2026-05-23 19:14:04.956396+00	\N	Amoxicill-Clarithro-Lansopraz	Amoxicill-Clarithro-Lansopraz	\N	Tablet	\N	\N	\N	\N	\N	\N	f	t
ec08f6cd-f5fc-447b-9a02-5220c4d6860c	2026-05-23 19:14:04.956396+00	2026-05-23 19:14:04.956396+00	\N	Amoxicillin	Amoxicillin	\N	Tablet	\N	\N	\N	\N	\N	\N	f	t
d79f2c90-4ad2-4882-b916-9522a3706102	2026-05-23 19:14:04.956396+00	2026-05-23 19:14:04.956396+00	\N	Amoxicillin Cap	Amoxicillin Cap	\N	Capsule	\N	\N	\N	\N	\N	\N	f	t
7f4318ed-cf92-4d06-a1bd-2ac1784b27ce	2026-05-23 19:14:04.956396+00	2026-05-23 19:14:04.956396+00	\N	Amoxicillin Tab	Amoxicillin Tab	\N	Tablet	\N	\N	\N	\N	\N	\N	f	t
62d0dc22-7cd3-434b-a6bb-39503d958a36	2026-05-23 19:14:04.956396+00	2026-05-23 19:14:04.956396+00	\N	Amoxicillin-Pot Clavulanate	Amoxicillin-Pot Clavulanate	\N	Tablet	\N	\N	\N	\N	\N	\N	f	t
b916bae0-0266-444c-b6fd-63d53bede3fa	2026-05-23 19:14:04.956396+00	2026-05-23 19:14:04.956396+00	\N	Amoxicillin-Pot Clavulanate Er Tab	Amoxicillin-Pot Clavulanate Er Tab	\N	Tablet	\N	\N	\N	\N	\N	\N	f	t
5982fbaa-50ec-49b0-a7a9-401fafb20626	2026-05-23 19:14:04.956396+00	2026-05-23 19:14:04.956396+00	\N	Amoxicillin-Pot Clavulanate Tab	Amoxicillin-Pot Clavulanate Tab	\N	Tablet	\N	\N	\N	\N	\N	\N	f	t
709627e0-d57c-41ac-a9c0-95396c589260	2026-05-23 19:14:04.956396+00	2026-05-23 19:14:04.956396+00	\N	Amphetamine Sulfate Tab	Amphetamine Sulfate Tab	\N	Tablet	\N	\N	\N	\N	\N	\N	f	t
8fbe4140-c124-417c-af08-326f9823c5ac	2026-05-23 19:14:04.956396+00	2026-05-23 19:14:04.956396+00	\N	Amphetamine-Dextroamphet Er Cap	Amphetamine-Dextroamphet Er Cap	\N	Capsule	\N	\N	\N	\N	\N	\N	f	t
7f3b6996-532c-4013-823d-efe13a0cab05	2026-05-23 19:14:04.956396+00	2026-05-23 19:14:04.956396+00	\N	Amphetamine-Dextroamphetamine Tab	Amphetamine-Dextroamphetamine Tab	\N	Tablet	\N	\N	\N	\N	\N	\N	f	t
594a56a4-077e-4c8c-b7ba-d7c6ee8b45ca	2026-05-23 19:14:04.956396+00	2026-05-23 19:14:04.956396+00	\N	Ampicillin Cap	Ampicillin Cap	\N	Capsule	\N	\N	\N	\N	\N	\N	f	t
146c151b-118d-42e4-8fde-869618a0c6be	2026-05-23 19:14:04.956396+00	2026-05-23 19:14:04.956396+00	\N	Anagrelide Hcl Cap	Anagrelide Hcl Cap	\N	Capsule	\N	\N	\N	\N	\N	\N	f	t
c1468702-9750-42aa-89e6-579be6893e7d	2026-05-23 19:14:04.956396+00	2026-05-23 19:14:04.956396+00	\N	Anastrozole Tab	Anastrozole Tab	\N	Tablet	\N	\N	\N	\N	\N	\N	f	t
7701a11c-0c9e-4463-a489-244d43fefd69	2026-05-23 19:14:04.956396+00	2026-05-23 19:14:04.956396+00	\N	Apap-Caff-Dihydrocodeine Cap	Apap-Caff-Dihydrocodeine Cap	\N	Capsule	\N	\N	\N	\N	\N	\N	f	t
afda0494-2d16-4bb1-b8ef-a39e5a8eb9eb	2026-05-23 19:14:04.956396+00	2026-05-23 19:14:04.956396+00	\N	Apap-Caff-Dihydrocodeine Tab	Apap-Caff-Dihydrocodeine Tab	\N	Tablet	\N	\N	\N	\N	\N	\N	f	t
003fdb22-1e15-4319-a785-81ca3c6c6a7d	2026-05-23 19:14:04.956396+00	2026-05-23 19:14:04.956396+00	\N	Apomorphine Hcl   [Inj]	Apomorphine Hcl   [Inj]	\N	Injection	\N	\N	\N	\N	\N	\N	f	t
1cc87a6f-b11b-4f2a-9feb-1aa155add4bf	2026-05-23 19:14:04.956396+00	2026-05-23 19:14:04.956396+00	\N	Apraclonidine Hcl Soln	Apraclonidine Hcl Soln	\N	Solution	\N	\N	\N	\N	\N	\N	f	t
b1bac4d7-5f68-41b7-b6db-1a1fe179ece9	2026-05-23 19:14:04.956396+00	2026-05-23 19:14:04.956396+00	\N	Aprepitant	Aprepitant	\N	Tablet	\N	\N	\N	\N	\N	\N	f	t
b6d76847-f575-427e-8330-b9911daa7826	2026-05-23 19:14:04.956396+00	2026-05-23 19:14:04.956396+00	\N	Aprepitant Cap	Aprepitant Cap	\N	Capsule	\N	\N	\N	\N	\N	\N	f	t
c4d1e2da-2042-401c-94f6-9f613f41d81e	2026-05-23 19:14:04.956396+00	2026-05-23 19:14:04.956396+00	\N	Arformoterol Tartrate Neb	Arformoterol Tartrate Neb	\N	Tablet	\N	\N	\N	\N	\N	\N	f	t
ab0ba68d-6546-4097-b835-de28f43b16c9	2026-05-23 19:14:04.956396+00	2026-05-23 19:14:04.956396+00	\N	Aripiprazole Soln	Aripiprazole Soln	\N	Solution	\N	\N	\N	\N	\N	\N	f	t
bd1ed95e-36c3-41e0-9583-1618d317dd67	2026-05-23 19:14:04.956396+00	2026-05-23 19:14:04.956396+00	\N	Aripiprazole Tab	Aripiprazole Tab	\N	Tablet	\N	\N	\N	\N	\N	\N	f	t
caa9510f-e9dd-4bda-b2ae-14896e6df381	2026-05-23 19:14:04.956396+00	2026-05-23 19:14:04.956396+00	\N	Armodafinil Tab	Armodafinil Tab	\N	Tablet	\N	\N	\N	\N	\N	\N	f	t
2531e9b2-4fd2-4953-8f46-4bcd632961a0	2026-05-23 19:14:04.956396+00	2026-05-23 19:14:04.956396+00	\N	Asenapine Maleate Tab	Asenapine Maleate Tab	\N	Tablet	\N	\N	\N	\N	\N	\N	f	t
64b60c8e-3ba3-4c48-9947-6e9c90fa0981	2026-05-23 19:14:04.956396+00	2026-05-23 19:14:04.956396+00	\N	ASPIRIN	ASPIRIN	\N	Tablet	\N	\N	\N	\N	\N	\N	f	t
2bcfcb99-916f-4919-ba82-e44baad32636	2026-05-23 19:14:04.956396+00	2026-05-23 19:14:04.956396+00	\N	Aspirin-Dipyridamole Er Cap	Aspirin-Dipyridamole Er Cap	\N	Capsule	\N	\N	\N	\N	\N	\N	f	t
4f12ba15-4d7b-4c5b-93e2-3ceaa2b83ecd	2026-05-23 19:14:04.956396+00	2026-05-23 19:14:04.956396+00	\N	Atazanavir Sulfate Cap	Atazanavir Sulfate Cap	\N	Capsule	\N	\N	\N	\N	\N	\N	f	t
fc6e1563-0456-4614-9afc-a58a0183c9b4	2026-05-23 19:14:04.956396+00	2026-05-23 19:14:04.956396+00	\N	Atenolol Tab	Atenolol Tab	\N	Tablet	\N	\N	\N	\N	\N	\N	f	t
82ce794c-8dee-40d8-8c28-baaf811d1597	2026-05-23 19:14:04.956396+00	2026-05-23 19:14:04.956396+00	\N	Atenolol-Chlorthalidone Tab	Atenolol-Chlorthalidone Tab	\N	Tablet	\N	\N	\N	\N	\N	\N	f	t
9cf5d40d-e5f3-4bd0-a46f-1b2874d39656	2026-05-23 19:14:04.956396+00	2026-05-23 19:14:04.956396+00	\N	Atomoxetine Hcl Cap	Atomoxetine Hcl Cap	\N	Capsule	\N	\N	\N	\N	\N	\N	f	t
c40b2561-fe5d-40a6-a86e-cd15f3a33e2b	2026-05-23 19:14:04.956396+00	2026-05-23 19:14:04.956396+00	\N	Atorvastatin Calcium Tab	Atorvastatin Calcium Tab	\N	Tablet	\N	\N	\N	\N	\N	\N	f	t
96db0719-9c90-4c52-a45e-2e6c448b859a	2026-05-23 19:14:04.956396+00	2026-05-23 19:14:04.956396+00	\N	Atovaquone Susp	Atovaquone Susp	\N	Suspension	\N	\N	\N	\N	\N	\N	f	t
18eb7175-9870-44c9-8d1a-7ceb7d5a2ad5	2026-05-23 19:14:04.956396+00	2026-05-23 19:14:04.956396+00	\N	Atovaquone-Proguanil Hcl Tab	Atovaquone-Proguanil Hcl Tab	\N	Tablet	\N	\N	\N	\N	\N	\N	f	t
c5d54c59-4855-4f7b-b8dd-8eb89e7a2ffd	2026-05-23 19:14:04.956396+00	2026-05-23 19:14:04.956396+00	\N	Atropine Sulfate Oint	Atropine Sulfate Oint	\N	Topical	\N	\N	\N	\N	\N	\N	f	t
17218061-d1e0-4930-9978-426814ab81a5	2026-05-23 19:14:04.956396+00	2026-05-23 19:14:04.956396+00	\N	Atropine Sulfate Soln	Atropine Sulfate Soln	\N	Solution	\N	\N	\N	\N	\N	\N	f	t
40af3740-8aba-47bf-8e61-6e307d17327b	2026-05-23 19:14:04.956396+00	2026-05-23 19:14:04.956396+00	\N	Azathioprine Tab	Azathioprine Tab	\N	Tablet	\N	\N	\N	\N	\N	\N	f	t
b0bf0047-b667-4a3f-8747-b37a60aaf1c2	2026-05-23 19:14:04.956396+00	2026-05-23 19:14:04.956396+00	\N	Azelaic Acid Gel	Azelaic Acid Gel	\N	Gel	\N	\N	\N	\N	\N	\N	f	t
9198bae6-8c72-453e-bc68-237e46237f14	2026-05-23 19:14:04.956396+00	2026-05-23 19:14:04.956396+00	\N	Azelastine Hcl Soln	Azelastine Hcl Soln	\N	Solution	\N	\N	\N	\N	\N	\N	f	t
2a789f26-4fa7-46e4-a5da-3692197b2a0d	2026-05-23 19:14:04.956396+00	2026-05-23 19:14:04.956396+00	\N	Azithromycin	Azithromycin	\N	Tablet	\N	\N	\N	\N	\N	\N	f	t
00a695f8-d12c-47d2-8d01-c8a201e453b5	2026-05-23 19:14:04.956396+00	2026-05-23 19:14:04.956396+00	\N	Azithromycin Pack	Azithromycin Pack	\N	Tablet	\N	\N	\N	\N	\N	\N	f	t
1dc0f7da-3b26-40da-a5a1-94bf5a092ac1	2026-05-23 19:14:04.956396+00	2026-05-23 19:14:04.956396+00	\N	Azithromycin Tab	Azithromycin Tab	\N	Tablet	\N	\N	\N	\N	\N	\N	f	t
259b94c1-0f5d-4fe7-9f9c-84bc1f177b55	2026-05-23 19:14:04.956396+00	2026-05-23 19:14:04.956396+00	\N	Bacitra-Neomycin-Polymyxin-Hc Oint	Bacitra-Neomycin-Polymyxin-Hc Oint	\N	Topical	\N	\N	\N	\N	\N	\N	f	t
1d36093e-6dbb-4234-bc49-24b7630838aa	2026-05-23 19:14:04.956396+00	2026-05-23 19:14:04.956396+00	\N	Bacitracin Oint	Bacitracin Oint	\N	Topical	\N	\N	\N	\N	\N	\N	f	t
3742145a-f666-4962-8042-1cbd3d6bfc25	2026-05-23 19:14:04.956396+00	2026-05-23 19:14:04.956396+00	\N	Bacitracin-Polymyxin B Oint	Bacitracin-Polymyxin B Oint	\N	Topical	\N	\N	\N	\N	\N	\N	f	t
c1ec0bf5-4057-4c6c-864a-a5864f7efc50	2026-05-23 19:14:04.956396+00	2026-05-23 19:14:04.956396+00	\N	Baclofen Tab	Baclofen Tab	\N	Tablet	\N	\N	\N	\N	\N	\N	f	t
7916463f-13b3-47b2-9644-47e91d200dea	2026-05-23 19:14:04.956396+00	2026-05-23 19:14:04.956396+00	\N	Balsalazide Disodium Cap	Balsalazide Disodium Cap	\N	Capsule	\N	\N	\N	\N	\N	\N	f	t
df7435c5-f155-4359-8825-d2a2d6a76a88	2026-05-23 19:14:04.956396+00	2026-05-23 19:14:04.956396+00	\N	Belladonna Alkaloids-Opium Supp	Belladonna Alkaloids-Opium Supp	\N	Tablet	\N	\N	\N	\N	\N	\N	f	t
864059a6-7763-444c-810a-53839aadb9a6	2026-05-23 19:14:04.956396+00	2026-05-23 19:14:04.956396+00	\N	Benazepril Hcl Tab	Benazepril Hcl Tab	\N	Tablet	\N	\N	\N	\N	\N	\N	f	t
109d09e5-85db-4339-b220-32056a1e7bd3	2026-05-23 19:14:04.956396+00	2026-05-23 19:14:04.956396+00	\N	Benazepril-Hydrochlorothiazide Tab	Benazepril-Hydrochlorothiazide Tab	\N	Tablet	\N	\N	\N	\N	\N	\N	f	t
9d34421d-54ee-4407-861f-125fe2f5c846	2026-05-23 19:14:04.956396+00	2026-05-23 19:14:04.956396+00	\N	Benznidazole Tab	Benznidazole Tab	\N	Tablet	\N	\N	\N	\N	\N	\N	f	t
94abcaf6-3e0e-4a8f-930b-c9746f4cc969	2026-05-23 19:14:04.956396+00	2026-05-23 19:14:04.956396+00	\N	Benzonatate Cap	Benzonatate Cap	\N	Capsule	\N	\N	\N	\N	\N	\N	f	t
25dd44e3-d4e5-41cd-88ac-1883714e9bd4	2026-05-23 19:14:04.956396+00	2026-05-23 19:14:04.956396+00	\N	Benzoyl Peroxide Foam	Benzoyl Peroxide Foam	\N	Tablet	\N	\N	\N	\N	\N	\N	f	t
f7d70d56-946c-4382-a593-527f17732ced	2026-05-23 19:14:04.956396+00	2026-05-23 19:14:04.956396+00	\N	Benzoyl Peroxide-Erythromycin Gel	Benzoyl Peroxide-Erythromycin Gel	\N	Gel	\N	\N	\N	\N	\N	\N	f	t
383ade43-254b-4b4a-8367-4841395924b3	2026-05-23 19:14:04.956396+00	2026-05-23 19:14:04.956396+00	\N	Benzphetamine Hcl Tab	Benzphetamine Hcl Tab	\N	Tablet	\N	\N	\N	\N	\N	\N	f	t
68c4681a-a81d-4cee-8f98-5ee8c0b61c73	2026-05-23 19:14:04.956396+00	2026-05-23 19:14:04.956396+00	\N	Benztropine Mesylate Tab	Benztropine Mesylate Tab	\N	Tablet	\N	\N	\N	\N	\N	\N	f	t
ed947cb0-c744-43e8-ab70-c66c49a66a82	2026-05-23 19:14:04.956396+00	2026-05-23 19:14:04.956396+00	\N	Bepotastine Besilate Soln	Bepotastine Besilate Soln	\N	Solution	\N	\N	\N	\N	\N	\N	f	t
8a88065b-8353-4854-b3e3-c70b7577490f	2026-05-23 19:14:04.956396+00	2026-05-23 19:14:04.956396+00	\N	Betaine	Betaine	\N	Tablet	\N	\N	\N	\N	\N	\N	f	t
19a0bdf0-4071-4708-a3ac-1159cad4eb3f	2026-05-23 19:14:04.956396+00	2026-05-23 19:14:04.956396+00	\N	Betamethasone Dipropionate Aug Cream	Betamethasone Dipropionate Aug Cream	\N	Topical	\N	\N	\N	\N	\N	\N	f	t
6329f845-b32f-415c-bde4-eb12cbb44021	2026-05-23 19:14:04.956396+00	2026-05-23 19:14:04.956396+00	\N	Betamethasone Dipropionate Aug Gel	Betamethasone Dipropionate Aug Gel	\N	Gel	\N	\N	\N	\N	\N	\N	f	t
8b20109c-9594-4064-b826-df794cc14ee1	2026-05-23 19:14:04.956396+00	2026-05-23 19:14:04.956396+00	\N	Betamethasone Dipropionate Aug Lot	Betamethasone Dipropionate Aug Lot	\N	Tablet	\N	\N	\N	\N	\N	\N	f	t
ba9d64fd-f403-457d-83a6-b9c1219b87c5	2026-05-23 19:14:04.956396+00	2026-05-23 19:14:04.956396+00	\N	Betamethasone Dipropionate Aug Oint	Betamethasone Dipropionate Aug Oint	\N	Topical	\N	\N	\N	\N	\N	\N	f	t
e8a87f4d-bf78-4fa3-954e-9b7a8b603071	2026-05-23 19:14:04.956396+00	2026-05-23 19:14:04.956396+00	\N	Betamethasone Dipropionate Cream	Betamethasone Dipropionate Cream	\N	Topical	\N	\N	\N	\N	\N	\N	f	t
0443e379-cf28-481f-9125-08771a2843ab	2026-05-23 19:14:04.956396+00	2026-05-23 19:14:04.956396+00	\N	Betamethasone Dipropionate Lot	Betamethasone Dipropionate Lot	\N	Tablet	\N	\N	\N	\N	\N	\N	f	t
bcbaa602-f649-4589-86ad-300a9657895a	2026-05-23 19:14:04.956396+00	2026-05-23 19:14:04.956396+00	\N	Betamethasone Dipropionate Oint	Betamethasone Dipropionate Oint	\N	Topical	\N	\N	\N	\N	\N	\N	f	t
679ded96-3286-475c-9a0d-257bcb90c1ce	2026-05-23 19:14:04.956396+00	2026-05-23 19:14:04.956396+00	\N	Betamethasone Valerate Cream	Betamethasone Valerate Cream	\N	Topical	\N	\N	\N	\N	\N	\N	f	t
5f58d761-f9d3-47eb-916f-ceb439764d33	2026-05-23 19:14:04.956396+00	2026-05-23 19:14:04.956396+00	\N	Betamethasone Valerate Foam	Betamethasone Valerate Foam	\N	Tablet	\N	\N	\N	\N	\N	\N	f	t
d8ca2e78-040d-44ea-bd00-41b30c79b12e	2026-05-23 19:14:04.956396+00	2026-05-23 19:14:04.956396+00	\N	Betamethasone Valerate Lot	Betamethasone Valerate Lot	\N	Tablet	\N	\N	\N	\N	\N	\N	f	t
f1c16df5-01ee-4173-9ee1-0735d10e0110	2026-05-23 19:14:04.956396+00	2026-05-23 19:14:04.956396+00	\N	Betamethasone Valerate Oint	Betamethasone Valerate Oint	\N	Topical	\N	\N	\N	\N	\N	\N	f	t
37d3e6b2-683e-4697-a01f-018b644498b5	2026-05-23 19:14:04.956396+00	2026-05-23 19:14:04.956396+00	\N	Betaxolol Hcl Soln	Betaxolol Hcl Soln	\N	Solution	\N	\N	\N	\N	\N	\N	f	t
7bd4e628-3ea6-436e-9908-6b01dd55afdf	2026-05-23 19:14:04.956396+00	2026-05-23 19:14:04.956396+00	\N	Betaxolol Hcl Tab	Betaxolol Hcl Tab	\N	Tablet	\N	\N	\N	\N	\N	\N	f	t
2484aabd-edf0-44b1-ad82-360f5ace9f94	2026-05-23 19:14:04.956396+00	2026-05-23 19:14:04.956396+00	\N	Bethanechol Chloride Tab	Bethanechol Chloride Tab	\N	Tablet	\N	\N	\N	\N	\N	\N	f	t
68326493-0e3f-4794-9fd0-7fab36626811	2026-05-23 19:14:04.956396+00	2026-05-23 19:14:04.956396+00	\N	Bexarotene Cap	Bexarotene Cap	\N	Capsule	\N	\N	\N	\N	\N	\N	f	t
a018e880-3b9c-416c-9a85-f749ff80b66b	2026-05-23 19:14:04.956396+00	2026-05-23 19:14:04.956396+00	\N	Bexarotene Gel	Bexarotene Gel	\N	Gel	\N	\N	\N	\N	\N	\N	f	t
37d06aa2-c892-45a2-93f5-7f7a37302c01	2026-05-23 19:14:04.956396+00	2026-05-23 19:14:04.956396+00	\N	Bicalutamide Tab	Bicalutamide Tab	\N	Tablet	\N	\N	\N	\N	\N	\N	f	t
6bd803e1-b6d6-43e3-80ef-8a0fe681922b	2026-05-23 19:14:04.956396+00	2026-05-23 19:14:04.956396+00	\N	Bimatoprost Soln	Bimatoprost Soln	\N	Solution	\N	\N	\N	\N	\N	\N	f	t
d9043422-ad43-4940-bab3-a9ce0fa778ed	2026-05-23 19:14:04.956396+00	2026-05-23 19:14:04.956396+00	\N	Bisoprolol Fumarate Tab	Bisoprolol Fumarate Tab	\N	Tablet	\N	\N	\N	\N	\N	\N	f	t
b1d366a4-fb1a-4664-af8c-0ec05ba7807e	2026-05-23 19:14:04.956396+00	2026-05-23 19:14:04.956396+00	\N	Bisoprolol-Hydrochlorothiazide Tab	Bisoprolol-Hydrochlorothiazide Tab	\N	Tablet	\N	\N	\N	\N	\N	\N	f	t
62670817-bade-44ba-84d1-b25838b9f876	2026-05-23 19:14:04.956396+00	2026-05-23 19:14:04.956396+00	\N	Bosentan Tab	Bosentan Tab	\N	Tablet	\N	\N	\N	\N	\N	\N	f	t
8589f6ea-78db-4b01-bedf-30b2e891c727	2026-05-23 19:14:04.956396+00	2026-05-23 19:14:04.956396+00	\N	Brimonidine Tartrate Soln	Brimonidine Tartrate Soln	\N	Solution	\N	\N	\N	\N	\N	\N	f	t
47a0cdc1-9936-43d4-a4fb-dfcd85f4ebc4	2026-05-23 19:14:04.956396+00	2026-05-23 19:14:04.956396+00	\N	Brimonidine Tartrate-Timolol Soln	Brimonidine Tartrate-Timolol Soln	\N	Solution	\N	\N	\N	\N	\N	\N	f	t
503ba131-805a-42a6-86c0-5ed3c56278e6	2026-05-23 19:14:04.956396+00	2026-05-23 19:14:04.956396+00	\N	Brinzolamide Susp	Brinzolamide Susp	\N	Suspension	\N	\N	\N	\N	\N	\N	f	t
e4d49345-5694-4857-9416-e5afa3344df1	2026-05-23 19:14:04.956396+00	2026-05-23 19:14:04.956396+00	\N	Bromfenac Sodium (Once-Daily) Soln	Bromfenac Sodium (Once-Daily) Soln	\N	Solution	\N	\N	\N	\N	\N	\N	f	t
0600e133-c59c-47be-9cfd-69942dc77bb3	2026-05-23 19:14:04.956396+00	2026-05-23 19:14:04.956396+00	\N	Bromocriptine Mesylate Cap	Bromocriptine Mesylate Cap	\N	Capsule	\N	\N	\N	\N	\N	\N	f	t
fb704c3c-caf8-4f18-ad17-31f5ec7ef453	2026-05-23 19:14:04.956396+00	2026-05-23 19:14:04.956396+00	\N	Bromocriptine Mesylate Tab	Bromocriptine Mesylate Tab	\N	Tablet	\N	\N	\N	\N	\N	\N	f	t
c82c951f-4a24-418c-9d84-b6be2ff277f3	2026-05-23 19:14:04.956396+00	2026-05-23 19:14:04.956396+00	\N	Budesonide Cap	Budesonide Cap	\N	Capsule	\N	\N	\N	\N	\N	\N	f	t
cc702ff9-1b95-42ae-a313-b0abc08cb827	2026-05-23 19:14:04.956396+00	2026-05-23 19:14:04.956396+00	\N	Budesonide Er Tab	Budesonide Er Tab	\N	Tablet	\N	\N	\N	\N	\N	\N	f	t
e82a3867-3d56-4f2b-93b4-74ea51630bd4	2026-05-23 19:14:04.956396+00	2026-05-23 19:14:04.956396+00	\N	Budesonide Susp	Budesonide Susp	\N	Suspension	\N	\N	\N	\N	\N	\N	f	t
32b7f737-0519-49aa-a346-72ddbd70052d	2026-05-23 19:14:04.956396+00	2026-05-23 19:14:04.956396+00	\N	Bumetanide Tab	Bumetanide Tab	\N	Tablet	\N	\N	\N	\N	\N	\N	f	t
d32299d8-952c-44d8-a93b-5cfc7c8a584d	2026-05-23 19:14:04.956396+00	2026-05-23 19:14:04.956396+00	\N	Buprenorphine Hcl Tab	Buprenorphine Hcl Tab	\N	Tablet	\N	\N	\N	\N	\N	\N	f	t
eced326a-da26-45da-a994-60713c8cba07	2026-05-23 19:14:04.956396+00	2026-05-23 19:14:04.956396+00	\N	Buprenorphine Hcl-Naloxone Hcl Film	Buprenorphine Hcl-Naloxone Hcl Film	\N	Tablet	\N	\N	\N	\N	\N	\N	f	t
360bc654-52f2-4986-b778-0652ba369ac3	2026-05-23 19:14:04.956396+00	2026-05-23 19:14:04.956396+00	\N	Buprenorphine Hcl-Naloxone Hcl Tab	Buprenorphine Hcl-Naloxone Hcl Tab	\N	Tablet	\N	\N	\N	\N	\N	\N	f	t
ec451ef1-5a17-4af8-81d1-b2f15c104b0b	2026-05-23 19:14:04.956396+00	2026-05-23 19:14:04.956396+00	\N	Buprenorphine Patch	Buprenorphine Patch	\N	Tablet	\N	\N	\N	\N	\N	\N	f	t
a2b6b210-1203-476f-a83e-571fa82029a9	2026-05-23 19:14:04.956396+00	2026-05-23 19:14:04.956396+00	\N	Bupropion Hcl Er (Smoking Det) Tab	Bupropion Hcl Er (Smoking Det) Tab	\N	Tablet	\N	\N	\N	\N	\N	\N	f	t
6eb5e269-f139-41fe-b536-ba3f9b3fb4f9	2026-05-23 19:14:04.956396+00	2026-05-23 19:14:04.956396+00	\N	Bupropion Hcl Er (Sr) Tab	Bupropion Hcl Er (Sr) Tab	\N	Tablet	\N	\N	\N	\N	\N	\N	f	t
9264f76e-2d8d-4ff6-b012-3912632f44d8	2026-05-23 19:14:04.956396+00	2026-05-23 19:14:04.956396+00	\N	Bupropion Hcl Er (Xl) Tab	Bupropion Hcl Er (Xl) Tab	\N	Tablet	\N	\N	\N	\N	\N	\N	f	t
399a3913-bad6-4ff4-a7fe-a2347b4630d6	2026-05-23 19:14:04.956396+00	2026-05-23 19:14:04.956396+00	\N	Bupropion Hcl Tab	Bupropion Hcl Tab	\N	Tablet	\N	\N	\N	\N	\N	\N	f	t
2c9f1c02-50bc-49fb-886b-d77fb5ada9f2	2026-05-23 19:14:04.956396+00	2026-05-23 19:14:04.956396+00	\N	Buspirone Hcl Tab	Buspirone Hcl Tab	\N	Tablet	\N	\N	\N	\N	\N	\N	f	t
f5674653-e3bd-4313-bfbe-43f76904cab3	2026-05-23 19:14:04.956396+00	2026-05-23 19:14:04.956396+00	\N	Butalbital-Acetaminophen Cap	Butalbital-Acetaminophen Cap	\N	Capsule	\N	\N	\N	\N	\N	\N	f	t
1866d669-0dbd-4a73-922b-d7ac1511f96b	2026-05-23 19:14:04.956396+00	2026-05-23 19:14:04.956396+00	\N	Butalbital-Acetaminophen Tab	Butalbital-Acetaminophen Tab	\N	Tablet	\N	\N	\N	\N	\N	\N	f	t
1b5fba54-7483-4fef-b64e-10aa89892eff	2026-05-23 19:14:04.956396+00	2026-05-23 19:14:04.956396+00	\N	Butalbital-Apap-Caff-Cod Cap	Butalbital-Apap-Caff-Cod Cap	\N	Capsule	\N	\N	\N	\N	\N	\N	f	t
bdf49e49-ed16-4a46-8379-494919230ee7	2026-05-23 19:14:04.956396+00	2026-05-23 19:14:04.956396+00	\N	Butalbital-Apap-Caffeine Cap	Butalbital-Apap-Caffeine Cap	\N	Capsule	\N	\N	\N	\N	\N	\N	f	t
2274de9d-9cce-49fe-a235-58302091fb57	2026-05-23 19:14:04.956396+00	2026-05-23 19:14:04.956396+00	\N	Butalbital-Apap-Caffeine Tab	Butalbital-Apap-Caffeine Tab	\N	Tablet	\N	\N	\N	\N	\N	\N	f	t
57a468b5-f2cd-485a-8a96-7a4cb6ab1c66	2026-05-23 19:14:04.956396+00	2026-05-23 19:14:04.956396+00	\N	Butalbital-Asa-Caff-Codeine Cap	Butalbital-Asa-Caff-Codeine Cap	\N	Capsule	\N	\N	\N	\N	\N	\N	f	t
57a6f01a-8d5a-46c5-9f01-883b0dbfe28f	2026-05-23 19:14:04.956396+00	2026-05-23 19:14:04.956396+00	\N	Butalbital-Aspirin-Caffeine Cap	Butalbital-Aspirin-Caffeine Cap	\N	Capsule	\N	\N	\N	\N	\N	\N	f	t
47bb0bb2-4097-47e4-903a-3c1899c9cc48	2026-05-23 19:14:04.956396+00	2026-05-23 19:14:04.956396+00	\N	Butalbital-Aspirin-Caffeine Tab	Butalbital-Aspirin-Caffeine Tab	\N	Tablet	\N	\N	\N	\N	\N	\N	f	t
c71dabb7-bddc-45c6-954d-edfab100409d	2026-05-23 19:14:04.956396+00	2026-05-23 19:14:04.956396+00	\N	Butorphanol Tartrate Soln	Butorphanol Tartrate Soln	\N	Solution	\N	\N	\N	\N	\N	\N	f	t
cb549184-c458-44fc-b93d-da633a6ade36	2026-05-23 19:14:04.956396+00	2026-05-23 19:14:04.956396+00	\N	Cabergoline Tab	Cabergoline Tab	\N	Tablet	\N	\N	\N	\N	\N	\N	f	t
9550c807-9802-4e90-8177-e508c1691598	2026-05-23 19:14:04.956396+00	2026-05-23 19:14:04.956396+00	\N	Caffeine Citrate Soln	Caffeine Citrate Soln	\N	Solution	\N	\N	\N	\N	\N	\N	f	t
712302e3-5609-4b41-8c27-a0d6c96beb00	2026-05-23 19:14:04.956396+00	2026-05-23 19:14:04.956396+00	\N	Calcipotriene Cream	Calcipotriene Cream	\N	Topical	\N	\N	\N	\N	\N	\N	f	t
89b1ce2a-e54b-4cb2-9200-5615a3bdadbc	2026-05-23 19:14:04.956396+00	2026-05-23 19:14:04.956396+00	\N	Calcipotriene Oint	Calcipotriene Oint	\N	Topical	\N	\N	\N	\N	\N	\N	f	t
b8cdfc1d-17c4-4c0d-a93c-a8ce515bbaab	2026-05-23 19:14:04.956396+00	2026-05-23 19:14:04.956396+00	\N	Calcipotriene Soln	Calcipotriene Soln	\N	Solution	\N	\N	\N	\N	\N	\N	f	t
6148a315-74e6-4af4-a09f-75af4ea6ea89	2026-05-23 19:14:04.956396+00	2026-05-23 19:14:04.956396+00	\N	Ciclopirox Olamine Susp	Ciclopirox Olamine Susp	\N	Suspension	\N	\N	\N	\N	\N	\N	f	t
e493f4a1-5e46-40dd-b756-01b60872436d	2026-05-23 19:14:04.956396+00	2026-05-23 19:14:04.956396+00	\N	Calcipotriene-Betameth Diprop Oint	Calcipotriene-Betameth Diprop Oint	\N	Topical	\N	\N	\N	\N	\N	\N	f	t
68d3b98b-fcbc-40bf-9c7e-5231767bd204	2026-05-23 19:14:04.956396+00	2026-05-23 19:14:04.956396+00	\N	Calcipotriene-Betameth Diprop Susp	Calcipotriene-Betameth Diprop Susp	\N	Suspension	\N	\N	\N	\N	\N	\N	f	t
66851ecd-86b3-4900-8803-23d14777797c	2026-05-23 19:14:04.956396+00	2026-05-23 19:14:04.956396+00	\N	Calcitonin (Salmon) Soln	Calcitonin (Salmon) Soln	\N	Solution	\N	\N	\N	\N	\N	\N	f	t
f58a1cc0-0814-411a-8fd6-a93694836859	2026-05-23 19:14:04.956396+00	2026-05-23 19:14:04.956396+00	\N	Calcitriol Cap	Calcitriol Cap	\N	Capsule	\N	\N	\N	\N	\N	\N	f	t
cc2a5ba1-7ce7-4220-815b-f6fb463ba50d	2026-05-23 19:14:04.956396+00	2026-05-23 19:14:04.956396+00	\N	Calcitriol Oint	Calcitriol Oint	\N	Topical	\N	\N	\N	\N	\N	\N	f	t
f45269fa-cd54-4002-8439-5de03901ca49	2026-05-23 19:14:04.956396+00	2026-05-23 19:14:04.956396+00	\N	Calcitriol Soln	Calcitriol Soln	\N	Solution	\N	\N	\N	\N	\N	\N	f	t
95a0a28d-7ae9-49f7-bf2d-77f938798305	2026-05-23 19:14:04.956396+00	2026-05-23 19:14:04.956396+00	\N	Calcium Acetate (Phos Binder) Cap	Calcium Acetate (Phos Binder) Cap	\N	Capsule	\N	\N	\N	\N	\N	\N	f	t
050cb76b-6144-4e88-9442-c13b734ccce5	2026-05-23 19:14:04.956396+00	2026-05-23 19:14:04.956396+00	\N	Calcium Acetate (Phos Binder) Tab	Calcium Acetate (Phos Binder) Tab	\N	Tablet	\N	\N	\N	\N	\N	\N	f	t
3dc95642-d82e-45ae-89a8-95a2f9e45e56	2026-05-23 19:14:04.956396+00	2026-05-23 19:14:04.956396+00	\N	Calcium Acetate Tab	Calcium Acetate Tab	\N	Tablet	\N	\N	\N	\N	\N	\N	f	t
51e7b2ac-d79f-4ca6-87eb-71910ff5c99f	2026-05-23 19:14:04.956396+00	2026-05-23 19:14:04.956396+00	\N	Candesartan Cilexetil Tab	Candesartan Cilexetil Tab	\N	Tablet	\N	\N	\N	\N	\N	\N	f	t
49dc0026-9cb3-402a-a056-7b15575ba90d	2026-05-23 19:14:04.956396+00	2026-05-23 19:14:04.956396+00	\N	Candesartan Cilexetil-Hctz Tab	Candesartan Cilexetil-Hctz Tab	\N	Tablet	\N	\N	\N	\N	\N	\N	f	t
f4e7c673-5f70-4538-a085-d5b9310b3ae1	2026-05-23 19:14:04.956396+00	2026-05-23 19:14:04.956396+00	\N	Capecitabine Tab	Capecitabine Tab	\N	Tablet	\N	\N	\N	\N	\N	\N	f	t
06cd95f3-6aab-4092-b2e4-6e65e332b145	2026-05-23 19:14:04.956396+00	2026-05-23 19:14:04.956396+00	\N	Captopril Tab	Captopril Tab	\N	Tablet	\N	\N	\N	\N	\N	\N	f	t
da6aa280-8fd6-4497-bb0a-e3963fea714d	2026-05-23 19:14:04.956396+00	2026-05-23 19:14:04.956396+00	\N	Captopril-Hydrochlorothiazide Tab	Captopril-Hydrochlorothiazide Tab	\N	Tablet	\N	\N	\N	\N	\N	\N	f	t
2056bd18-f346-47d9-b461-73963973ca7b	2026-05-23 19:14:04.956396+00	2026-05-23 19:14:04.956396+00	\N	Carbamazepine Er Cap	Carbamazepine Er Cap	\N	Capsule	\N	\N	\N	\N	\N	\N	f	t
b8e2061b-3bd2-4fc9-a68f-92f716f6188c	2026-05-23 19:14:04.956396+00	2026-05-23 19:14:04.956396+00	\N	Carbamazepine Er Tab	Carbamazepine Er Tab	\N	Tablet	\N	\N	\N	\N	\N	\N	f	t
331acad1-def3-40f7-b4a6-0eb0197cd319	2026-05-23 19:14:04.956396+00	2026-05-23 19:14:04.956396+00	\N	Carbamazepine Susp	Carbamazepine Susp	\N	Suspension	\N	\N	\N	\N	\N	\N	f	t
f41e3a14-892a-4ffa-b1ed-9e277fe489e2	2026-05-23 19:14:04.956396+00	2026-05-23 19:14:04.956396+00	\N	Carbamazepine Tab	Carbamazepine Tab	\N	Tablet	\N	\N	\N	\N	\N	\N	f	t
08e4d27b-1457-4ea7-8ee1-4749b3ce39c9	2026-05-23 19:14:04.956396+00	2026-05-23 19:14:04.956396+00	\N	Carbidopa Tab	Carbidopa Tab	\N	Tablet	\N	\N	\N	\N	\N	\N	f	t
e679e6c6-7bb1-4453-9be9-d039f4db32ce	2026-05-23 19:14:04.956396+00	2026-05-23 19:14:04.956396+00	\N	Carbidopa-Levodopa Er Tab	Carbidopa-Levodopa Er Tab	\N	Tablet	\N	\N	\N	\N	\N	\N	f	t
33beea72-5d4f-431b-b5ed-576e289b6f14	2026-05-23 19:14:04.956396+00	2026-05-23 19:14:04.956396+00	\N	Carbidopa-Levodopa Tab	Carbidopa-Levodopa Tab	\N	Tablet	\N	\N	\N	\N	\N	\N	f	t
1c690710-902b-4dfd-bbab-9d67142db1c5	2026-05-23 19:14:04.956396+00	2026-05-23 19:14:04.956396+00	\N	Carbidopa-Levodopa-Entacapone Tab	Carbidopa-Levodopa-Entacapone Tab	\N	Tablet	\N	\N	\N	\N	\N	\N	f	t
a936f240-c77c-471e-961b-2d9cabfbe438	2026-05-23 19:14:04.956396+00	2026-05-23 19:14:04.956396+00	\N	Carbinoxamine Maleate Soln	Carbinoxamine Maleate Soln	\N	Solution	\N	\N	\N	\N	\N	\N	f	t
1dd90997-2893-41b4-84f2-524d531eda2f	2026-05-23 19:14:04.956396+00	2026-05-23 19:14:04.956396+00	\N	Carbinoxamine Maleate Tab	Carbinoxamine Maleate Tab	\N	Tablet	\N	\N	\N	\N	\N	\N	f	t
bd4fde31-f8eb-414a-aba4-85decc8327de	2026-05-23 19:14:04.956396+00	2026-05-23 19:14:04.956396+00	\N	Cardioplegic Soln	Cardioplegic Soln	\N	Solution	\N	\N	\N	\N	\N	\N	f	t
60c87070-5c8e-4b93-90a7-6b9216fb51ae	2026-05-23 19:14:04.956396+00	2026-05-23 19:14:04.956396+00	\N	Carglumic Acid Tab	Carglumic Acid Tab	\N	Tablet	\N	\N	\N	\N	\N	\N	f	t
725cf033-a15f-440b-aa9a-16c15e730d73	2026-05-23 19:14:04.956396+00	2026-05-23 19:14:04.956396+00	\N	Carteolol Hcl Soln	Carteolol Hcl Soln	\N	Solution	\N	\N	\N	\N	\N	\N	f	t
f6d1abe6-2a2e-48d2-8752-874814fc9ab9	2026-05-23 19:14:04.956396+00	2026-05-23 19:14:04.956396+00	\N	Carvedilol Phosphate Er Cap	Carvedilol Phosphate Er Cap	\N	Capsule	\N	\N	\N	\N	\N	\N	f	t
d74f2c30-80b4-411d-bbbb-c5179b95b903	2026-05-23 19:14:04.956396+00	2026-05-23 19:14:04.956396+00	\N	Carvedilol Tab	Carvedilol Tab	\N	Tablet	\N	\N	\N	\N	\N	\N	f	t
60d0d88e-2b47-4447-a6f6-8115e61bd8a8	2026-05-23 19:14:04.956396+00	2026-05-23 19:14:04.956396+00	\N	Cefaclor	Cefaclor	\N	Tablet	\N	\N	\N	\N	\N	\N	f	t
e55b709e-1509-43ff-b910-89b7493e5c95	2026-05-23 19:14:04.956396+00	2026-05-23 19:14:04.956396+00	\N	Cefaclor Cap	Cefaclor Cap	\N	Capsule	\N	\N	\N	\N	\N	\N	f	t
632b0926-f378-45f0-ac32-012a59505d4a	2026-05-23 19:14:04.956396+00	2026-05-23 19:14:04.956396+00	\N	Cefaclor Er Tab	Cefaclor Er Tab	\N	Tablet	\N	\N	\N	\N	\N	\N	f	t
cee28c90-ae3c-4cd9-8291-f869aa981e49	2026-05-23 19:14:04.956396+00	2026-05-23 19:14:04.956396+00	\N	Cefadroxil	Cefadroxil	\N	Tablet	\N	\N	\N	\N	\N	\N	f	t
50940dcc-c171-4804-99b0-4e8831706956	2026-05-23 19:14:04.956396+00	2026-05-23 19:14:04.956396+00	\N	Cefadroxil Cap	Cefadroxil Cap	\N	Capsule	\N	\N	\N	\N	\N	\N	f	t
9e2fcab8-1dfc-4562-94c4-456f25b35a6e	2026-05-23 19:14:04.956396+00	2026-05-23 19:14:04.956396+00	\N	Cefadroxil Tab	Cefadroxil Tab	\N	Tablet	\N	\N	\N	\N	\N	\N	f	t
0b9316bb-028a-4fe6-9c94-0e7dd14991f9	2026-05-23 19:14:04.956396+00	2026-05-23 19:14:04.956396+00	\N	Cefdinir	Cefdinir	\N	Tablet	\N	\N	\N	\N	\N	\N	f	t
bb122871-bb45-4687-80cb-958807248c12	2026-05-23 19:14:04.956396+00	2026-05-23 19:14:04.956396+00	\N	Cefdinir Cap	Cefdinir Cap	\N	Capsule	\N	\N	\N	\N	\N	\N	f	t
2c8bc52c-770d-4326-a1df-9193325241ae	2026-05-23 19:14:04.956396+00	2026-05-23 19:14:04.956396+00	\N	Cefditoren Pivoxil Tab	Cefditoren Pivoxil Tab	\N	Tablet	\N	\N	\N	\N	\N	\N	f	t
ed997f8a-f5b6-4a0f-9493-ca7c1462c1c1	2026-05-23 19:14:04.956396+00	2026-05-23 19:14:04.956396+00	\N	Cefixime	Cefixime	\N	Tablet	\N	\N	\N	\N	\N	\N	f	t
302a7da7-80aa-489b-8831-81e77e09de25	2026-05-23 19:14:04.956396+00	2026-05-23 19:14:04.956396+00	\N	Cefixime Cap	Cefixime Cap	\N	Capsule	\N	\N	\N	\N	\N	\N	f	t
fa8719a5-0614-47ed-9dda-f19ccff033cb	2026-05-23 19:14:04.956396+00	2026-05-23 19:14:04.956396+00	\N	Cefpodoxime Proxetil	Cefpodoxime Proxetil	\N	Tablet	\N	\N	\N	\N	\N	\N	f	t
e8eb3599-856f-4508-8eab-97f6acc39e21	2026-05-23 19:14:04.956396+00	2026-05-23 19:14:04.956396+00	\N	Cefpodoxime Proxetil Tab	Cefpodoxime Proxetil Tab	\N	Tablet	\N	\N	\N	\N	\N	\N	f	t
4865c281-d189-43d8-8c23-8632510101e7	2026-05-23 19:14:04.956396+00	2026-05-23 19:14:04.956396+00	\N	Cefprozil	Cefprozil	\N	Tablet	\N	\N	\N	\N	\N	\N	f	t
c621eca8-f7b2-4557-b491-d9e11204b6f4	2026-05-23 19:14:04.956396+00	2026-05-23 19:14:04.956396+00	\N	Cefprozil Tab	Cefprozil Tab	\N	Tablet	\N	\N	\N	\N	\N	\N	f	t
166ee5a2-3f06-44c8-8cd9-352b9455466f	2026-05-23 19:14:04.956396+00	2026-05-23 19:14:04.956396+00	\N	Cefuroxime Axetil Tab	Cefuroxime Axetil Tab	\N	Tablet	\N	\N	\N	\N	\N	\N	f	t
0a624a97-7508-4b92-b902-7811daea50a1	2026-05-23 19:14:04.956396+00	2026-05-23 19:14:04.956396+00	\N	Celecoxib Cap	Celecoxib Cap	\N	Capsule	\N	\N	\N	\N	\N	\N	f	t
e5420998-3489-4a1f-82eb-d84dbe2a7d56	2026-05-23 19:14:04.956396+00	2026-05-23 19:14:04.956396+00	\N	Cephalexin	Cephalexin	\N	Tablet	\N	\N	\N	\N	\N	\N	f	t
41506b84-35e1-45c4-8548-11315e43f267	2026-05-23 19:14:04.956396+00	2026-05-23 19:14:04.956396+00	\N	Cephalexin Cap	Cephalexin Cap	\N	Capsule	\N	\N	\N	\N	\N	\N	f	t
52e25f31-ad88-49ef-8633-1b300b01444b	2026-05-23 19:14:04.956396+00	2026-05-23 19:14:04.956396+00	\N	Cephalexin Tab	Cephalexin Tab	\N	Tablet	\N	\N	\N	\N	\N	\N	f	t
2d0284f2-1b1c-4672-b890-a917c379b7e1	2026-05-23 19:14:04.956396+00	2026-05-23 19:14:04.956396+00	\N	Cetirizine Hcl Soln	Cetirizine Hcl Soln	\N	Solution	\N	\N	\N	\N	\N	\N	f	t
0c375ab1-a127-4188-9537-5d9155bde3e6	2026-05-23 19:14:04.956396+00	2026-05-23 19:14:04.956396+00	\N	Cevimeline Hcl Cap	Cevimeline Hcl Cap	\N	Capsule	\N	\N	\N	\N	\N	\N	f	t
5a691bf1-4bfb-43c8-b52f-49f536dc2def	2026-05-23 19:14:04.956396+00	2026-05-23 19:14:04.956396+00	\N	Chlordiazepoxide Hcl Cap	Chlordiazepoxide Hcl Cap	\N	Capsule	\N	\N	\N	\N	\N	\N	f	t
81d8f65e-2ea0-481b-89a1-e68034c76081	2026-05-23 19:14:04.956396+00	2026-05-23 19:14:04.956396+00	\N	Chlordiazepoxide-Amitriptyline Tab	Chlordiazepoxide-Amitriptyline Tab	\N	Tablet	\N	\N	\N	\N	\N	\N	f	t
56922d05-7b2a-4b04-a6ae-4ce1b5ba929f	2026-05-23 19:14:04.956396+00	2026-05-23 19:14:04.956396+00	\N	Chlordiazepoxide-Clidinium Cap	Chlordiazepoxide-Clidinium Cap	\N	Capsule	\N	\N	\N	\N	\N	\N	f	t
527a1d3d-3e50-44c7-85c8-69745cda9c03	2026-05-23 19:14:04.956396+00	2026-05-23 19:14:04.956396+00	\N	Chlorhexidine Gluconate Soln	Chlorhexidine Gluconate Soln	\N	Solution	\N	\N	\N	\N	\N	\N	f	t
5e80e0b8-c043-4839-b14f-783a74ff7499	2026-05-23 19:14:04.956396+00	2026-05-23 19:14:04.956396+00	\N	Chloroquine Phosphate Tab	Chloroquine Phosphate Tab	\N	Tablet	\N	\N	\N	\N	\N	\N	f	t
878a40eb-2aae-4728-ba17-afcc5f59565e	2026-05-23 19:14:04.956396+00	2026-05-23 19:14:04.956396+00	\N	Chlorpromazine Hcl	Chlorpromazine Hcl	\N	Tablet	\N	\N	\N	\N	\N	\N	f	t
01db91b8-4204-45d8-9f6c-efa1eade47ea	2026-05-23 19:14:04.956396+00	2026-05-23 19:14:04.956396+00	\N	Chlorpromazine Hcl Tab	Chlorpromazine Hcl Tab	\N	Tablet	\N	\N	\N	\N	\N	\N	f	t
915d4cd0-d9e6-44dd-98c1-53d52fa81f5b	2026-05-23 19:14:04.956396+00	2026-05-23 19:14:04.956396+00	\N	Chlorthalidone Tab	Chlorthalidone Tab	\N	Tablet	\N	\N	\N	\N	\N	\N	f	t
b37daeb7-3f0e-4d28-9705-18e6aaf41f88	2026-05-23 19:14:04.956396+00	2026-05-23 19:14:04.956396+00	\N	Chlorzoxazone Tab	Chlorzoxazone Tab	\N	Tablet	\N	\N	\N	\N	\N	\N	f	t
653ae431-7827-4801-95fd-3cb0cd340e92	2026-05-23 19:14:04.956396+00	2026-05-23 19:14:04.956396+00	\N	Cholestyramine	Cholestyramine	\N	Tablet	\N	\N	\N	\N	\N	\N	f	t
4bdacc92-04be-45ec-a3ee-62df851c10de	2026-05-23 19:14:04.956396+00	2026-05-23 19:14:04.956396+00	\N	Cholestyramine Light	Cholestyramine Light	\N	Tablet	\N	\N	\N	\N	\N	\N	f	t
2e7bf8de-fab7-427d-8c20-19c16b675004	2026-05-23 19:14:04.956396+00	2026-05-23 19:14:04.956396+00	\N	Cholestyramine Light Pack	Cholestyramine Light Pack	\N	Tablet	\N	\N	\N	\N	\N	\N	f	t
5f1b24ef-fe67-414e-a665-1817eed9b08b	2026-05-23 19:14:04.956396+00	2026-05-23 19:14:04.956396+00	\N	Cholestyramine Pack	Cholestyramine Pack	\N	Tablet	\N	\N	\N	\N	\N	\N	f	t
d439bead-ef71-41ed-9120-df7f9ad0025c	2026-05-23 19:14:04.956396+00	2026-05-23 19:14:04.956396+00	\N	Ciclopirox	Ciclopirox	\N	Tablet	\N	\N	\N	\N	\N	\N	f	t
901037db-5dcf-4f68-b6fb-7b0176ef68e6	2026-05-23 19:14:04.956396+00	2026-05-23 19:14:04.956396+00	\N	Ciclopirox Gel	Ciclopirox Gel	\N	Gel	\N	\N	\N	\N	\N	\N	f	t
d306ab5b-74ce-47d4-adea-5b91b2c97672	2026-05-23 19:14:04.956396+00	2026-05-23 19:14:04.956396+00	\N	Ciclopirox Olamine Cream	Ciclopirox Olamine Cream	\N	Topical	\N	\N	\N	\N	\N	\N	f	t
b6ab831a-f0e8-4a34-91d5-bfceaa8f0f0c	2026-05-23 19:14:04.956396+00	2026-05-23 19:14:04.956396+00	\N	Ciclopirox Soln	Ciclopirox Soln	\N	Solution	\N	\N	\N	\N	\N	\N	f	t
1064d5e9-55ea-4b27-8add-9e2fcd714b72	2026-05-23 19:14:04.956396+00	2026-05-23 19:14:04.956396+00	\N	Cilostazol Tab	Cilostazol Tab	\N	Tablet	\N	\N	\N	\N	\N	\N	f	t
c2285a67-c994-4feb-9a4c-e52eda111598	2026-05-23 19:14:04.956396+00	2026-05-23 19:14:04.956396+00	\N	Cimetidine Hcl Soln	Cimetidine Hcl Soln	\N	Solution	\N	\N	\N	\N	\N	\N	f	t
ef3aedde-3d52-4ccb-8bc6-d03dd437f437	2026-05-23 19:14:04.956396+00	2026-05-23 19:14:04.956396+00	\N	Cimetidine Tab	Cimetidine Tab	\N	Tablet	\N	\N	\N	\N	\N	\N	f	t
e093f1be-02dd-4efb-9992-348956890b00	2026-05-23 19:14:04.956396+00	2026-05-23 19:14:04.956396+00	\N	Cinacalcet Hcl Tab	Cinacalcet Hcl Tab	\N	Tablet	\N	\N	\N	\N	\N	\N	f	t
fcbd7b1a-ecad-40a3-a3a0-308d73dccdcc	2026-05-23 19:14:04.956396+00	2026-05-23 19:14:04.956396+00	\N	Ciprofloxacin Hcl Soln	Ciprofloxacin Hcl Soln	\N	Solution	\N	\N	\N	\N	\N	\N	f	t
93b90c13-5b68-442f-a69b-74aa54d6b069	2026-05-23 19:14:04.956396+00	2026-05-23 19:14:04.956396+00	\N	Ciprofloxacin Hcl Tab	Ciprofloxacin Hcl Tab	\N	Tablet	\N	\N	\N	\N	\N	\N	f	t
7a00dd66-8c49-4de6-86c3-1f2ef407c24b	2026-05-23 19:14:04.956396+00	2026-05-23 19:14:04.956396+00	\N	Ciprofloxacin-Dexamethasone Susp	Ciprofloxacin-Dexamethasone Susp	\N	Suspension	\N	\N	\N	\N	\N	\N	f	t
e6183f66-6c5c-42f6-a313-77f86d7b2a0c	2026-05-23 19:14:04.956396+00	2026-05-23 19:14:04.956396+00	\N	Citalopram Hydrobromide Soln	Citalopram Hydrobromide Soln	\N	Solution	\N	\N	\N	\N	\N	\N	f	t
7f5677ed-6e59-47e7-a774-385d12a84a29	2026-05-23 19:14:04.956396+00	2026-05-23 19:14:04.956396+00	\N	Citalopram Hydrobromide Tab	Citalopram Hydrobromide Tab	\N	Tablet	\N	\N	\N	\N	\N	\N	f	t
24e7cf31-83b1-45b3-a798-93052ea80b26	2026-05-23 19:14:04.956396+00	2026-05-23 19:14:04.956396+00	\N	Clarithromycin	Clarithromycin	\N	Tablet	\N	\N	\N	\N	\N	\N	f	t
86799d8b-5f0d-4e2b-88d5-f07b77b211d4	2026-05-23 19:14:04.956396+00	2026-05-23 19:14:04.956396+00	\N	Clarithromycin Er Tab	Clarithromycin Er Tab	\N	Tablet	\N	\N	\N	\N	\N	\N	f	t
29af46dc-b50b-4c13-8925-35385d84766c	2026-05-23 19:14:04.956396+00	2026-05-23 19:14:04.956396+00	\N	Clarithromycin Tab	Clarithromycin Tab	\N	Tablet	\N	\N	\N	\N	\N	\N	f	t
f8f05bc0-68e4-48e1-88b1-aaed02f7e9f8	2026-05-23 19:14:04.956396+00	2026-05-23 19:14:04.956396+00	\N	Clemastine Fumarate Syr	Clemastine Fumarate Syr	\N	Tablet	\N	\N	\N	\N	\N	\N	f	t
155326b6-4542-47cd-b274-5dd6d994d638	2026-05-23 19:14:04.956396+00	2026-05-23 19:14:04.956396+00	\N	Clemastine Fumarate Tab	Clemastine Fumarate Tab	\N	Tablet	\N	\N	\N	\N	\N	\N	f	t
ff2746d6-7300-4c88-915e-5f19f2dd655d	2026-05-23 19:14:04.956396+00	2026-05-23 19:14:04.956396+00	\N	Clindamycin Hcl Cap	Clindamycin Hcl Cap	\N	Capsule	\N	\N	\N	\N	\N	\N	f	t
513342ca-b89f-4983-ada5-f665f21724a5	2026-05-23 19:14:04.956396+00	2026-05-23 19:14:04.956396+00	\N	Clindamycin Palmitate Hcl	Clindamycin Palmitate Hcl	\N	Tablet	\N	\N	\N	\N	\N	\N	f	t
712d019f-9929-46dd-94f6-a614cd60dfe4	2026-05-23 19:14:04.956396+00	2026-05-23 19:14:04.956396+00	\N	Clindamycin Phos-Benzoyl Perox Gel	Clindamycin Phos-Benzoyl Perox Gel	\N	Gel	\N	\N	\N	\N	\N	\N	f	t
82353909-7d29-408a-ba2d-fd1f03c9c6ff	2026-05-23 19:14:04.956396+00	2026-05-23 19:14:04.956396+00	\N	Clindamycin Phosphate	Clindamycin Phosphate	\N	Tablet	\N	\N	\N	\N	\N	\N	f	t
ba43bde3-4c5b-44d1-b335-e22e453d8530	2026-05-23 19:14:04.956396+00	2026-05-23 19:14:04.956396+00	\N	Clindamycin Phosphate Cream	Clindamycin Phosphate Cream	\N	Topical	\N	\N	\N	\N	\N	\N	f	t
b7a918e7-4777-4066-b63d-58fce2e081f9	2026-05-23 19:14:04.956396+00	2026-05-23 19:14:04.956396+00	\N	Clindamycin Phosphate Foam	Clindamycin Phosphate Foam	\N	Tablet	\N	\N	\N	\N	\N	\N	f	t
57bad3ca-9f79-436d-81ea-4557675fdd76	2026-05-23 19:14:04.956396+00	2026-05-23 19:14:04.956396+00	\N	Clindamycin Phosphate Gel	Clindamycin Phosphate Gel	\N	Gel	\N	\N	\N	\N	\N	\N	f	t
86292d9d-6ed8-4ef9-8dd8-c4438ab80533	2026-05-23 19:14:04.956396+00	2026-05-23 19:14:04.956396+00	\N	Clindamycin Phosphate Lot	Clindamycin Phosphate Lot	\N	Tablet	\N	\N	\N	\N	\N	\N	f	t
578771cb-5d0d-4413-a4a5-b1a8c787a605	2026-05-23 19:14:04.956396+00	2026-05-23 19:14:04.956396+00	\N	Clindamycin Phosphate Soln	Clindamycin Phosphate Soln	\N	Solution	\N	\N	\N	\N	\N	\N	f	t
8ba1018a-6e4e-484f-aedf-523d91eb0c81	2026-05-23 19:14:04.956396+00	2026-05-23 19:14:04.956396+00	\N	Clindamycin-Tretinoin Gel	Clindamycin-Tretinoin Gel	\N	Gel	\N	\N	\N	\N	\N	\N	f	t
2cbf262c-1d68-4686-9a73-36df72918314	2026-05-23 19:14:04.956396+00	2026-05-23 19:14:04.956396+00	\N	Clobazam Susp	Clobazam Susp	\N	Suspension	\N	\N	\N	\N	\N	\N	f	t
fbe54055-ed8d-4e2e-96e9-17dd03c790c9	2026-05-23 19:14:04.956396+00	2026-05-23 19:14:04.956396+00	\N	Clobazam Tab	Clobazam Tab	\N	Tablet	\N	\N	\N	\N	\N	\N	f	t
e831eb5d-5352-4fdb-8cba-547f8a415fee	2026-05-23 19:14:04.956396+00	2026-05-23 19:14:04.956396+00	\N	Clobetasol Prop Emollient Base Cream	Clobetasol Prop Emollient Base Cream	\N	Topical	\N	\N	\N	\N	\N	\N	f	t
3bb10309-76c7-4159-a88d-f4ea4d6966b4	2026-05-23 19:14:04.956396+00	2026-05-23 19:14:04.956396+00	\N	Clobetasol Propionate	Clobetasol Propionate	\N	Tablet	\N	\N	\N	\N	\N	\N	f	t
9c15c692-ce3a-4460-836d-782dc8c0e7d9	2026-05-23 19:14:04.956396+00	2026-05-23 19:14:04.956396+00	\N	Clobetasol Propionate Cream	Clobetasol Propionate Cream	\N	Topical	\N	\N	\N	\N	\N	\N	f	t
9ca6508e-81e1-45b0-9ed3-6e456d465b3c	2026-05-23 19:14:04.956396+00	2026-05-23 19:14:04.956396+00	\N	Clobetasol Propionate Emulsion Foam	Clobetasol Propionate Emulsion Foam	\N	Tablet	\N	\N	\N	\N	\N	\N	f	t
9e31df5c-29f5-4b00-8a2b-70396b81742f	2026-05-23 19:14:04.956396+00	2026-05-23 19:14:04.956396+00	\N	Clobetasol Propionate Foam	Clobetasol Propionate Foam	\N	Tablet	\N	\N	\N	\N	\N	\N	f	t
8e18f13a-0971-4502-b759-94b07e512b35	2026-05-23 19:14:04.956396+00	2026-05-23 19:14:04.956396+00	\N	Clobetasol Propionate Gel	Clobetasol Propionate Gel	\N	Gel	\N	\N	\N	\N	\N	\N	f	t
fa0079bd-e77f-447d-b3bd-76125031ecb6	2026-05-23 19:14:04.956396+00	2026-05-23 19:14:04.956396+00	\N	Clobetasol Propionate Liquid	Clobetasol Propionate Liquid	\N	Tablet	\N	\N	\N	\N	\N	\N	f	t
2109d323-04bd-42eb-b43d-fcba685d2253	2026-05-23 19:14:04.956396+00	2026-05-23 19:14:04.956396+00	\N	Clobetasol Propionate Lot	Clobetasol Propionate Lot	\N	Tablet	\N	\N	\N	\N	\N	\N	f	t
668f9f68-9e34-4f89-9264-6100b0b16456	2026-05-23 19:14:04.956396+00	2026-05-23 19:14:04.956396+00	\N	Clobetasol Propionate Oint	Clobetasol Propionate Oint	\N	Topical	\N	\N	\N	\N	\N	\N	f	t
03f003b0-107f-4a43-b590-68c78d467985	2026-05-23 19:14:04.956396+00	2026-05-23 19:14:04.956396+00	\N	Clobetasol Propionate Soln	Clobetasol Propionate Soln	\N	Solution	\N	\N	\N	\N	\N	\N	f	t
f48a82dd-6d39-413d-8452-8850025b9c2c	2026-05-23 19:14:04.956396+00	2026-05-23 19:14:04.956396+00	\N	Clomiphene Citrate Tab	Clomiphene Citrate Tab	\N	Tablet	\N	\N	\N	\N	\N	\N	f	t
1a44fb55-a553-4fd7-9305-f9d23f4a5501	2026-05-23 19:14:04.956396+00	2026-05-23 19:14:04.956396+00	\N	Clomipramine Hcl Cap	Clomipramine Hcl Cap	\N	Capsule	\N	\N	\N	\N	\N	\N	f	t
458574e1-3e31-434a-a5a5-8a804a099d26	2026-05-23 19:14:04.956396+00	2026-05-23 19:14:04.956396+00	\N	Clonazepam Tab	Clonazepam Tab	\N	Tablet	\N	\N	\N	\N	\N	\N	f	t
adc5b1c0-e923-49fb-bfeb-6539964aa5b7	2026-05-23 19:14:04.956396+00	2026-05-23 19:14:04.956396+00	\N	Clonidine Hcl Er Tab	Clonidine Hcl Er Tab	\N	Tablet	\N	\N	\N	\N	\N	\N	f	t
e8286657-d867-4b7e-a21f-cc3f6e317b9f	2026-05-23 19:14:04.956396+00	2026-05-23 19:14:04.956396+00	\N	Clonidine Hcl Tab	Clonidine Hcl Tab	\N	Tablet	\N	\N	\N	\N	\N	\N	f	t
8144d185-c6c8-45bf-b87c-2c089baa3ab0	2026-05-23 19:14:04.956396+00	2026-05-23 19:14:04.956396+00	\N	Clonidine Patch	Clonidine Patch	\N	Tablet	\N	\N	\N	\N	\N	\N	f	t
e183e067-72ba-443c-a337-87a5d77f83cc	2026-05-23 19:14:04.956396+00	2026-05-23 19:14:04.956396+00	\N	Clopidogrel Bisulfate Tab	Clopidogrel Bisulfate Tab	\N	Tablet	\N	\N	\N	\N	\N	\N	f	t
6881ad6c-0e4f-494e-a138-603cef9bb708	2026-05-23 19:14:04.956396+00	2026-05-23 19:14:04.956396+00	\N	Clorazepate Dipotassium Tab	Clorazepate Dipotassium Tab	\N	Tablet	\N	\N	\N	\N	\N	\N	f	t
036500e6-1ede-4baf-9605-b6d6af1fb042	2026-05-23 19:14:04.956396+00	2026-05-23 19:14:04.956396+00	\N	Clotrimazole	Clotrimazole	\N	Tablet	\N	\N	\N	\N	\N	\N	f	t
ffe89739-a1b3-45ab-aef1-d93edfd38442	2026-05-23 19:14:04.956396+00	2026-05-23 19:14:04.956396+00	\N	Clotrimazole Cream	Clotrimazole Cream	\N	Topical	\N	\N	\N	\N	\N	\N	f	t
f4663824-0af7-4236-9f21-8c855ccdf895	2026-05-23 19:14:04.956396+00	2026-05-23 19:14:04.956396+00	\N	Clotrimazole Soln	Clotrimazole Soln	\N	Solution	\N	\N	\N	\N	\N	\N	f	t
9203510f-15da-4681-b91f-7c0bec3b62aa	2026-05-23 19:14:04.956396+00	2026-05-23 19:14:04.956396+00	\N	Clotrimazole-Betamethasone Cream	Clotrimazole-Betamethasone Cream	\N	Topical	\N	\N	\N	\N	\N	\N	f	t
c17027b1-0bdf-45bd-ae75-535f89be451f	2026-05-23 19:14:04.956396+00	2026-05-23 19:14:04.956396+00	\N	Clotrimazole-Betamethasone Lot	Clotrimazole-Betamethasone Lot	\N	Tablet	\N	\N	\N	\N	\N	\N	f	t
75839be1-6aed-410f-8c6b-4276117f13f1	2026-05-23 19:14:04.956396+00	2026-05-23 19:14:04.956396+00	\N	Clozapine Tab	Clozapine Tab	\N	Tablet	\N	\N	\N	\N	\N	\N	f	t
82f47f98-8d5e-4aa0-85a8-ddc6356421ab	2026-05-23 19:14:04.956396+00	2026-05-23 19:14:04.956396+00	\N	Cod Liver Oil	Cod Liver Oil	\N	Tablet	\N	\N	\N	\N	\N	\N	f	t
bc5fa4a2-8264-4549-9520-86aadda96d3b	2026-05-23 19:14:04.956396+00	2026-05-23 19:14:04.956396+00	\N	Codeine Sulfate Tab	Codeine Sulfate Tab	\N	Tablet	\N	\N	\N	\N	\N	\N	f	t
19edd7ec-831f-4281-b392-9e8eab53c181	2026-05-23 19:14:04.956396+00	2026-05-23 19:14:04.956396+00	\N	Colchicine Tab	Colchicine Tab	\N	Tablet	\N	\N	\N	\N	\N	\N	f	t
8e5282d9-2afd-409d-969b-fde32ad455e0	2026-05-23 19:14:04.956396+00	2026-05-23 19:14:04.956396+00	\N	Colchicine-Probenecid Tab	Colchicine-Probenecid Tab	\N	Tablet	\N	\N	\N	\N	\N	\N	f	t
9c151db9-0723-4712-8516-68e1f3042a6e	2026-05-23 19:14:04.956396+00	2026-05-23 19:14:04.956396+00	\N	Colesevelam Hcl Pack	Colesevelam Hcl Pack	\N	Tablet	\N	\N	\N	\N	\N	\N	f	t
5e7deaaa-0cc2-42d0-becd-89526c587814	2026-05-23 19:14:04.956396+00	2026-05-23 19:14:04.956396+00	\N	Colesevelam Hcl Tab	Colesevelam Hcl Tab	\N	Tablet	\N	\N	\N	\N	\N	\N	f	t
64816978-b462-42d3-abcd-9f30c46d177e	2026-05-23 19:14:04.956396+00	2026-05-23 19:14:04.956396+00	\N	Colestipol Hcl	Colestipol Hcl	\N	Tablet	\N	\N	\N	\N	\N	\N	f	t
f28d3f07-5663-44e1-be4e-0c530ad880c6	2026-05-23 19:14:04.956396+00	2026-05-23 19:14:04.956396+00	\N	Colestipol Hcl Pack	Colestipol Hcl Pack	\N	Tablet	\N	\N	\N	\N	\N	\N	f	t
4306e9a5-a5a7-4068-8be9-323e15e3bd31	2026-05-23 19:14:04.956396+00	2026-05-23 19:14:04.956396+00	\N	Colestipol Hcl Tab	Colestipol Hcl Tab	\N	Tablet	\N	\N	\N	\N	\N	\N	f	t
c0d577ea-cee1-4a1a-9978-c723b4ae517d	2026-05-23 19:14:04.956396+00	2026-05-23 19:14:04.956396+00	\N	Cortisone Acetate Tab	Cortisone Acetate Tab	\N	Tablet	\N	\N	\N	\N	\N	\N	f	t
ef894afc-3485-4e2d-ad01-cf9bfbcb4904	2026-05-23 19:14:04.956396+00	2026-05-23 19:14:04.956396+00	\N	Cromolyn Sodium	Cromolyn Sodium	\N	Tablet	\N	\N	\N	\N	\N	\N	f	t
8acff67f-5eb5-49ad-bf42-03b72878845e	2026-05-23 19:14:04.956396+00	2026-05-23 19:14:04.956396+00	\N	Cromolyn Sodium Neb	Cromolyn Sodium Neb	\N	Tablet	\N	\N	\N	\N	\N	\N	f	t
98935905-a1a8-443c-9725-6aee2b0c08ac	2026-05-23 19:14:04.956396+00	2026-05-23 19:14:04.956396+00	\N	Cromolyn Sodium Soln	Cromolyn Sodium Soln	\N	Solution	\N	\N	\N	\N	\N	\N	f	t
22c1805b-b149-4c95-a230-eef25ae83f15	2026-05-23 19:14:04.956396+00	2026-05-23 19:14:04.956396+00	\N	Cyclobenzaprine Hcl Tab	Cyclobenzaprine Hcl Tab	\N	Tablet	\N	\N	\N	\N	\N	\N	f	t
ff1ee06d-1593-4e37-90ce-85dcb099687f	2026-05-23 19:14:04.956396+00	2026-05-23 19:14:04.956396+00	\N	Cyclopentolate Hcl Soln	Cyclopentolate Hcl Soln	\N	Solution	\N	\N	\N	\N	\N	\N	f	t
70a426dd-0616-43cc-837e-913ad9c9c837	2026-05-23 19:14:04.956396+00	2026-05-23 19:14:04.956396+00	\N	Cyclophosphamide Cap	Cyclophosphamide Cap	\N	Capsule	\N	\N	\N	\N	\N	\N	f	t
fe9783d5-fb67-4640-83f6-510b9ae08929	2026-05-23 19:14:04.956396+00	2026-05-23 19:14:04.956396+00	\N	Cyclosporine Cap	Cyclosporine Cap	\N	Capsule	\N	\N	\N	\N	\N	\N	f	t
f6dc9253-b228-41cf-a68a-b32dc8f4d88d	2026-05-23 19:14:04.956396+00	2026-05-23 19:14:04.956396+00	\N	Cyclosporine Emul	Cyclosporine Emul	\N	Tablet	\N	\N	\N	\N	\N	\N	f	t
a0b37660-4259-49c9-9cd6-c1b29e90715f	2026-05-23 19:14:04.956396+00	2026-05-23 19:14:04.956396+00	\N	Cyclosporine Modified Cap	Cyclosporine Modified Cap	\N	Capsule	\N	\N	\N	\N	\N	\N	f	t
58da24b5-0dec-4dd1-ada5-709cf44afb90	2026-05-23 19:14:04.956396+00	2026-05-23 19:14:04.956396+00	\N	Cyclosporine Modified Soln	Cyclosporine Modified Soln	\N	Solution	\N	\N	\N	\N	\N	\N	f	t
fb54a822-536c-4746-aeaf-add536be0b98	2026-05-23 19:14:04.956396+00	2026-05-23 19:14:04.956396+00	\N	Cyproheptadine Hcl Syr	Cyproheptadine Hcl Syr	\N	Tablet	\N	\N	\N	\N	\N	\N	f	t
89ed2369-04a5-4f70-8616-9a22209ff160	2026-05-23 19:14:04.956396+00	2026-05-23 19:14:04.956396+00	\N	Cyproheptadine Hcl Tab	Cyproheptadine Hcl Tab	\N	Tablet	\N	\N	\N	\N	\N	\N	f	t
9c7821ca-acfa-464b-a0c6-dc7f502540f6	2026-05-23 19:14:04.956396+00	2026-05-23 19:14:04.956396+00	\N	Dabigatran Etexilate Mesylate Cap	Dabigatran Etexilate Mesylate Cap	\N	Capsule	\N	\N	\N	\N	\N	\N	f	t
958c5489-27fb-4dc3-8fbf-7b6476bc777f	2026-05-23 19:14:04.956396+00	2026-05-23 19:14:04.956396+00	\N	Dalfampridine Er Tab	Dalfampridine Er Tab	\N	Tablet	\N	\N	\N	\N	\N	\N	f	t
bf4fedb4-240f-454d-808a-8f95e361ad6a	2026-05-23 19:14:04.956396+00	2026-05-23 19:14:04.956396+00	\N	Danazol Cap	Danazol Cap	\N	Capsule	\N	\N	\N	\N	\N	\N	f	t
a59440ba-37d1-4137-a851-cdccb99c7458	2026-05-23 19:14:04.956396+00	2026-05-23 19:14:04.956396+00	\N	Dantrolene Sodium Cap	Dantrolene Sodium Cap	\N	Capsule	\N	\N	\N	\N	\N	\N	f	t
9dfd76c6-ccfa-4d17-9bc3-30282147d3f5	2026-05-23 19:14:04.956396+00	2026-05-23 19:14:04.956396+00	\N	Dapsone Gel	Dapsone Gel	\N	Gel	\N	\N	\N	\N	\N	\N	f	t
c79637a6-f642-4538-acd6-cb432d34e3bb	2026-05-23 19:14:04.956396+00	2026-05-23 19:14:04.956396+00	\N	Dapsone Tab	Dapsone Tab	\N	Tablet	\N	\N	\N	\N	\N	\N	f	t
9e1bd098-e0a1-4f99-9213-dcf50c11ebbf	2026-05-23 19:14:04.956396+00	2026-05-23 19:14:04.956396+00	\N	Darifenacin Hydrobromide Er Tab	Darifenacin Hydrobromide Er Tab	\N	Tablet	\N	\N	\N	\N	\N	\N	f	t
28c65b04-e619-42d7-980a-0fc620fb1c23	2026-05-23 19:14:04.956396+00	2026-05-23 19:14:04.956396+00	\N	Deferasirox Granules Pack	Deferasirox Granules Pack	\N	Tablet	\N	\N	\N	\N	\N	\N	f	t
d7a12e35-223b-427e-802d-10b881f4a189	2026-05-23 19:14:04.956396+00	2026-05-23 19:14:04.956396+00	\N	Deferasirox Pack	Deferasirox Pack	\N	Tablet	\N	\N	\N	\N	\N	\N	f	t
eb4cb856-b818-4e40-b389-446bd8dbc3f0	2026-05-23 19:14:04.956396+00	2026-05-23 19:14:04.956396+00	\N	Deferasirox Tab	Deferasirox Tab	\N	Tablet	\N	\N	\N	\N	\N	\N	f	t
6066da3c-f1b9-47a8-bd46-a6948f4e19dc	2026-05-23 19:14:04.956396+00	2026-05-23 19:14:04.956396+00	\N	Deferiprone Tab	Deferiprone Tab	\N	Tablet	\N	\N	\N	\N	\N	\N	f	t
95fdbace-774c-4f8e-9712-712266028a55	2026-05-23 19:14:04.956396+00	2026-05-23 19:14:04.956396+00	\N	Demeclocycline Hcl Tab	Demeclocycline Hcl Tab	\N	Tablet	\N	\N	\N	\N	\N	\N	f	t
b8dad7e7-927a-4584-a817-da988055846e	2026-05-23 19:14:04.956396+00	2026-05-23 19:14:04.956396+00	\N	Desflurane Soln	Desflurane Soln	\N	Solution	\N	\N	\N	\N	\N	\N	f	t
c8db4a51-56be-4dc5-9450-7076f24aadce	2026-05-23 19:14:04.956396+00	2026-05-23 19:14:04.956396+00	\N	Desipramine Hcl Tab	Desipramine Hcl Tab	\N	Tablet	\N	\N	\N	\N	\N	\N	f	t
d76aede4-eab9-4d54-8852-d1365918dcf5	2026-05-23 19:14:04.956396+00	2026-05-23 19:14:04.956396+00	\N	Desloratadine Tab	Desloratadine Tab	\N	Tablet	\N	\N	\N	\N	\N	\N	f	t
01a36f04-c3ac-44bf-9b49-b1e7c043562d	2026-05-23 19:14:04.956396+00	2026-05-23 19:14:04.956396+00	\N	Desmopressin Ace Spray Refrig Soln	Desmopressin Ace Spray Refrig Soln	\N	Solution	\N	\N	\N	\N	\N	\N	f	t
6769ac56-4b22-45f1-8006-a9fdec80b5b1	2026-05-23 19:14:04.956396+00	2026-05-23 19:14:04.956396+00	\N	Desmopressin Acetate Soln	Desmopressin Acetate Soln	\N	Solution	\N	\N	\N	\N	\N	\N	f	t
9e6e7004-37ce-484e-aad7-6f8abbad6172	2026-05-23 19:14:04.956396+00	2026-05-23 19:14:04.956396+00	\N	Desmopressin Acetate Spray Soln	Desmopressin Acetate Spray Soln	\N	Solution	\N	\N	\N	\N	\N	\N	f	t
e20aff49-1b60-47db-9b95-113ceac2ae1f	2026-05-23 19:14:04.956396+00	2026-05-23 19:14:04.956396+00	\N	Desmopressin Acetate Tab	Desmopressin Acetate Tab	\N	Tablet	\N	\N	\N	\N	\N	\N	f	t
ee871b5e-72cd-4226-aece-1d755276afea	2026-05-23 19:14:04.956396+00	2026-05-23 19:14:04.956396+00	\N	Desogestrel-Ethinyl Estradiol Tab	Desogestrel-Ethinyl Estradiol Tab	\N	Tablet	\N	\N	\N	\N	\N	\N	f	t
62d43e35-1d9a-4d52-8995-b72be9201b72	2026-05-23 19:14:04.956396+00	2026-05-23 19:14:04.956396+00	\N	Desonide Cream	Desonide Cream	\N	Topical	\N	\N	\N	\N	\N	\N	f	t
9417fe62-8a2d-4d05-8101-33b455a10c22	2026-05-23 19:14:04.956396+00	2026-05-23 19:14:04.956396+00	\N	Desonide Gel	Desonide Gel	\N	Gel	\N	\N	\N	\N	\N	\N	f	t
fb5c8626-c33c-49c2-af85-4704ba96cefd	2026-05-23 19:14:04.956396+00	2026-05-23 19:14:04.956396+00	\N	Desonide Lot	Desonide Lot	\N	Tablet	\N	\N	\N	\N	\N	\N	f	t
a3a31160-e9bf-4037-ab10-8de0784eec36	2026-05-23 19:14:04.956396+00	2026-05-23 19:14:04.956396+00	\N	Desonide Oint	Desonide Oint	\N	Topical	\N	\N	\N	\N	\N	\N	f	t
a09322eb-d945-4501-b859-0c5b80f1a9d6	2026-05-23 19:14:04.956396+00	2026-05-23 19:14:04.956396+00	\N	Desoximetasone Cream	Desoximetasone Cream	\N	Topical	\N	\N	\N	\N	\N	\N	f	t
d7acf61a-ad48-446f-83c8-93392723f161	2026-05-23 19:14:04.956396+00	2026-05-23 19:14:04.956396+00	\N	Desoximetasone Gel	Desoximetasone Gel	\N	Gel	\N	\N	\N	\N	\N	\N	f	t
ec72a188-152e-4e48-8d67-b8d343552fea	2026-05-23 19:14:04.956396+00	2026-05-23 19:14:04.956396+00	\N	Desoximetasone Liquid	Desoximetasone Liquid	\N	Tablet	\N	\N	\N	\N	\N	\N	f	t
12c25615-7f90-4e50-b19f-0c4ca50f8200	2026-05-23 19:14:04.956396+00	2026-05-23 19:14:04.956396+00	\N	Desoximetasone Oint	Desoximetasone Oint	\N	Topical	\N	\N	\N	\N	\N	\N	f	t
3cd51dd2-775d-44aa-a4da-4c402abc93e1	2026-05-23 19:14:04.956396+00	2026-05-23 19:14:04.956396+00	\N	Desvenlafaxine Succinate Er Tab	Desvenlafaxine Succinate Er Tab	\N	Tablet	\N	\N	\N	\N	\N	\N	f	t
08b6e45a-fcf5-4b6f-bc75-2574c8d502e8	2026-05-23 19:14:04.956396+00	2026-05-23 19:14:04.956396+00	\N	Dexamethasone Elix	Dexamethasone Elix	\N	Tablet	\N	\N	\N	\N	\N	\N	f	t
69ce6b61-35c0-4f13-ad64-f7f25936ebc3	2026-05-23 19:14:04.956396+00	2026-05-23 19:14:04.956396+00	\N	Dexamethasone Sodium Phosphate Soln	Dexamethasone Sodium Phosphate Soln	\N	Solution	\N	\N	\N	\N	\N	\N	f	t
2ac73645-aa3e-40a4-a3da-102d97b51e73	2026-05-23 19:14:04.956396+00	2026-05-23 19:14:04.956396+00	\N	Dexamethasone Soln	Dexamethasone Soln	\N	Solution	\N	\N	\N	\N	\N	\N	f	t
2c849ef9-3a3f-4a6a-bfea-3e7ae13e727c	2026-05-23 19:14:04.956396+00	2026-05-23 19:14:04.956396+00	\N	Dexamethasone Tab	Dexamethasone Tab	\N	Tablet	\N	\N	\N	\N	\N	\N	f	t
5b086391-6860-4d7c-991c-89b3d0d30675	2026-05-23 19:14:04.956396+00	2026-05-23 19:14:04.956396+00	\N	Dexchlorpheniramine Maleate Soln	Dexchlorpheniramine Maleate Soln	\N	Solution	\N	\N	\N	\N	\N	\N	f	t
f737a0f0-546c-46c4-b9ab-e271c6ba7f5a	2026-05-23 19:14:04.956396+00	2026-05-23 19:14:04.956396+00	\N	Dexlansoprazole Cap	Dexlansoprazole Cap	\N	Capsule	\N	\N	\N	\N	\N	\N	f	t
3bc15d86-31c2-41e0-bda2-494f07fd65fc	2026-05-23 19:14:04.956396+00	2026-05-23 19:14:04.956396+00	\N	Dexmethylphenidate Hcl Er Cap	Dexmethylphenidate Hcl Er Cap	\N	Capsule	\N	\N	\N	\N	\N	\N	f	t
26700356-15dc-4cf5-9ed7-e69aacd2726d	2026-05-23 19:14:04.956396+00	2026-05-23 19:14:04.956396+00	\N	Dexmethylphenidate Hcl Tab	Dexmethylphenidate Hcl Tab	\N	Tablet	\N	\N	\N	\N	\N	\N	f	t
ca680641-685b-48c6-9e07-4f5381b68f29	2026-05-23 19:14:04.956396+00	2026-05-23 19:14:04.956396+00	\N	Dextroamphetamine Sulfate Er Cap	Dextroamphetamine Sulfate Er Cap	\N	Capsule	\N	\N	\N	\N	\N	\N	f	t
d4ce0fab-fc57-41c0-a6b2-eaa14714f238	2026-05-23 19:14:04.956396+00	2026-05-23 19:14:04.956396+00	\N	Dextroamphetamine Sulfate Soln	Dextroamphetamine Sulfate Soln	\N	Solution	\N	\N	\N	\N	\N	\N	f	t
fca2a459-c807-4244-8087-56d7b155d4cf	2026-05-23 19:14:04.956396+00	2026-05-23 19:14:04.956396+00	\N	Dextroamphetamine Sulfate Tab	Dextroamphetamine Sulfate Tab	\N	Tablet	\N	\N	\N	\N	\N	\N	f	t
febbce84-f4b8-44d4-a9a5-9bfbcaf7ede5	2026-05-23 19:14:04.956396+00	2026-05-23 19:14:04.956396+00	\N	Diazepam	Diazepam	\N	Tablet	\N	\N	\N	\N	\N	\N	f	t
b2070866-ea2d-47fe-b2bd-cb2f9c076208	2026-05-23 19:14:04.956396+00	2026-05-23 19:14:04.956396+00	\N	Diazepam Gel	Diazepam Gel	\N	Gel	\N	\N	\N	\N	\N	\N	f	t
f177702b-bc16-44d1-b186-095cd47241e5	2026-05-23 19:14:04.956396+00	2026-05-23 19:14:04.956396+00	\N	Diazepam Soln	Diazepam Soln	\N	Solution	\N	\N	\N	\N	\N	\N	f	t
5aaeeea9-6871-48b9-a45b-e01c6aa61095	2026-05-23 19:14:04.956396+00	2026-05-23 19:14:04.956396+00	\N	Diazepam Tab	Diazepam Tab	\N	Tablet	\N	\N	\N	\N	\N	\N	f	t
0e6016da-916e-4175-86f9-7d57f52ce738	2026-05-23 19:14:04.956396+00	2026-05-23 19:14:04.956396+00	\N	Diazoxide Susp	Diazoxide Susp	\N	Suspension	\N	\N	\N	\N	\N	\N	f	t
50a715f0-c00b-4db4-912c-98836e217b5d	2026-05-23 19:14:04.956396+00	2026-05-23 19:14:04.956396+00	\N	Diclofenac Potassium Tab	Diclofenac Potassium Tab	\N	Tablet	\N	\N	\N	\N	\N	\N	f	t
52d99a11-1a58-4e12-ac06-b6f87eb4d5f0	2026-05-23 19:14:04.956396+00	2026-05-23 19:14:04.956396+00	\N	Diclofenac Sodium Er Tab	Diclofenac Sodium Er Tab	\N	Tablet	\N	\N	\N	\N	\N	\N	f	t
e70c9cc9-1b81-444a-8445-3bc64566a8b1	2026-05-23 19:14:04.956396+00	2026-05-23 19:14:04.956396+00	\N	Diclofenac Sodium Gel	Diclofenac Sodium Gel	\N	Gel	\N	\N	\N	\N	\N	\N	f	t
45b3efda-eea9-4f3f-959e-192a252b5a72	2026-05-23 19:14:04.956396+00	2026-05-23 19:14:04.956396+00	\N	Diclofenac Sodium Soln	Diclofenac Sodium Soln	\N	Solution	\N	\N	\N	\N	\N	\N	f	t
0c2af503-75e5-451e-ba66-b40e49f12111	2026-05-23 19:14:04.956396+00	2026-05-23 19:14:04.956396+00	\N	Diclofenac Sodium Tab	Diclofenac Sodium Tab	\N	Tablet	\N	\N	\N	\N	\N	\N	f	t
a22a0576-0d28-42a4-9d94-7de50f6bf626	2026-05-23 19:14:04.956396+00	2026-05-23 19:14:04.956396+00	\N	Diclofenac-Misoprostol Tab	Diclofenac-Misoprostol Tab	\N	Tablet	\N	\N	\N	\N	\N	\N	f	t
b5966e10-0fc6-47a1-b90c-860264de2a1e	2026-05-23 19:14:04.956396+00	2026-05-23 19:14:04.956396+00	\N	Dicloxacillin Sodium Cap	Dicloxacillin Sodium Cap	\N	Capsule	\N	\N	\N	\N	\N	\N	f	t
5b9e7f72-c538-40cc-8da7-cffd05963d22	2026-05-23 19:14:04.956396+00	2026-05-23 19:14:04.956396+00	\N	Dicyclomine Hcl Cap	Dicyclomine Hcl Cap	\N	Capsule	\N	\N	\N	\N	\N	\N	f	t
b59c6978-258e-4372-af1f-818c79756ea7	2026-05-23 19:14:04.956396+00	2026-05-23 19:14:04.956396+00	\N	Dicyclomine Hcl Soln	Dicyclomine Hcl Soln	\N	Solution	\N	\N	\N	\N	\N	\N	f	t
6eaf5e6e-162a-4f2f-9f51-77026b99e71b	2026-05-23 19:14:04.956396+00	2026-05-23 19:14:04.956396+00	\N	Dicyclomine Hcl Tab	Dicyclomine Hcl Tab	\N	Tablet	\N	\N	\N	\N	\N	\N	f	t
fdba21d2-0bbf-4c7b-8337-1cbea7113de1	2026-05-23 19:14:04.956396+00	2026-05-23 19:14:04.956396+00	\N	Didanosine Cap	Didanosine Cap	\N	Capsule	\N	\N	\N	\N	\N	\N	f	t
ea92ff23-d4e4-4e1b-a7c9-d9f2f65964f3	2026-05-23 19:14:04.956396+00	2026-05-23 19:14:04.956396+00	\N	Diethylpropion Hcl Er Tab	Diethylpropion Hcl Er Tab	\N	Tablet	\N	\N	\N	\N	\N	\N	f	t
f832e8a8-c5fa-46ac-aa2c-7ceefca1e763	2026-05-23 19:14:04.956396+00	2026-05-23 19:14:04.956396+00	\N	Diethylpropion Hcl Tab	Diethylpropion Hcl Tab	\N	Tablet	\N	\N	\N	\N	\N	\N	f	t
e32afdcc-ccbf-48c3-b21a-b89de2149084	2026-05-23 19:14:04.956396+00	2026-05-23 19:14:04.956396+00	\N	Diflorasone Diacetate Cream	Diflorasone Diacetate Cream	\N	Topical	\N	\N	\N	\N	\N	\N	f	t
0242be45-e899-4093-a3e3-8805ab079894	2026-05-23 19:14:04.956396+00	2026-05-23 19:14:04.956396+00	\N	Diflorasone Diacetate Oint	Diflorasone Diacetate Oint	\N	Topical	\N	\N	\N	\N	\N	\N	f	t
2cac7f40-511c-4a62-88cf-ceb863643678	2026-05-23 19:14:04.956396+00	2026-05-23 19:14:04.956396+00	\N	Diflunisal Tab	Diflunisal Tab	\N	Tablet	\N	\N	\N	\N	\N	\N	f	t
212cba17-f7a4-4771-955d-3f5f11a251bb	2026-05-23 19:14:04.956396+00	2026-05-23 19:14:04.956396+00	\N	Difluprednate Emul	Difluprednate Emul	\N	Tablet	\N	\N	\N	\N	\N	\N	f	t
1a404d69-42e5-490e-8824-309424ff9001	2026-05-23 19:14:04.956396+00	2026-05-23 19:14:04.956396+00	\N	Digoxin Soln	Digoxin Soln	\N	Solution	\N	\N	\N	\N	\N	\N	f	t
b6508f98-eed1-4324-87d6-08266956cf66	2026-05-23 19:14:04.956396+00	2026-05-23 19:14:04.956396+00	\N	Digoxin Tab	Digoxin Tab	\N	Tablet	\N	\N	\N	\N	\N	\N	f	t
60eb0395-8f6b-445e-81a5-14998b4e2de2	2026-05-23 19:14:04.956396+00	2026-05-23 19:14:04.956396+00	\N	Dihydroergotamine Mesylate Soln	Dihydroergotamine Mesylate Soln	\N	Solution	\N	\N	\N	\N	\N	\N	f	t
239164e4-044d-4a1d-97cf-554277826e89	2026-05-23 19:14:04.956396+00	2026-05-23 19:14:04.956396+00	\N	Diltiazem Hcl Er Beads Cap	Diltiazem Hcl Er Beads Cap	\N	Capsule	\N	\N	\N	\N	\N	\N	f	t
2707d682-a83e-4f35-9ffe-3fa5a981c6d6	2026-05-23 19:14:04.956396+00	2026-05-23 19:14:04.956396+00	\N	Diltiazem Hcl Er Cap	Diltiazem Hcl Er Cap	\N	Capsule	\N	\N	\N	\N	\N	\N	f	t
e1f4e278-f96d-4ec5-9b65-1e2b43f05141	2026-05-23 19:14:04.956396+00	2026-05-23 19:14:04.956396+00	\N	Diltiazem Hcl Er Coated Beads Cap	Diltiazem Hcl Er Coated Beads Cap	\N	Capsule	\N	\N	\N	\N	\N	\N	f	t
46d161b9-249d-4e32-bd7d-05abaf6f596b	2026-05-23 19:14:04.956396+00	2026-05-23 19:14:04.956396+00	\N	Diltiazem Hcl Er Coated Beads Tab	Diltiazem Hcl Er Coated Beads Tab	\N	Tablet	\N	\N	\N	\N	\N	\N	f	t
0f8b79ab-6f70-47dc-9267-ff4836d1e2c8	2026-05-23 19:14:04.956396+00	2026-05-23 19:14:04.956396+00	\N	Diltiazem Hcl Tab	Diltiazem Hcl Tab	\N	Tablet	\N	\N	\N	\N	\N	\N	f	t
5de3a367-cee1-417a-86a2-de94030fe79c	2026-05-23 19:14:04.956396+00	2026-05-23 19:14:04.956396+00	\N	Dimethyl Fumarate Cap	Dimethyl Fumarate Cap	\N	Capsule	\N	\N	\N	\N	\N	\N	f	t
afc39275-cf1e-40f5-8af3-89316ab6e361	2026-05-23 19:14:04.956396+00	2026-05-23 19:14:04.956396+00	\N	Dimethyl Fumarate Starter Pack	Dimethyl Fumarate Starter Pack	\N	Tablet	\N	\N	\N	\N	\N	\N	f	t
fd11b91d-e7e4-4333-9a16-aa759f7cb048	2026-05-23 19:14:04.956396+00	2026-05-23 19:14:04.956396+00	\N	Diphenhydramine Hcl Elix	Diphenhydramine Hcl Elix	\N	Tablet	\N	\N	\N	\N	\N	\N	f	t
0f9d72da-45b0-4fcb-a3aa-35dae2b58b7c	2026-05-23 19:14:04.956396+00	2026-05-23 19:14:04.956396+00	\N	Diphenoxylate-Atropine Liquid	Diphenoxylate-Atropine Liquid	\N	Tablet	\N	\N	\N	\N	\N	\N	f	t
1b43047d-5979-4ab3-9f54-220db15aef34	2026-05-23 19:14:04.956396+00	2026-05-23 19:14:04.956396+00	\N	Diphenoxylate-Atropine Tab	Diphenoxylate-Atropine Tab	\N	Tablet	\N	\N	\N	\N	\N	\N	f	t
b461fd42-1779-42e1-8b50-87e788ff2116	2026-05-23 19:14:04.956396+00	2026-05-23 19:14:04.956396+00	\N	Dipyridamole Tab	Dipyridamole Tab	\N	Tablet	\N	\N	\N	\N	\N	\N	f	t
7d563c8e-61c6-48be-9e05-f1a8125b7770	2026-05-23 19:14:04.956396+00	2026-05-23 19:14:04.956396+00	\N	Disulfiram Tab	Disulfiram Tab	\N	Tablet	\N	\N	\N	\N	\N	\N	f	t
d49a29f0-1d44-48bd-be9c-436232e6a0a6	2026-05-23 19:14:04.956396+00	2026-05-23 19:14:04.956396+00	\N	Divalproex Sodium Cap	Divalproex Sodium Cap	\N	Capsule	\N	\N	\N	\N	\N	\N	f	t
4b29b5b5-2956-43db-ab0a-5786560e6197	2026-05-23 19:14:04.956396+00	2026-05-23 19:14:04.956396+00	\N	Divalproex Sodium Er Tab	Divalproex Sodium Er Tab	\N	Tablet	\N	\N	\N	\N	\N	\N	f	t
562683e4-32d8-4369-b43a-dbc78fa7b22f	2026-05-23 19:14:04.956396+00	2026-05-23 19:14:04.956396+00	\N	Divalproex Sodium Tab	Divalproex Sodium Tab	\N	Tablet	\N	\N	\N	\N	\N	\N	f	t
f1ebe935-901b-472d-87b9-0bd9b583fdba	2026-05-23 19:14:04.956396+00	2026-05-23 19:14:04.956396+00	\N	Dofetilide Cap	Dofetilide Cap	\N	Capsule	\N	\N	\N	\N	\N	\N	f	t
9d915d89-eeb0-4dcd-bccc-b6343b524b9d	2026-05-23 19:14:04.956396+00	2026-05-23 19:14:04.956396+00	\N	Donepezil Hcl Tab	Donepezil Hcl Tab	\N	Tablet	\N	\N	\N	\N	\N	\N	f	t
99e6856c-ac49-4cf4-a20a-2a3f1cb5cb19	2026-05-23 19:14:04.956396+00	2026-05-23 19:14:04.956396+00	\N	Dorzolamide Hcl Soln	Dorzolamide Hcl Soln	\N	Solution	\N	\N	\N	\N	\N	\N	f	t
70f2269d-58c3-4f16-a15f-e598c32968d9	2026-05-23 19:14:04.956396+00	2026-05-23 19:14:04.956396+00	\N	Dorzolamide Hcl-Timolol Mal Pf Soln	Dorzolamide Hcl-Timolol Mal Pf Soln	\N	Solution	\N	\N	\N	\N	\N	\N	f	t
34b63427-5abe-45cf-bdd9-2a8fe601b830	2026-05-23 19:14:04.956396+00	2026-05-23 19:14:04.956396+00	\N	Dorzolamide Hcl-Timolol Mal Soln	Dorzolamide Hcl-Timolol Mal Soln	\N	Solution	\N	\N	\N	\N	\N	\N	f	t
53a9f2c2-7b0a-4bab-8d05-d2cd37d20b85	2026-05-23 19:14:04.956396+00	2026-05-23 19:14:04.956396+00	\N	Doxazosin Mesylate Tab	Doxazosin Mesylate Tab	\N	Tablet	\N	\N	\N	\N	\N	\N	f	t
23d6fabd-0423-497d-9809-4bec81c1bcfe	2026-05-23 19:14:04.956396+00	2026-05-23 19:14:04.956396+00	\N	Doxepin Hcl	Doxepin Hcl	\N	Tablet	\N	\N	\N	\N	\N	\N	f	t
a062a3f7-058a-483e-9985-97fdebf91691	2026-05-23 19:14:04.956396+00	2026-05-23 19:14:04.956396+00	\N	Doxepin Hcl Cap	Doxepin Hcl Cap	\N	Capsule	\N	\N	\N	\N	\N	\N	f	t
e48d8c56-6e82-4b84-b3f1-e1e88299463a	2026-05-23 19:14:04.956396+00	2026-05-23 19:14:04.956396+00	\N	Doxepin Hcl Cream	Doxepin Hcl Cream	\N	Topical	\N	\N	\N	\N	\N	\N	f	t
68bf3cc1-7c3d-4f32-b911-f26ecf98d48f	2026-05-23 19:14:04.956396+00	2026-05-23 19:14:04.956396+00	\N	Doxepin Hcl Tab	Doxepin Hcl Tab	\N	Tablet	\N	\N	\N	\N	\N	\N	f	t
4164698c-9818-4c0d-aeaf-c55ed0d70f96	2026-05-23 19:14:04.956396+00	2026-05-23 19:14:04.956396+00	\N	Doxercalciferol Cap	Doxercalciferol Cap	\N	Capsule	\N	\N	\N	\N	\N	\N	f	t
291247d4-da3f-419f-9a90-6f7ed97e0e9b	2026-05-23 19:14:04.956396+00	2026-05-23 19:14:04.956396+00	\N	Doxycycline Hyclate Cap	Doxycycline Hyclate Cap	\N	Capsule	\N	\N	\N	\N	\N	\N	f	t
77790362-d5fd-49a5-be46-898d1a13649d	2026-05-23 19:14:04.956396+00	2026-05-23 19:14:04.956396+00	\N	Doxycycline Hyclate Tab	Doxycycline Hyclate Tab	\N	Tablet	\N	\N	\N	\N	\N	\N	f	t
55e9ce8f-38f2-4dce-a1bd-0096c98a4346	2026-05-23 19:14:04.956396+00	2026-05-23 19:14:04.956396+00	\N	Doxycycline Monohydrate	Doxycycline Monohydrate	\N	Tablet	\N	\N	\N	\N	\N	\N	f	t
91b7de8b-8031-48b8-bfbc-6c3bfd6e01be	2026-05-23 19:14:04.956396+00	2026-05-23 19:14:04.956396+00	\N	Doxycycline Monohydrate Cap	Doxycycline Monohydrate Cap	\N	Capsule	\N	\N	\N	\N	\N	\N	f	t
07c36d12-85cf-4cfa-a996-09962f5abd51	2026-05-23 19:14:04.956396+00	2026-05-23 19:14:04.956396+00	\N	Doxycycline Monohydrate Tab	Doxycycline Monohydrate Tab	\N	Tablet	\N	\N	\N	\N	\N	\N	f	t
4941d10e-cc3a-4733-8ecf-f7cade0d37b5	2026-05-23 19:14:04.956396+00	2026-05-23 19:14:04.956396+00	\N	Doxylamine-Pyridoxine Tab	Doxylamine-Pyridoxine Tab	\N	Tablet	\N	\N	\N	\N	\N	\N	f	t
a76db79a-a56d-4dbd-9bb9-33cecf1e2d64	2026-05-23 19:14:04.956396+00	2026-05-23 19:14:04.956396+00	\N	Dronabinol Cap	Dronabinol Cap	\N	Capsule	\N	\N	\N	\N	\N	\N	f	t
6cdc1e30-cec8-4853-afc9-82f0f820a70d	2026-05-23 19:14:04.956396+00	2026-05-23 19:14:04.956396+00	\N	Drospiren-Eth Estrad-Levomefol Tab	Drospiren-Eth Estrad-Levomefol Tab	\N	Tablet	\N	\N	\N	\N	\N	\N	f	t
8005886a-fd3f-41e9-931d-4ad39cc6f7d3	2026-05-23 19:14:04.956396+00	2026-05-23 19:14:04.956396+00	\N	Drospirenone-Ethinyl Estradiol Tab	Drospirenone-Ethinyl Estradiol Tab	\N	Tablet	\N	\N	\N	\N	\N	\N	f	t
0b5c1a03-6d47-4670-bf1b-f48f50f47e34	2026-05-23 19:14:04.956396+00	2026-05-23 19:14:04.956396+00	\N	Duloxetine Hcl Cap	Duloxetine Hcl Cap	\N	Capsule	\N	\N	\N	\N	\N	\N	f	t
2f768f79-319e-409c-aeed-3db6d9ea01ad	2026-05-23 19:14:04.956396+00	2026-05-23 19:14:04.956396+00	\N	Dutasteride Cap	Dutasteride Cap	\N	Capsule	\N	\N	\N	\N	\N	\N	f	t
96315c0d-2d42-40e8-95b5-d37d2a908bfd	2026-05-23 19:14:04.956396+00	2026-05-23 19:14:04.956396+00	\N	Dutasteride-Tamsulosin Hcl Cap	Dutasteride-Tamsulosin Hcl Cap	\N	Capsule	\N	\N	\N	\N	\N	\N	f	t
3d3b991e-b5e8-4605-ac15-47955eb4eb04	2026-05-23 19:14:04.956396+00	2026-05-23 19:14:04.956396+00	\N	Econazole Nitrate Cream	Econazole Nitrate Cream	\N	Topical	\N	\N	\N	\N	\N	\N	f	t
abecb2e5-3781-44f7-ab35-4931e13f4fd1	2026-05-23 19:14:04.956396+00	2026-05-23 19:14:04.956396+00	\N	Efavirenz Cap	Efavirenz Cap	\N	Capsule	\N	\N	\N	\N	\N	\N	f	t
9b7d9eb3-9581-4a01-a2ad-ce78168b3235	2026-05-23 19:14:04.956396+00	2026-05-23 19:14:04.956396+00	\N	Efavirenz Tab	Efavirenz Tab	\N	Tablet	\N	\N	\N	\N	\N	\N	f	t
1f1fe163-a1d0-49a5-84ef-9550564fbcce	2026-05-23 19:14:04.956396+00	2026-05-23 19:14:04.956396+00	\N	Efavirenz-Emtricitab-Tenofovir Tab	Efavirenz-Emtricitab-Tenofovir Tab	\N	Tablet	\N	\N	\N	\N	\N	\N	f	t
32f0684b-b500-46a8-af1f-961d1d30fcce	2026-05-23 19:14:04.956396+00	2026-05-23 19:14:04.956396+00	\N	Efavirenz-Lamivudine-Tenofovir Tab	Efavirenz-Lamivudine-Tenofovir Tab	\N	Tablet	\N	\N	\N	\N	\N	\N	f	t
ed56aafb-813c-4b1b-80e0-469d378f909d	2026-05-23 19:14:04.956396+00	2026-05-23 19:14:04.956396+00	\N	Eletriptan Hydrobromide Tab	Eletriptan Hydrobromide Tab	\N	Tablet	\N	\N	\N	\N	\N	\N	f	t
fbcf8f16-9a4f-44e8-8370-1aed59ee2da3	2026-05-23 19:14:04.956396+00	2026-05-23 19:14:04.956396+00	\N	Emtricitabine Cap	Emtricitabine Cap	\N	Capsule	\N	\N	\N	\N	\N	\N	f	t
c2919008-e92d-49b3-b444-497b5c2da6f4	2026-05-23 19:14:04.956396+00	2026-05-23 19:14:04.956396+00	\N	Emtricitabine-Tenofovir Df Tab	Emtricitabine-Tenofovir Df Tab	\N	Tablet	\N	\N	\N	\N	\N	\N	f	t
919f1a72-b3f7-4a80-a44b-04c977eeb6cc	2026-05-23 19:14:04.956396+00	2026-05-23 19:14:04.956396+00	\N	Enalapril Maleate Soln	Enalapril Maleate Soln	\N	Solution	\N	\N	\N	\N	\N	\N	f	t
c33f80f0-9b21-4cb4-b45f-a6b87ed66c45	2026-05-23 19:14:04.956396+00	2026-05-23 19:14:04.956396+00	\N	Enalapril Maleate Tab	Enalapril Maleate Tab	\N	Tablet	\N	\N	\N	\N	\N	\N	f	t
da8b1854-2289-4f8b-aa07-e05dcc68411a	2026-05-23 19:14:04.956396+00	2026-05-23 19:14:04.956396+00	\N	Enalapril-Hydrochlorothiazide Tab	Enalapril-Hydrochlorothiazide Tab	\N	Tablet	\N	\N	\N	\N	\N	\N	f	t
a4768fa3-38f8-4fa9-989c-068a06834d6e	2026-05-23 19:14:04.956396+00	2026-05-23 19:14:04.956396+00	\N	Entacapone Tab	Entacapone Tab	\N	Tablet	\N	\N	\N	\N	\N	\N	f	t
54aa49b7-78e2-448b-bb5c-e0da9a100d2f	2026-05-23 19:14:04.956396+00	2026-05-23 19:14:04.956396+00	\N	Entecavir Tab	Entecavir Tab	\N	Tablet	\N	\N	\N	\N	\N	\N	f	t
75b305ce-5412-40a4-8f3c-6db13b9f49e1	2026-05-23 19:14:04.956396+00	2026-05-23 19:14:04.956396+00	\N	Epinastine Hcl Soln	Epinastine Hcl Soln	\N	Solution	\N	\N	\N	\N	\N	\N	f	t
a8506b58-494b-4efc-aed8-7c6a1a1c9894	2026-05-23 19:14:04.956396+00	2026-05-23 19:14:04.956396+00	\N	Epinephrine Hcl (Nasal) Soln	Epinephrine Hcl (Nasal) Soln	\N	Solution	\N	\N	\N	\N	\N	\N	f	t
b93424f0-a7c4-4e4b-88f2-43b3bcf85b0a	2026-05-23 19:14:04.956396+00	2026-05-23 19:14:04.956396+00	\N	Eplerenone Tab	Eplerenone Tab	\N	Tablet	\N	\N	\N	\N	\N	\N	f	t
436257d3-c597-4d6c-a8a0-368d77e8bb9d	2026-05-23 19:14:04.956396+00	2026-05-23 19:14:04.956396+00	\N	Eprosartan Mesylate Tab	Eprosartan Mesylate Tab	\N	Tablet	\N	\N	\N	\N	\N	\N	f	t
29dd7330-d82e-42b1-90a5-71dc69fb77e3	2026-05-23 19:14:04.956396+00	2026-05-23 19:14:04.956396+00	\N	Ergocalciferol Cap	Ergocalciferol Cap	\N	Capsule	\N	\N	\N	\N	\N	\N	f	t
ec7c69f7-f0d4-4c01-b25e-b543e17dc05a	2026-05-23 19:14:04.956396+00	2026-05-23 19:14:04.956396+00	\N	Ergoloid Mesylates Tab	Ergoloid Mesylates Tab	\N	Tablet	\N	\N	\N	\N	\N	\N	f	t
eb70836a-d039-4e23-9249-e7a529f787b8	2026-05-23 19:14:04.956396+00	2026-05-23 19:14:04.956396+00	\N	Ergotamine-Caffeine Tab	Ergotamine-Caffeine Tab	\N	Tablet	\N	\N	\N	\N	\N	\N	f	t
ee3097e2-92cd-4b90-b715-ed530c86d1e0	2026-05-23 19:14:04.956396+00	2026-05-23 19:14:04.956396+00	\N	Erlotinib Hcl Tab	Erlotinib Hcl Tab	\N	Tablet	\N	\N	\N	\N	\N	\N	f	t
0d581c03-c456-4f1d-b3dc-70fae3c2e1b8	2026-05-23 19:14:04.956396+00	2026-05-23 19:14:04.956396+00	\N	Erythromycin Base Cap	Erythromycin Base Cap	\N	Capsule	\N	\N	\N	\N	\N	\N	f	t
c74b00c6-b94d-41da-86d6-2b74c7ebcab4	2026-05-23 19:14:04.956396+00	2026-05-23 19:14:04.956396+00	\N	Erythromycin Base Tab	Erythromycin Base Tab	\N	Tablet	\N	\N	\N	\N	\N	\N	f	t
6acaab36-0a12-4611-9e5b-02dda40508ef	2026-05-23 19:14:04.956396+00	2026-05-23 19:14:04.956396+00	\N	Erythromycin Ethylsuccinate	Erythromycin Ethylsuccinate	\N	Tablet	\N	\N	\N	\N	\N	\N	f	t
076c69f2-e5df-448b-8b9a-d79281bc46a8	2026-05-23 19:14:04.956396+00	2026-05-23 19:14:04.956396+00	\N	Erythromycin Ethylsuccinate Tab	Erythromycin Ethylsuccinate Tab	\N	Tablet	\N	\N	\N	\N	\N	\N	f	t
279790d9-c0e0-45d3-9576-3b11bb05261a	2026-05-23 19:14:04.956396+00	2026-05-23 19:14:04.956396+00	\N	Erythromycin Gel	Erythromycin Gel	\N	Gel	\N	\N	\N	\N	\N	\N	f	t
01163a47-9a25-4ab3-a3f1-73e66ad4ca92	2026-05-23 19:14:04.956396+00	2026-05-23 19:14:04.956396+00	\N	Erythromycin Oint	Erythromycin Oint	\N	Topical	\N	\N	\N	\N	\N	\N	f	t
f238d164-5fc4-4cc9-9cae-8c1b50385a20	2026-05-23 19:14:04.956396+00	2026-05-23 19:14:04.956396+00	\N	Erythromycin Soln	Erythromycin Soln	\N	Solution	\N	\N	\N	\N	\N	\N	f	t
fb39d798-39f1-4b41-b2d6-9a26e08959b7	2026-05-23 19:14:04.956396+00	2026-05-23 19:14:04.956396+00	\N	Erythromycin Tab	Erythromycin Tab	\N	Tablet	\N	\N	\N	\N	\N	\N	f	t
5a2e6864-c617-49b4-af4d-81780852dfa8	2026-05-23 19:14:04.956396+00	2026-05-23 19:14:04.956396+00	\N	Escitalopram Oxalate Soln	Escitalopram Oxalate Soln	\N	Solution	\N	\N	\N	\N	\N	\N	f	t
ca232346-33a1-4689-84f8-425e18547804	2026-05-23 19:14:04.956396+00	2026-05-23 19:14:04.956396+00	\N	Escitalopram Oxalate Tab	Escitalopram Oxalate Tab	\N	Tablet	\N	\N	\N	\N	\N	\N	f	t
52f90587-64a9-40e9-8a88-97dc700dc522	2026-05-23 19:14:04.956396+00	2026-05-23 19:14:04.956396+00	\N	Esomeprazole Magnesium Cap	Esomeprazole Magnesium Cap	\N	Capsule	\N	\N	\N	\N	\N	\N	f	t
48274438-2844-4ebc-8a11-941633d4192d	2026-05-23 19:14:04.956396+00	2026-05-23 19:14:04.956396+00	\N	Esomeprazole Magnesium Pack	Esomeprazole Magnesium Pack	\N	Tablet	\N	\N	\N	\N	\N	\N	f	t
56d95396-7bc1-43ab-9edd-0d59e7939a73	2026-05-23 19:14:04.956396+00	2026-05-23 19:14:04.956396+00	\N	Est Estrogens-Methyltest Tab	Est Estrogens-Methyltest Tab	\N	Tablet	\N	\N	\N	\N	\N	\N	f	t
84ccac44-c7fa-421d-a501-a59c332ad94f	2026-05-23 19:14:04.956396+00	2026-05-23 19:14:04.956396+00	\N	Estazolam Tab	Estazolam Tab	\N	Tablet	\N	\N	\N	\N	\N	\N	f	t
10a1f2be-7f7f-46b9-a5fc-0a0e2d7a3042	2026-05-23 19:14:04.956396+00	2026-05-23 19:14:04.956396+00	\N	Estradiol Cream	Estradiol Cream	\N	Topical	\N	\N	\N	\N	\N	\N	f	t
01ab80a8-c31e-45a0-92e2-9d8bc265c5a4	2026-05-23 19:14:04.956396+00	2026-05-23 19:14:04.956396+00	\N	Estradiol Patch	Estradiol Patch	\N	Tablet	\N	\N	\N	\N	\N	\N	f	t
d00c0384-8203-4a9d-a3e4-f0181298d596	2026-05-23 19:14:04.956396+00	2026-05-23 19:14:04.956396+00	\N	Estradiol Tab	Estradiol Tab	\N	Tablet	\N	\N	\N	\N	\N	\N	f	t
f866ba01-afc5-46b5-84d8-ee7c552fdeb8	2026-05-23 19:14:04.956396+00	2026-05-23 19:14:04.956396+00	\N	Estradiol-Norethindrone Acet Tab	Estradiol-Norethindrone Acet Tab	\N	Tablet	\N	\N	\N	\N	\N	\N	f	t
f52b06ce-b221-4acb-925a-7d0ac5018f8f	2026-05-23 19:14:04.956396+00	2026-05-23 19:14:04.956396+00	\N	Eszopiclone Tab	Eszopiclone Tab	\N	Tablet	\N	\N	\N	\N	\N	\N	f	t
0f0e2ecd-f71e-4f10-9d4a-1be873a1e069	2026-05-23 19:14:04.956396+00	2026-05-23 19:14:04.956396+00	\N	Ethacrynic Acid Tab	Ethacrynic Acid Tab	\N	Tablet	\N	\N	\N	\N	\N	\N	f	t
6b7eac50-991c-4615-90c0-086d07e71a7f	2026-05-23 19:14:04.956396+00	2026-05-23 19:14:04.956396+00	\N	Ethambutol Hcl Tab	Ethambutol Hcl Tab	\N	Tablet	\N	\N	\N	\N	\N	\N	f	t
665ca5b2-2723-4dca-bd3a-93be490d4d34	2026-05-23 19:14:04.956396+00	2026-05-23 19:14:04.956396+00	\N	Ethosuximide Cap	Ethosuximide Cap	\N	Capsule	\N	\N	\N	\N	\N	\N	f	t
26f7b221-6125-4861-9d90-2cf00f5302f1	2026-05-23 19:14:04.956396+00	2026-05-23 19:14:04.956396+00	\N	Ethosuximide Soln	Ethosuximide Soln	\N	Solution	\N	\N	\N	\N	\N	\N	f	t
d1b27f1a-f5eb-4e54-bb8a-ced5d545a507	2026-05-23 19:14:04.956396+00	2026-05-23 19:14:04.956396+00	\N	Ethyl Chloride Aer	Ethyl Chloride Aer	\N	Tablet	\N	\N	\N	\N	\N	\N	f	t
a8999c31-c680-4e4f-b3df-d5e33b8556c1	2026-05-23 19:14:04.956396+00	2026-05-23 19:14:04.956396+00	\N	Ethynodiol Diac-Eth Estradiol Tab	Ethynodiol Diac-Eth Estradiol Tab	\N	Tablet	\N	\N	\N	\N	\N	\N	f	t
d3c7cbad-aead-4d55-9dbc-23d909b99840	2026-05-23 19:14:04.956396+00	2026-05-23 19:14:04.956396+00	\N	Etodolac Cap	Etodolac Cap	\N	Capsule	\N	\N	\N	\N	\N	\N	f	t
2f2bc878-4d41-4aff-8e21-4072e2b2eef9	2026-05-23 19:14:04.956396+00	2026-05-23 19:14:04.956396+00	\N	Etodolac Er Tab	Etodolac Er Tab	\N	Tablet	\N	\N	\N	\N	\N	\N	f	t
2ca3d61e-f999-4420-aa5a-0adb0130fe70	2026-05-23 19:14:04.956396+00	2026-05-23 19:14:04.956396+00	\N	Etodolac Tab	Etodolac Tab	\N	Tablet	\N	\N	\N	\N	\N	\N	f	t
f8608e35-13da-4a19-9f7d-15b33b8d487b	2026-05-23 19:14:04.956396+00	2026-05-23 19:14:04.956396+00	\N	Etonogestrel-Ethinyl Estradiol	Etonogestrel-Ethinyl Estradiol	\N	Tablet	\N	\N	\N	\N	\N	\N	f	t
89dff1bf-846e-438e-9f40-44183f820377	2026-05-23 19:14:04.956396+00	2026-05-23 19:14:04.956396+00	\N	Etoposide Cap	Etoposide Cap	\N	Capsule	\N	\N	\N	\N	\N	\N	f	t
84296304-c044-41a2-bfc1-6269faebc0d6	2026-05-23 19:14:04.956396+00	2026-05-23 19:14:04.956396+00	\N	Etravirine Tab	Etravirine Tab	\N	Tablet	\N	\N	\N	\N	\N	\N	f	t
124040ac-f68e-4cb5-b6fe-dcc99b4ec6dd	2026-05-23 19:14:04.956396+00	2026-05-23 19:14:04.956396+00	\N	Everolimus Tab	Everolimus Tab	\N	Tablet	\N	\N	\N	\N	\N	\N	f	t
acb22c09-ba35-497e-aa73-680776ff6aad	2026-05-23 19:14:04.956396+00	2026-05-23 19:14:04.956396+00	\N	Exemestane Tab	Exemestane Tab	\N	Tablet	\N	\N	\N	\N	\N	\N	f	t
01d27d16-8ee3-449b-8908-f49fe708879d	2026-05-23 19:14:04.956396+00	2026-05-23 19:14:04.956396+00	\N	Ezetimibe Tab	Ezetimibe Tab	\N	Tablet	\N	\N	\N	\N	\N	\N	f	t
c46d8816-a7d6-4d6e-a632-edd8d24906f3	2026-05-23 19:14:04.956396+00	2026-05-23 19:14:04.956396+00	\N	Ezetimibe-Simvastatin Tab	Ezetimibe-Simvastatin Tab	\N	Tablet	\N	\N	\N	\N	\N	\N	f	t
d93c451e-10e9-49d8-a747-dbb513c66a73	2026-05-23 19:14:04.956396+00	2026-05-23 19:14:04.956396+00	\N	Famciclovir Tab	Famciclovir Tab	\N	Tablet	\N	\N	\N	\N	\N	\N	f	t
f84c060c-49d0-4796-9320-f5fab51fb547	2026-05-23 19:14:04.956396+00	2026-05-23 19:14:04.956396+00	\N	Famotidine	Famotidine	\N	Tablet	\N	\N	\N	\N	\N	\N	f	t
1241c703-a9fc-4f99-b312-cf308ce015e3	2026-05-23 19:14:04.956396+00	2026-05-23 19:14:04.956396+00	\N	Famotidine Tab	Famotidine Tab	\N	Tablet	\N	\N	\N	\N	\N	\N	f	t
2d0bf93a-0734-4cc0-997d-146ad8391c82	2026-05-23 19:14:04.956396+00	2026-05-23 19:14:04.956396+00	\N	Febuxostat Tab	Febuxostat Tab	\N	Tablet	\N	\N	\N	\N	\N	\N	f	t
2168e929-6324-47bf-a927-32a836a27768	2026-05-23 19:14:04.956396+00	2026-05-23 19:14:04.956396+00	\N	Felbamate Susp	Felbamate Susp	\N	Suspension	\N	\N	\N	\N	\N	\N	f	t
75a336b3-d49e-4ef2-8af3-d94ebd909f7f	2026-05-23 19:14:04.956396+00	2026-05-23 19:14:04.956396+00	\N	Felbamate Tab	Felbamate Tab	\N	Tablet	\N	\N	\N	\N	\N	\N	f	t
25ad3d43-4629-4050-9911-f05f375ac143	2026-05-23 19:14:04.956396+00	2026-05-23 19:14:04.956396+00	\N	Felodipine Er Tab	Felodipine Er Tab	\N	Tablet	\N	\N	\N	\N	\N	\N	f	t
4af77469-7a4e-4a23-befc-92f814e0a1c5	2026-05-23 19:14:04.956396+00	2026-05-23 19:14:04.956396+00	\N	Fenofibrate Cap	Fenofibrate Cap	\N	Capsule	\N	\N	\N	\N	\N	\N	f	t
47834caf-1142-4aae-8e75-5d637fd7121d	2026-05-23 19:14:04.956396+00	2026-05-23 19:14:04.956396+00	\N	Fenofibrate Micronized Cap	Fenofibrate Micronized Cap	\N	Capsule	\N	\N	\N	\N	\N	\N	f	t
b9e6a468-5eaf-4929-a512-afc288ba4e51	2026-05-23 19:14:04.956396+00	2026-05-23 19:14:04.956396+00	\N	Fenofibrate Tab	Fenofibrate Tab	\N	Tablet	\N	\N	\N	\N	\N	\N	f	t
4635cb8f-5721-4e8f-bfe9-5b85bbf7e33f	2026-05-23 19:14:04.956396+00	2026-05-23 19:14:04.956396+00	\N	Fenofibric Acid Cap	Fenofibric Acid Cap	\N	Capsule	\N	\N	\N	\N	\N	\N	f	t
24265233-10d3-4184-9959-7e50c7f56bc8	2026-05-23 19:14:04.956396+00	2026-05-23 19:14:04.956396+00	\N	Fenofibric Acid Tab	Fenofibric Acid Tab	\N	Tablet	\N	\N	\N	\N	\N	\N	f	t
f6f3d32b-9341-433a-aee3-67a684f25a38	2026-05-23 19:14:04.956396+00	2026-05-23 19:14:04.956396+00	\N	Fenoprofen Calcium Cap	Fenoprofen Calcium Cap	\N	Capsule	\N	\N	\N	\N	\N	\N	f	t
1c7bde00-8389-4cda-b9d4-6c1d47e6b416	2026-05-23 19:14:04.956396+00	2026-05-23 19:14:04.956396+00	\N	Fenoprofen Calcium Tab	Fenoprofen Calcium Tab	\N	Tablet	\N	\N	\N	\N	\N	\N	f	t
214ca119-a3e1-43ea-8bc8-27534b98dc82	2026-05-23 19:14:04.956396+00	2026-05-23 19:14:04.956396+00	\N	Fentanyl Citrate Loz	Fentanyl Citrate Loz	\N	Tablet	\N	\N	\N	\N	\N	\N	f	t
18865611-4d35-493f-980e-136d16b96084	2026-05-23 19:14:04.956396+00	2026-05-23 19:14:04.956396+00	\N	Fentanyl Patch	Fentanyl Patch	\N	Tablet	\N	\N	\N	\N	\N	\N	f	t
2b9c1b8d-5fdc-4509-82cc-628d3b21a2cb	2026-05-23 19:14:04.956396+00	2026-05-23 19:14:04.956396+00	\N	Fesoterodine Fumarate Er Tab	Fesoterodine Fumarate Er Tab	\N	Tablet	\N	\N	\N	\N	\N	\N	f	t
4e12b502-9160-4ed4-b659-6206752d40cd	2026-05-23 19:14:04.956396+00	2026-05-23 19:14:04.956396+00	\N	Finasteride Tab	Finasteride Tab	\N	Tablet	\N	\N	\N	\N	\N	\N	f	t
f785ebf1-fa20-4f9c-bb20-d26622c6489c	2026-05-23 19:14:04.956396+00	2026-05-23 19:14:04.956396+00	\N	Fingolimod Hcl Cap	Fingolimod Hcl Cap	\N	Capsule	\N	\N	\N	\N	\N	\N	f	t
238f622f-3dfd-4331-ba8d-dc82cdcf51e3	2026-05-23 19:14:04.956396+00	2026-05-23 19:14:04.956396+00	\N	Flavoxate Hcl Tab	Flavoxate Hcl Tab	\N	Tablet	\N	\N	\N	\N	\N	\N	f	t
0fdcfa87-1c79-40f9-b880-c0838c66c2d1	2026-05-23 19:14:04.956396+00	2026-05-23 19:14:04.956396+00	\N	Flecainide Acetate Tab	Flecainide Acetate Tab	\N	Tablet	\N	\N	\N	\N	\N	\N	f	t
b9e1077f-2731-4580-ba54-08063759c95a	2026-05-23 19:14:04.956396+00	2026-05-23 19:14:04.956396+00	\N	Fluconazole	Fluconazole	\N	Tablet	\N	\N	\N	\N	\N	\N	f	t
79aaf28b-83e1-4f5c-b3c2-961c903eacc8	2026-05-23 19:14:04.956396+00	2026-05-23 19:14:04.956396+00	\N	Fluconazole Tab	Fluconazole Tab	\N	Tablet	\N	\N	\N	\N	\N	\N	f	t
2a7a7054-2a36-4ef6-81de-4b6350cb111b	2026-05-23 19:14:04.956396+00	2026-05-23 19:14:04.956396+00	\N	Flucytosine Cap	Flucytosine Cap	\N	Capsule	\N	\N	\N	\N	\N	\N	f	t
8d858608-0148-40a9-bc3c-91af02baf3f0	2026-05-23 19:14:04.956396+00	2026-05-23 19:14:04.956396+00	\N	Fludrocortisone Acetate Tab	Fludrocortisone Acetate Tab	\N	Tablet	\N	\N	\N	\N	\N	\N	f	t
f99c6b7d-d4c7-4d04-a3c0-1048b2b9e695	2026-05-23 19:14:04.956396+00	2026-05-23 19:14:04.956396+00	\N	Fluocinolone Acetonide	Fluocinolone Acetonide	\N	Tablet	\N	\N	\N	\N	\N	\N	f	t
60f4a345-19a1-43b5-8094-26b9584138e1	2026-05-23 19:14:04.956396+00	2026-05-23 19:14:04.956396+00	\N	Fluocinolone Acetonide Body	Fluocinolone Acetonide Body	\N	Tablet	\N	\N	\N	\N	\N	\N	f	t
fcfe6400-c549-4c56-9528-aa69377cd03b	2026-05-23 19:14:04.956396+00	2026-05-23 19:14:04.956396+00	\N	Fluocinolone Acetonide Cream	Fluocinolone Acetonide Cream	\N	Topical	\N	\N	\N	\N	\N	\N	f	t
1aa9cc1a-0751-44e2-bffa-2b04d5346e0b	2026-05-23 19:14:04.956396+00	2026-05-23 19:14:04.956396+00	\N	Fluocinolone Acetonide Oint	Fluocinolone Acetonide Oint	\N	Topical	\N	\N	\N	\N	\N	\N	f	t
1304d7c8-e8c7-4c93-a2f4-3f18d9fc29c2	2026-05-23 19:14:04.956396+00	2026-05-23 19:14:04.956396+00	\N	Fluocinolone Acetonide Scalp	Fluocinolone Acetonide Scalp	\N	Tablet	\N	\N	\N	\N	\N	\N	f	t
0c71e148-7e0b-4780-bab0-301018b91dd9	2026-05-23 19:14:04.956396+00	2026-05-23 19:14:04.956396+00	\N	Fluocinolone Acetonide Soln	Fluocinolone Acetonide Soln	\N	Solution	\N	\N	\N	\N	\N	\N	f	t
89b20108-307d-4690-8fe0-ba2d21b96bd7	2026-05-23 19:14:04.956396+00	2026-05-23 19:14:04.956396+00	\N	Fluocinonide Cream	Fluocinonide Cream	\N	Topical	\N	\N	\N	\N	\N	\N	f	t
0837587a-dcdf-40b6-93f1-04668f11b566	2026-05-23 19:14:04.956396+00	2026-05-23 19:14:04.956396+00	\N	Fluocinonide Emulsified Base Cream	Fluocinonide Emulsified Base Cream	\N	Topical	\N	\N	\N	\N	\N	\N	f	t
fb2018d4-a634-405d-95d2-d3ef9d3677d8	2026-05-23 19:14:04.956396+00	2026-05-23 19:14:04.956396+00	\N	Fluocinonide Gel	Fluocinonide Gel	\N	Gel	\N	\N	\N	\N	\N	\N	f	t
67a63b86-7f4c-4b45-8e81-8d883817180f	2026-05-23 19:14:04.956396+00	2026-05-23 19:14:04.956396+00	\N	Fluocinonide Oint	Fluocinonide Oint	\N	Topical	\N	\N	\N	\N	\N	\N	f	t
dce697c8-498e-4796-ae1e-2e9943e4dc0d	2026-05-23 19:14:04.956396+00	2026-05-23 19:14:04.956396+00	\N	Fluocinonide Soln	Fluocinonide Soln	\N	Solution	\N	\N	\N	\N	\N	\N	f	t
3670bfcd-391b-4e82-b47e-5c4e871fe93b	2026-05-23 19:14:04.956396+00	2026-05-23 19:14:04.956396+00	\N	Fluorometholone Susp	Fluorometholone Susp	\N	Suspension	\N	\N	\N	\N	\N	\N	f	t
e6215e8b-a8d7-4466-9f4f-30582d1e38b4	2026-05-23 19:14:04.956396+00	2026-05-23 19:14:04.956396+00	\N	Fluorouracil Cream	Fluorouracil Cream	\N	Topical	\N	\N	\N	\N	\N	\N	f	t
68c0a6a1-5a27-47a8-b808-53bace2caca0	2026-05-23 19:14:04.956396+00	2026-05-23 19:14:04.956396+00	\N	Fluorouracil Soln	Fluorouracil Soln	\N	Solution	\N	\N	\N	\N	\N	\N	f	t
89f59e43-392f-43f9-a5b3-da10d2b8dfd3	2026-05-23 19:14:04.956396+00	2026-05-23 19:14:04.956396+00	\N	Fluoxetine Hcl (Pmdd) Tab	Fluoxetine Hcl (Pmdd) Tab	\N	Tablet	\N	\N	\N	\N	\N	\N	f	t
efa86511-f11f-4d3e-9c53-5638d2bc118f	2026-05-23 19:14:04.956396+00	2026-05-23 19:14:04.956396+00	\N	Fluoxetine Hcl Cap	Fluoxetine Hcl Cap	\N	Capsule	\N	\N	\N	\N	\N	\N	f	t
d67881da-4d45-42ba-899f-098c3dcf75c7	2026-05-23 19:14:04.956396+00	2026-05-23 19:14:04.956396+00	\N	Fluoxetine Hcl Soln	Fluoxetine Hcl Soln	\N	Solution	\N	\N	\N	\N	\N	\N	f	t
3100d28f-fc97-495c-bb84-7c9a5abf5edf	2026-05-23 19:14:04.956396+00	2026-05-23 19:14:04.956396+00	\N	Fluoxetine Hcl Tab	Fluoxetine Hcl Tab	\N	Tablet	\N	\N	\N	\N	\N	\N	f	t
6dda5cfd-cdfb-457f-8710-f165d0e4fa27	2026-05-23 19:14:04.956396+00	2026-05-23 19:14:04.956396+00	\N	Fluphenazine Hcl	Fluphenazine Hcl	\N	Tablet	\N	\N	\N	\N	\N	\N	f	t
1f708d8d-3a15-49ca-a016-2e5d891fc305	2026-05-23 19:14:04.956396+00	2026-05-23 19:14:04.956396+00	\N	Fluphenazine Hcl Elix	Fluphenazine Hcl Elix	\N	Tablet	\N	\N	\N	\N	\N	\N	f	t
734169ca-3355-4ba1-9506-66fa868d3639	2026-05-23 19:14:04.956396+00	2026-05-23 19:14:04.956396+00	\N	Fluphenazine Hcl Tab	Fluphenazine Hcl Tab	\N	Tablet	\N	\N	\N	\N	\N	\N	f	t
3b51525b-fa09-462e-8b27-21c88aa0080a	2026-05-23 19:14:04.956396+00	2026-05-23 19:14:04.956396+00	\N	Flurandrenolide Cream	Flurandrenolide Cream	\N	Topical	\N	\N	\N	\N	\N	\N	f	t
3a05474f-819b-4188-9103-4edebe660264	2026-05-23 19:14:04.956396+00	2026-05-23 19:14:04.956396+00	\N	Flurandrenolide Lot	Flurandrenolide Lot	\N	Tablet	\N	\N	\N	\N	\N	\N	f	t
f6e7239e-2173-4ea5-b697-178e869ec761	2026-05-23 19:14:04.956396+00	2026-05-23 19:14:04.956396+00	\N	Flurandrenolide Oint	Flurandrenolide Oint	\N	Topical	\N	\N	\N	\N	\N	\N	f	t
c1e942c7-1537-460f-bec8-adba44b6ce93	2026-05-23 19:14:04.956396+00	2026-05-23 19:14:04.956396+00	\N	Flurazepam Hcl Cap	Flurazepam Hcl Cap	\N	Capsule	\N	\N	\N	\N	\N	\N	f	t
594508f1-d739-4d73-bac3-52bded7ff5d5	2026-05-23 19:14:04.956396+00	2026-05-23 19:14:04.956396+00	\N	Flurbiprofen Sodium Soln	Flurbiprofen Sodium Soln	\N	Solution	\N	\N	\N	\N	\N	\N	f	t
088726db-e394-4a67-a6f7-c9678f8da6da	2026-05-23 19:14:04.956396+00	2026-05-23 19:14:04.956396+00	\N	Flurbiprofen Tab	Flurbiprofen Tab	\N	Tablet	\N	\N	\N	\N	\N	\N	f	t
600d485c-910c-4b5a-b19e-0085b36f0fa0	2026-05-23 19:14:04.956396+00	2026-05-23 19:14:04.956396+00	\N	Flutamide Cap	Flutamide Cap	\N	Capsule	\N	\N	\N	\N	\N	\N	f	t
6e9b3f76-712c-4089-b3db-a95f1c878507	2026-05-23 19:14:04.956396+00	2026-05-23 19:14:04.956396+00	\N	Fluticasone Propionate Cream	Fluticasone Propionate Cream	\N	Topical	\N	\N	\N	\N	\N	\N	f	t
ead6a513-a0d6-4271-b141-3021fa6c200a	2026-05-23 19:14:04.956396+00	2026-05-23 19:14:04.956396+00	\N	Fluticasone Propionate Lot	Fluticasone Propionate Lot	\N	Tablet	\N	\N	\N	\N	\N	\N	f	t
812d1707-d00c-4ea7-94bc-b2689eb8cb72	2026-05-23 19:14:04.956396+00	2026-05-23 19:14:04.956396+00	\N	Fluticasone Propionate Oint	Fluticasone Propionate Oint	\N	Topical	\N	\N	\N	\N	\N	\N	f	t
325674a9-abca-4d9f-9cb0-0f6019726074	2026-05-23 19:14:04.956396+00	2026-05-23 19:14:04.956396+00	\N	Fluticasone Propionate Susp	Fluticasone Propionate Susp	\N	Suspension	\N	\N	\N	\N	\N	\N	f	t
6144ae58-3ef9-4bff-9533-2638216e6249	2026-05-23 19:14:04.956396+00	2026-05-23 19:14:04.956396+00	\N	Fluticasone-Salmeterol Aer	Fluticasone-Salmeterol Aer	\N	Tablet	\N	\N	\N	\N	\N	\N	f	t
ad673422-b279-41c4-ae2c-4e6ce4c291d5	2026-05-23 19:14:04.956396+00	2026-05-23 19:14:04.956396+00	\N	Fluvastatin Sodium Cap	Fluvastatin Sodium Cap	\N	Capsule	\N	\N	\N	\N	\N	\N	f	t
3a983f91-e473-4e23-a034-14b87929f923	2026-05-23 19:14:04.956396+00	2026-05-23 19:14:04.956396+00	\N	Fluvastatin Sodium Er Tab	Fluvastatin Sodium Er Tab	\N	Tablet	\N	\N	\N	\N	\N	\N	f	t
5583b89f-1fb9-4e7c-818b-2ec865f65c67	2026-05-23 19:14:04.956396+00	2026-05-23 19:14:04.956396+00	\N	Fluvoxamine Maleate Er Cap	Fluvoxamine Maleate Er Cap	\N	Capsule	\N	\N	\N	\N	\N	\N	f	t
59e5d7fd-3b49-4984-a3fa-eef99e46d14a	2026-05-23 19:14:04.956396+00	2026-05-23 19:14:04.956396+00	\N	Fluvoxamine Maleate Tab	Fluvoxamine Maleate Tab	\N	Tablet	\N	\N	\N	\N	\N	\N	f	t
9f22d3bb-b4b2-4da3-9179-22a10dc8017f	2026-05-23 19:14:04.956396+00	2026-05-23 19:14:04.956396+00	\N	Folic Acid Tab	Folic Acid Tab	\N	Tablet	\N	\N	\N	\N	\N	\N	f	t
857ee757-e492-44eb-98fa-af1949269bf2	2026-05-23 19:14:04.956396+00	2026-05-23 19:14:04.956396+00	\N	Fondaparinux Sodium Soln  [Inj]	Fondaparinux Sodium Soln  [Inj]	\N	Injection	\N	\N	\N	\N	\N	\N	f	t
a3eb6e2b-5926-4cf0-8e1e-3185d53881c3	2026-05-23 19:14:04.956396+00	2026-05-23 19:14:04.956396+00	\N	Formoterol Fumarate Neb	Formoterol Fumarate Neb	\N	Tablet	\N	\N	\N	\N	\N	\N	f	t
5c8bd0f5-7583-4a4d-bffe-71e9c7848462	2026-05-23 19:14:04.956396+00	2026-05-23 19:14:04.956396+00	\N	Fosamprenavir Calcium Tab	Fosamprenavir Calcium Tab	\N	Tablet	\N	\N	\N	\N	\N	\N	f	t
751f1d0d-d038-4089-be2e-f4f799b41c31	2026-05-23 19:14:04.956396+00	2026-05-23 19:14:04.956396+00	\N	Fosfomycin Tromethamine Pack	Fosfomycin Tromethamine Pack	\N	Tablet	\N	\N	\N	\N	\N	\N	f	t
fcdb84b4-e03a-4c50-bb2e-f3dd5b2e25b1	2026-05-23 19:14:04.956396+00	2026-05-23 19:14:04.956396+00	\N	Fosinopril Sodium Tab	Fosinopril Sodium Tab	\N	Tablet	\N	\N	\N	\N	\N	\N	f	t
7e4a1277-ab25-468d-8a08-d971f3982751	2026-05-23 19:14:04.956396+00	2026-05-23 19:14:04.956396+00	\N	Fosinopril Sodium-Hctz Tab	Fosinopril Sodium-Hctz Tab	\N	Tablet	\N	\N	\N	\N	\N	\N	f	t
ee0fc966-5158-4f06-b4cb-3e80b42b35a0	2026-05-23 19:14:04.956396+00	2026-05-23 19:14:04.956396+00	\N	Frovatriptan Succinate Tab	Frovatriptan Succinate Tab	\N	Tablet	\N	\N	\N	\N	\N	\N	f	t
9f8ae061-81a4-4fdb-a028-461b21f09c7d	2026-05-23 19:14:04.956396+00	2026-05-23 19:14:04.956396+00	\N	Furosemide Soln	Furosemide Soln	\N	Solution	\N	\N	\N	\N	\N	\N	f	t
986786f2-9b0b-4d1d-a4d3-8b862d5741b4	2026-05-23 19:14:04.956396+00	2026-05-23 19:14:04.956396+00	\N	Furosemide Tab	Furosemide Tab	\N	Tablet	\N	\N	\N	\N	\N	\N	f	t
fd5893ca-0258-4299-b195-c5186ff912a7	2026-05-23 19:14:04.956396+00	2026-05-23 19:14:04.956396+00	\N	Gabapentin Cap	Gabapentin Cap	\N	Capsule	\N	\N	\N	\N	\N	\N	f	t
19747c26-54aa-4fc9-a233-61673d09d028	2026-05-23 19:14:04.956396+00	2026-05-23 19:14:04.956396+00	\N	Gabapentin Soln	Gabapentin Soln	\N	Solution	\N	\N	\N	\N	\N	\N	f	t
952b92ea-0d0a-484e-b6d4-4c6ba229651e	2026-05-23 19:14:04.956396+00	2026-05-23 19:14:04.956396+00	\N	Gabapentin Tab	Gabapentin Tab	\N	Tablet	\N	\N	\N	\N	\N	\N	f	t
c4c02255-061d-415c-81c0-379e312e4197	2026-05-23 19:14:04.956396+00	2026-05-23 19:14:04.956396+00	\N	Galantamine Hydrobromide Er Cap	Galantamine Hydrobromide Er Cap	\N	Capsule	\N	\N	\N	\N	\N	\N	f	t
3af473cf-e333-4f63-ba99-37d891407e3d	2026-05-23 19:14:04.956396+00	2026-05-23 19:14:04.956396+00	\N	Galantamine Hydrobromide Soln	Galantamine Hydrobromide Soln	\N	Solution	\N	\N	\N	\N	\N	\N	f	t
d54a3267-07b1-4b60-9567-deafe7c88978	2026-05-23 19:14:04.956396+00	2026-05-23 19:14:04.956396+00	\N	Galantamine Hydrobromide Tab	Galantamine Hydrobromide Tab	\N	Tablet	\N	\N	\N	\N	\N	\N	f	t
9e8c0215-20c8-4000-95bd-4572f0cce85b	2026-05-23 19:14:04.956396+00	2026-05-23 19:14:04.956396+00	\N	Ganirelix Acetate   [Inj]	Ganirelix Acetate   [Inj]	\N	Injection	\N	\N	\N	\N	\N	\N	f	t
26e0cb24-17cd-45b3-910c-2c5147a6f45c	2026-05-23 19:14:04.956396+00	2026-05-23 19:14:04.956396+00	\N	Gatifloxacin Soln	Gatifloxacin Soln	\N	Solution	\N	\N	\N	\N	\N	\N	f	t
5f07fce4-304d-4618-a783-7d26c3d6f0b0	2026-05-23 19:14:04.956396+00	2026-05-23 19:14:04.956396+00	\N	Gemfibrozil Tab	Gemfibrozil Tab	\N	Tablet	\N	\N	\N	\N	\N	\N	f	t
7cd5eb1c-935a-479f-8140-c4745cefd287	2026-05-23 19:14:04.956396+00	2026-05-23 19:14:04.956396+00	\N	Gentamicin Sulfate Cream	Gentamicin Sulfate Cream	\N	Topical	\N	\N	\N	\N	\N	\N	f	t
93db06d0-631e-47c4-b9b1-7a747f760dcf	2026-05-23 19:14:04.956396+00	2026-05-23 19:14:04.956396+00	\N	Gentamicin Sulfate Oint	Gentamicin Sulfate Oint	\N	Topical	\N	\N	\N	\N	\N	\N	f	t
9b45a9eb-0c45-440c-a534-223215b3914c	2026-05-23 19:14:04.956396+00	2026-05-23 19:14:04.956396+00	\N	Gentamicin Sulfate Soln	Gentamicin Sulfate Soln	\N	Solution	\N	\N	\N	\N	\N	\N	f	t
7a94c0a1-7284-4ecc-b987-eeaec9c4725d	2026-05-23 19:14:04.956396+00	2026-05-23 19:14:04.956396+00	\N	Glatiramer Acetate   [Inj]	Glatiramer Acetate   [Inj]	\N	Injection	\N	\N	\N	\N	\N	\N	f	t
0047c541-78bd-48cf-83ea-aee1aecaccbe	2026-05-23 19:14:04.956396+00	2026-05-23 19:14:04.956396+00	\N	Glimepiride Tab	Glimepiride Tab	\N	Tablet	\N	\N	\N	\N	\N	\N	f	t
aab05c92-4679-49ba-b71b-835c66f5ceda	2026-05-23 19:14:04.956396+00	2026-05-23 19:14:04.956396+00	\N	Glipizide Er Tab	Glipizide Er Tab	\N	Tablet	\N	\N	\N	\N	\N	\N	f	t
185762d8-e4d5-4a59-bd95-d7fad27d0777	2026-05-23 19:14:04.956396+00	2026-05-23 19:14:04.956396+00	\N	Glipizide Tab	Glipizide Tab	\N	Tablet	\N	\N	\N	\N	\N	\N	f	t
79de924b-f562-4f9c-bab8-949bd2ffe488	2026-05-23 19:14:04.956396+00	2026-05-23 19:14:04.956396+00	\N	Glipizide-Metformin Hcl Tab	Glipizide-Metformin Hcl Tab	\N	Tablet	\N	\N	\N	\N	\N	\N	f	t
35b95e9b-49b4-4656-959d-269d889cf11e	2026-05-23 19:14:04.956396+00	2026-05-23 19:14:04.956396+00	\N	Glyburide Micronized Tab	Glyburide Micronized Tab	\N	Tablet	\N	\N	\N	\N	\N	\N	f	t
c513fca6-57b0-4205-967e-44e3ae296c71	2026-05-23 19:14:04.956396+00	2026-05-23 19:14:04.956396+00	\N	Glyburide Tab	Glyburide Tab	\N	Tablet	\N	\N	\N	\N	\N	\N	f	t
badc6d16-06d9-49c1-96c0-fe5e95b7d130	2026-05-23 19:14:04.956396+00	2026-05-23 19:14:04.956396+00	\N	Glyburide-Metformin Tab	Glyburide-Metformin Tab	\N	Tablet	\N	\N	\N	\N	\N	\N	f	t
23faaf45-35cd-4247-82c8-6aba00d5579e	2026-05-23 19:20:14.157369+00	2026-05-23 19:20:14.157369+00	\N	Novogen	Novosalt	\N	Tablet	\N	\N	\N	\N	\N	\N	f	t
0244197c-8f99-46fd-ac10-6a77f9e140ca	2026-05-23 19:14:04.956396+00	2026-05-23 19:14:04.956396+00	\N	Glycine Soln	Glycine Soln	\N	Solution	\N	\N	\N	\N	\N	\N	f	t
675e785a-d4aa-4fd5-aa32-bf2f2a4fb154	2026-05-23 19:14:04.956396+00	2026-05-23 19:14:04.956396+00	\N	Glycine Urologic Soln	Glycine Urologic Soln	\N	Solution	\N	\N	\N	\N	\N	\N	f	t
0bbb7dea-6f04-4607-bb5a-a3ba9e6c36d2	2026-05-23 19:14:04.956396+00	2026-05-23 19:14:04.956396+00	\N	Glycopyrrolate Soln	Glycopyrrolate Soln	\N	Solution	\N	\N	\N	\N	\N	\N	f	t
a7892c5b-23c1-47b7-9889-efbec7b51eb1	2026-05-23 19:14:04.956396+00	2026-05-23 19:14:04.956396+00	\N	Glycopyrrolate Tab	Glycopyrrolate Tab	\N	Tablet	\N	\N	\N	\N	\N	\N	f	t
1447b9c5-cfe7-4c45-9333-5f7ef886a3a2	2026-05-23 19:14:04.956396+00	2026-05-23 19:14:04.956396+00	\N	Granisetron Hcl Tab	Granisetron Hcl Tab	\N	Tablet	\N	\N	\N	\N	\N	\N	f	t
5e168d0b-0adb-464c-85b1-f469f59e36d1	2026-05-23 19:14:04.956396+00	2026-05-23 19:14:04.956396+00	\N	Griseofulvin Microsize Susp	Griseofulvin Microsize Susp	\N	Suspension	\N	\N	\N	\N	\N	\N	f	t
a58093c7-d86b-4d56-ba83-abf7ce40b91b	2026-05-23 19:14:04.956396+00	2026-05-23 19:14:04.956396+00	\N	Griseofulvin Microsize Tab	Griseofulvin Microsize Tab	\N	Tablet	\N	\N	\N	\N	\N	\N	f	t
5608ed34-f1ac-4116-baf8-b39a3e32ff0a	2026-05-23 19:14:04.956396+00	2026-05-23 19:14:04.956396+00	\N	Griseofulvin Ultramicrosize Tab	Griseofulvin Ultramicrosize Tab	\N	Tablet	\N	\N	\N	\N	\N	\N	f	t
fa61c0cf-0058-4dfc-929a-fae47d7d6a3a	2026-05-23 19:14:04.956396+00	2026-05-23 19:14:04.956396+00	\N	Guanfacine Hcl Er Tab	Guanfacine Hcl Er Tab	\N	Tablet	\N	\N	\N	\N	\N	\N	f	t
7532c90a-8664-460a-bdbf-521ac0079665	2026-05-23 19:14:04.956396+00	2026-05-23 19:14:04.956396+00	\N	Guanfacine Hcl Tab	Guanfacine Hcl Tab	\N	Tablet	\N	\N	\N	\N	\N	\N	f	t
0373b275-1069-4dca-b3e2-2dc1531b7556	2026-05-23 19:14:04.956396+00	2026-05-23 19:14:04.956396+00	\N	Guanidine Hcl Tab	Guanidine Hcl Tab	\N	Tablet	\N	\N	\N	\N	\N	\N	f	t
4eaaf33e-758f-4606-ad25-9b649a4acb17	2026-05-23 19:14:04.956396+00	2026-05-23 19:14:04.956396+00	\N	Halcinonide Cream	Halcinonide Cream	\N	Topical	\N	\N	\N	\N	\N	\N	f	t
dba2d2e3-9740-4811-aab0-759e0f0c76e4	2026-05-23 19:14:04.956396+00	2026-05-23 19:14:04.956396+00	\N	Halobetasol Propionate Cream	Halobetasol Propionate Cream	\N	Topical	\N	\N	\N	\N	\N	\N	f	t
4ac447fb-b7f0-4aea-ad09-c152476242c4	2026-05-23 19:14:04.956396+00	2026-05-23 19:14:04.956396+00	\N	Halobetasol Propionate Oint	Halobetasol Propionate Oint	\N	Topical	\N	\N	\N	\N	\N	\N	f	t
f7afe322-2b3c-4e31-9708-7ce917abbcc7	2026-05-23 19:14:04.956396+00	2026-05-23 19:14:04.956396+00	\N	Haloperidol Lactate	Haloperidol Lactate	\N	Tablet	\N	\N	\N	\N	\N	\N	f	t
75c25290-baae-4b5e-adfb-9452df1111ec	2026-05-23 19:14:04.956396+00	2026-05-23 19:14:04.956396+00	\N	Haloperidol Tab	Haloperidol Tab	\N	Tablet	\N	\N	\N	\N	\N	\N	f	t
87d6aadf-d579-4289-b0ca-a7038a07e4e9	2026-05-23 19:14:04.956396+00	2026-05-23 19:14:04.956396+00	\N	Homatropine Hbr Soln	Homatropine Hbr Soln	\N	Solution	\N	\N	\N	\N	\N	\N	f	t
fac9467c-65c8-4c8f-9fe7-e8cd117ec702	2026-05-23 19:14:04.956396+00	2026-05-23 19:14:04.956396+00	\N	Hydralazine Hcl Tab	Hydralazine Hcl Tab	\N	Tablet	\N	\N	\N	\N	\N	\N	f	t
fa031327-1d10-4406-9098-f02ae1eaae59	2026-05-23 19:14:04.956396+00	2026-05-23 19:14:04.956396+00	\N	Hydrochlorothiazide Cap	Hydrochlorothiazide Cap	\N	Capsule	\N	\N	\N	\N	\N	\N	f	t
9c6fac09-444f-42e5-90cd-e75cf0f545be	2026-05-23 19:14:04.956396+00	2026-05-23 19:14:04.956396+00	\N	Hydrochlorothiazide Tab	Hydrochlorothiazide Tab	\N	Tablet	\N	\N	\N	\N	\N	\N	f	t
bf5fb4b0-8b3c-4e8d-a8f6-5d668be67638	2026-05-23 19:14:04.956396+00	2026-05-23 19:14:04.956396+00	\N	Hydrocod Polst-Cpm Polst Er Susp	Hydrocod Polst-Cpm Polst Er Susp	\N	Suspension	\N	\N	\N	\N	\N	\N	f	t
853cd7ae-7fbd-4545-9df7-d30a09e714ee	2026-05-23 19:14:04.956396+00	2026-05-23 19:14:04.956396+00	\N	Hydrocodone Bit-Homatrop Mbr Soln	Hydrocodone Bit-Homatrop Mbr Soln	\N	Solution	\N	\N	\N	\N	\N	\N	f	t
3ed64a0d-fbc2-4866-8567-7d049417ec06	2026-05-23 19:14:04.956396+00	2026-05-23 19:14:04.956396+00	\N	Hydrocodone Bit-Homatrop Mbr Tab	Hydrocodone Bit-Homatrop Mbr Tab	\N	Tablet	\N	\N	\N	\N	\N	\N	f	t
62675dd6-5017-42a9-97f5-83b1bb29e86b	2026-05-23 19:14:04.956396+00	2026-05-23 19:14:04.956396+00	\N	Hydrocodone Bitartrate Er Cap	Hydrocodone Bitartrate Er Cap	\N	Capsule	\N	\N	\N	\N	\N	\N	f	t
ac20e4bc-ef9a-415d-aa7f-49d4f8a2c03c	2026-05-23 19:14:04.956396+00	2026-05-23 19:14:04.956396+00	\N	Hydrocodone Bitartrate Er Tab	Hydrocodone Bitartrate Er Tab	\N	Tablet	\N	\N	\N	\N	\N	\N	f	t
482c554e-51f6-49d8-9e75-69ce5de5f8ff	2026-05-23 19:14:04.956396+00	2026-05-23 19:14:04.956396+00	\N	Hydrocodone-Acetaminophen  Tab	Hydrocodone-Acetaminophen  Tab	\N	Tablet	\N	\N	\N	\N	\N	\N	f	t
e77ff550-2f84-4d1a-ac06-cf8e7606bdcc	2026-05-23 19:14:04.956396+00	2026-05-23 19:14:04.956396+00	\N	Hydrocodone-Acetaminophen Soln	Hydrocodone-Acetaminophen Soln	\N	Solution	\N	\N	\N	\N	\N	\N	f	t
1b1f6703-4b84-41cc-a00b-a2cfdd5c9e2c	2026-05-23 19:14:04.956396+00	2026-05-23 19:14:04.956396+00	\N	Hydrocodone-Ibuprofen Tab	Hydrocodone-Ibuprofen Tab	\N	Tablet	\N	\N	\N	\N	\N	\N	f	t
268266b3-9782-40ab-b482-8692adef3791	2026-05-23 19:14:04.956396+00	2026-05-23 19:14:04.956396+00	\N	Hydrocort-Pramoxine (Perianal) Cream	Hydrocort-Pramoxine (Perianal) Cream	\N	Topical	\N	\N	\N	\N	\N	\N	f	t
b5181d52-b5d7-46ae-95b1-a47b54e8b8ef	2026-05-23 19:14:04.956396+00	2026-05-23 19:14:04.956396+00	\N	Hydrocortisone	Hydrocortisone	\N	Tablet	\N	\N	\N	\N	\N	\N	f	t
dc8ea7fd-839f-4073-93f4-4b6520189a51	2026-05-23 19:14:04.956396+00	2026-05-23 19:14:04.956396+00	\N	Hydrocortisone (Perianal) Cream	Hydrocortisone (Perianal) Cream	\N	Topical	\N	\N	\N	\N	\N	\N	f	t
30ff97d0-40dc-424d-8a5b-9a8e52d69ff3	2026-05-23 19:14:04.956396+00	2026-05-23 19:14:04.956396+00	\N	Hydrocortisone Ace-Pramoxine Cream	Hydrocortisone Ace-Pramoxine Cream	\N	Topical	\N	\N	\N	\N	\N	\N	f	t
12f6b3f0-ce9c-4d87-a0c3-7f10368700f6	2026-05-23 19:14:04.956396+00	2026-05-23 19:14:04.956396+00	\N	Hydrocortisone Acetate Supp	Hydrocortisone Acetate Supp	\N	Tablet	\N	\N	\N	\N	\N	\N	f	t
cdb3a15d-0418-4d2b-a5d0-e7a0c5bf79da	2026-05-23 19:14:04.956396+00	2026-05-23 19:14:04.956396+00	\N	Hydrocortisone Butyr Lipo Base Cream	Hydrocortisone Butyr Lipo Base Cream	\N	Topical	\N	\N	\N	\N	\N	\N	f	t
a0039824-3c28-4d3c-b6cb-aca92b067a52	2026-05-23 19:14:04.956396+00	2026-05-23 19:14:04.956396+00	\N	Hydrocortisone Butyrate Cream	Hydrocortisone Butyrate Cream	\N	Topical	\N	\N	\N	\N	\N	\N	f	t
45a5ef24-0530-495d-b194-4348e5a5a497	2026-05-23 19:14:04.956396+00	2026-05-23 19:14:04.956396+00	\N	Hydrocortisone Butyrate Lot	Hydrocortisone Butyrate Lot	\N	Tablet	\N	\N	\N	\N	\N	\N	f	t
2531787f-babc-471f-b5a3-35f0e65a5d35	2026-05-23 19:14:04.956396+00	2026-05-23 19:14:04.956396+00	\N	Hydrocortisone Butyrate Oint	Hydrocortisone Butyrate Oint	\N	Topical	\N	\N	\N	\N	\N	\N	f	t
d01cc3db-b3de-480f-be29-6e142e44323e	2026-05-23 19:14:04.956396+00	2026-05-23 19:14:04.956396+00	\N	Hydrocortisone Butyrate Soln	Hydrocortisone Butyrate Soln	\N	Solution	\N	\N	\N	\N	\N	\N	f	t
930a56ea-4149-44e2-a3fd-bcfd30137080	2026-05-23 19:14:04.956396+00	2026-05-23 19:14:04.956396+00	\N	Hydrocortisone Cream	Hydrocortisone Cream	\N	Topical	\N	\N	\N	\N	\N	\N	f	t
039712cf-c874-498c-8605-2842f3ffa70c	2026-05-23 19:14:04.956396+00	2026-05-23 19:14:04.956396+00	\N	Hydrocortisone Lot	Hydrocortisone Lot	\N	Tablet	\N	\N	\N	\N	\N	\N	f	t
138d021a-2f4c-4d7d-983e-2ae9bd46fddb	2026-05-23 19:14:04.956396+00	2026-05-23 19:14:04.956396+00	\N	Hydrocortisone Oint	Hydrocortisone Oint	\N	Topical	\N	\N	\N	\N	\N	\N	f	t
db7f21fa-f60c-4927-8f9f-911d7306ece8	2026-05-23 19:14:04.956396+00	2026-05-23 19:14:04.956396+00	\N	Hydrocortisone Tab	Hydrocortisone Tab	\N	Tablet	\N	\N	\N	\N	\N	\N	f	t
e263faa2-a9e1-4ff1-a0d3-38fa0b3a2cc5	2026-05-23 19:14:04.956396+00	2026-05-23 19:14:04.956396+00	\N	Hydrocortisone Valerate Cream	Hydrocortisone Valerate Cream	\N	Topical	\N	\N	\N	\N	\N	\N	f	t
e141a39b-640c-47d2-afb2-6181b7643f79	2026-05-23 19:14:04.956396+00	2026-05-23 19:14:04.956396+00	\N	Hydrocortisone Valerate Oint	Hydrocortisone Valerate Oint	\N	Topical	\N	\N	\N	\N	\N	\N	f	t
06335727-495b-49da-9043-e8a2243af9b2	2026-05-23 19:14:04.956396+00	2026-05-23 19:14:04.956396+00	\N	Hydrocortisone-Acetic Acid Soln	Hydrocortisone-Acetic Acid Soln	\N	Solution	\N	\N	\N	\N	\N	\N	f	t
1d28f847-e304-44f8-b6c4-e43d1b933718	2026-05-23 19:14:04.956396+00	2026-05-23 19:14:04.956396+00	\N	Hydrocortisone-Iodoquinol Cream	Hydrocortisone-Iodoquinol Cream	\N	Topical	\N	\N	\N	\N	\N	\N	f	t
72d0b75d-bbfb-480c-8a55-cf12c19dfa31	2026-05-23 19:14:04.956396+00	2026-05-23 19:14:04.956396+00	\N	Hydromorphone Hcl Er Tab	Hydromorphone Hcl Er Tab	\N	Tablet	\N	\N	\N	\N	\N	\N	f	t
17949662-1f33-4773-b26e-65f58fab97a5	2026-05-23 19:14:04.956396+00	2026-05-23 19:14:04.956396+00	\N	Hydromorphone Hcl Liquid	Hydromorphone Hcl Liquid	\N	Tablet	\N	\N	\N	\N	\N	\N	f	t
1f6bff2f-7b4e-41b1-b259-3c1e28ecc080	2026-05-23 19:14:04.956396+00	2026-05-23 19:14:04.956396+00	\N	Hydromorphone Hcl Supp	Hydromorphone Hcl Supp	\N	Tablet	\N	\N	\N	\N	\N	\N	f	t
9d73f48f-3f59-4117-a753-a93dcd3e8b7e	2026-05-23 19:14:04.956396+00	2026-05-23 19:14:04.956396+00	\N	Hydromorphone Hcl Tab	Hydromorphone Hcl Tab	\N	Tablet	\N	\N	\N	\N	\N	\N	f	t
afb52333-e5d3-4337-a50e-279617e6887b	2026-05-23 19:14:04.956396+00	2026-05-23 19:14:04.956396+00	\N	Hydroquinone Cream	Hydroquinone Cream	\N	Topical	\N	\N	\N	\N	\N	\N	f	t
cde59c83-8335-4d54-b9e7-755b4b4d252d	2026-05-23 19:14:04.956396+00	2026-05-23 19:14:04.956396+00	\N	Hydroxychloroquine Sulfate Tab	Hydroxychloroquine Sulfate Tab	\N	Tablet	\N	\N	\N	\N	\N	\N	f	t
7b02c6cf-3a8e-4f06-b708-d2f857041e14	2026-05-23 19:14:04.956396+00	2026-05-23 19:14:04.956396+00	\N	Hydroxyurea Cap	Hydroxyurea Cap	\N	Capsule	\N	\N	\N	\N	\N	\N	f	t
6ec7cc8a-3214-42f4-b174-3fe8111fc07d	2026-05-23 19:14:04.956396+00	2026-05-23 19:14:04.956396+00	\N	Hydroxyzine Hcl Syr	Hydroxyzine Hcl Syr	\N	Tablet	\N	\N	\N	\N	\N	\N	f	t
895470ba-6e50-4e4e-ad83-58c990b012ff	2026-05-23 19:14:04.956396+00	2026-05-23 19:14:04.956396+00	\N	Hydroxyzine Hcl Tab	Hydroxyzine Hcl Tab	\N	Tablet	\N	\N	\N	\N	\N	\N	f	t
f8a6dfd3-472d-4b5c-828f-0eb9d6f974b4	2026-05-23 19:14:04.956396+00	2026-05-23 19:14:04.956396+00	\N	Hydroxyzine Pamoate Cap	Hydroxyzine Pamoate Cap	\N	Capsule	\N	\N	\N	\N	\N	\N	f	t
682fbb9f-4cee-457a-82dd-55dbe32bb75b	2026-05-23 19:14:04.956396+00	2026-05-23 19:14:04.956396+00	\N	Hyoscyamine Sulfate Elix	Hyoscyamine Sulfate Elix	\N	Tablet	\N	\N	\N	\N	\N	\N	f	t
d07b431c-772e-4ce6-b1a5-f06429fb01fa	2026-05-23 19:14:04.956396+00	2026-05-23 19:14:04.956396+00	\N	Hyoscyamine Sulfate Er Tab	Hyoscyamine Sulfate Er Tab	\N	Tablet	\N	\N	\N	\N	\N	\N	f	t
ec1e63c3-b4ae-48e5-bebd-5885361f9618	2026-05-23 19:14:04.956396+00	2026-05-23 19:14:04.956396+00	\N	Hyoscyamine Sulfate Sl Tab	Hyoscyamine Sulfate Sl Tab	\N	Tablet	\N	\N	\N	\N	\N	\N	f	t
b8323aa3-2a0b-4ee7-90a7-0003fbb894cd	2026-05-23 19:14:04.956396+00	2026-05-23 19:14:04.956396+00	\N	Hyoscyamine Sulfate Soln	Hyoscyamine Sulfate Soln	\N	Solution	\N	\N	\N	\N	\N	\N	f	t
2b298199-a5e6-449f-9cb9-e75c7e8478b9	2026-05-23 19:14:04.956396+00	2026-05-23 19:14:04.956396+00	\N	Hyoscyamine Sulfate Tab	Hyoscyamine Sulfate Tab	\N	Tablet	\N	\N	\N	\N	\N	\N	f	t
300b9864-3796-40ae-8ec3-afa0cbcd9ba1	2026-05-23 19:14:04.956396+00	2026-05-23 19:14:04.956396+00	\N	Ibandronate Sodium Tab	Ibandronate Sodium Tab	\N	Tablet	\N	\N	\N	\N	\N	\N	f	t
c6c2e9f6-0f19-4d32-9334-bde53f7e772f	2026-05-23 19:14:04.956396+00	2026-05-23 19:14:04.956396+00	\N	Ibuprofen Susp	Ibuprofen Susp	\N	Suspension	\N	\N	\N	\N	\N	\N	f	t
95e29c7a-4982-4fb7-9a01-0546e873c9cb	2026-05-23 19:14:04.956396+00	2026-05-23 19:14:04.956396+00	\N	Ibuprofen Tab	Ibuprofen Tab	\N	Tablet	\N	\N	\N	\N	\N	\N	f	t
a31e137b-a529-4852-8233-86f8f03c424c	2026-05-23 19:14:04.956396+00	2026-05-23 19:14:04.956396+00	\N	Ibuprofen-Famotidine Tab	Ibuprofen-Famotidine Tab	\N	Tablet	\N	\N	\N	\N	\N	\N	f	t
c123790d-2573-4f88-bda6-052811a1812f	2026-05-23 19:14:04.956396+00	2026-05-23 19:14:04.956396+00	\N	Icatibant Acetate Soln  [Inj]	Icatibant Acetate Soln  [Inj]	\N	Injection	\N	\N	\N	\N	\N	\N	f	t
6fc8ff5b-3c4e-43d9-983b-717acc95eecd	2026-05-23 19:14:04.956396+00	2026-05-23 19:14:04.956396+00	\N	Icosapent Ethyl Cap	Icosapent Ethyl Cap	\N	Capsule	\N	\N	\N	\N	\N	\N	f	t
0a70518f-733b-48fa-9418-233376dcd2ba	2026-05-23 19:14:04.956396+00	2026-05-23 19:14:04.956396+00	\N	Imatinib Mesylate Tab	Imatinib Mesylate Tab	\N	Tablet	\N	\N	\N	\N	\N	\N	f	t
0a56c0d5-d421-4249-af0b-aff9f819fd02	2026-05-23 19:14:04.956396+00	2026-05-23 19:14:04.956396+00	\N	Imipramine Hcl Tab	Imipramine Hcl Tab	\N	Tablet	\N	\N	\N	\N	\N	\N	f	t
df7bc5e0-db87-43eb-a2c6-6ff54d26f0f1	2026-05-23 19:14:04.956396+00	2026-05-23 19:14:04.956396+00	\N	Imipramine Pamoate Cap	Imipramine Pamoate Cap	\N	Capsule	\N	\N	\N	\N	\N	\N	f	t
05430ada-a67c-4528-87da-66701a76687f	2026-05-23 19:14:04.956396+00	2026-05-23 19:14:04.956396+00	\N	Imiquimod Cream	Imiquimod Cream	\N	Topical	\N	\N	\N	\N	\N	\N	f	t
46623df7-e3e2-47c8-9352-cb5200dd6b1f	2026-05-23 19:14:04.956396+00	2026-05-23 19:14:04.956396+00	\N	Indapamide Tab	Indapamide Tab	\N	Tablet	\N	\N	\N	\N	\N	\N	f	t
75f4e07d-8597-4bb8-b74b-d7a5fe98c143	2026-05-23 19:14:04.956396+00	2026-05-23 19:14:04.956396+00	\N	Indomethacin Cap	Indomethacin Cap	\N	Capsule	\N	\N	\N	\N	\N	\N	f	t
a6d675e0-1214-4bed-b462-198b03146d5a	2026-05-23 19:14:04.956396+00	2026-05-23 19:14:04.956396+00	\N	Indomethacin Er Cap	Indomethacin Er Cap	\N	Capsule	\N	\N	\N	\N	\N	\N	f	t
574eb0a4-0cdd-4500-a13c-cdaf238fee30	2026-05-23 19:14:04.956396+00	2026-05-23 19:14:04.956396+00	\N	Iodine Strong Soln	Iodine Strong Soln	\N	Solution	\N	\N	\N	\N	\N	\N	f	t
6aeaf62e-3359-4181-9340-f5ffa2bd85b8	2026-05-23 19:14:04.956396+00	2026-05-23 19:14:04.956396+00	\N	Iodoquinol-Hc-Aloe Polysacch Gel	Iodoquinol-Hc-Aloe Polysacch Gel	\N	Gel	\N	\N	\N	\N	\N	\N	f	t
95b6aa28-4193-4eee-933f-8b1692d87a55	2026-05-23 19:14:04.956396+00	2026-05-23 19:14:04.956396+00	\N	Iodoquinol-Hydrocortisone-Aloe Cream	Iodoquinol-Hydrocortisone-Aloe Cream	\N	Topical	\N	\N	\N	\N	\N	\N	f	t
eff8769c-3635-43a3-809d-8bbc2afe9db1	2026-05-23 19:14:04.956396+00	2026-05-23 19:14:04.956396+00	\N	Ipratropium Bromide Soln	Ipratropium Bromide Soln	\N	Solution	\N	\N	\N	\N	\N	\N	f	t
80209fd9-fcbf-48e3-b38a-562df3210f9f	2026-05-23 19:14:04.956396+00	2026-05-23 19:14:04.956396+00	\N	Ipratropium-Albuterol Soln	Ipratropium-Albuterol Soln	\N	Solution	\N	\N	\N	\N	\N	\N	f	t
18fbb860-c270-402d-af1b-b94dd9e7c8f0	2026-05-23 19:14:04.956396+00	2026-05-23 19:14:04.956396+00	\N	Irbesartan Tab	Irbesartan Tab	\N	Tablet	\N	\N	\N	\N	\N	\N	f	t
5434494e-bbba-4da8-8d8c-cfab94bb3b2c	2026-05-23 19:14:04.956396+00	2026-05-23 19:14:04.956396+00	\N	Irbesartan-Hydrochlorothiazide Tab	Irbesartan-Hydrochlorothiazide Tab	\N	Tablet	\N	\N	\N	\N	\N	\N	f	t
fdf68a6e-10f7-4677-88fd-fa3c1b64b3c9	2026-05-23 19:14:04.956396+00	2026-05-23 19:14:04.956396+00	\N	Isoflurane Soln	Isoflurane Soln	\N	Solution	\N	\N	\N	\N	\N	\N	f	t
7bb660c7-746e-497d-bc86-99c3111aaaf8	2026-05-23 19:14:04.956396+00	2026-05-23 19:14:04.956396+00	\N	Isoniazid Syr	Isoniazid Syr	\N	Tablet	\N	\N	\N	\N	\N	\N	f	t
efbba1f3-0bf1-492c-8f5d-ef477d44ca02	2026-05-23 19:14:04.956396+00	2026-05-23 19:14:04.956396+00	\N	Isoniazid Tab	Isoniazid Tab	\N	Tablet	\N	\N	\N	\N	\N	\N	f	t
30d6997d-3b44-4104-b462-ee92858a3203	2026-05-23 19:14:04.956396+00	2026-05-23 19:14:04.956396+00	\N	Isosorb Dinitrate-Hydralazine Tab	Isosorb Dinitrate-Hydralazine Tab	\N	Tablet	\N	\N	\N	\N	\N	\N	f	t
4bf5db2d-f30d-4b65-8170-d4d1e7ff9e49	2026-05-23 19:14:04.956396+00	2026-05-23 19:14:04.956396+00	\N	Isosorbide Dinitrate Tab	Isosorbide Dinitrate Tab	\N	Tablet	\N	\N	\N	\N	\N	\N	f	t
bf73945f-4ad8-4ba1-9fd0-293d32f88abd	2026-05-23 19:14:04.956396+00	2026-05-23 19:14:04.956396+00	\N	Isosorbide Mononitrate Er Tab	Isosorbide Mononitrate Er Tab	\N	Tablet	\N	\N	\N	\N	\N	\N	f	t
1f1a4b33-f0d2-48a7-b87f-9854f146983f	2026-05-23 19:14:04.956396+00	2026-05-23 19:14:04.956396+00	\N	Isosorbide Mononitrate Tab	Isosorbide Mononitrate Tab	\N	Tablet	\N	\N	\N	\N	\N	\N	f	t
c589d10b-ed9a-4aa8-9c0a-8fdd5e376e99	2026-05-23 19:14:04.956396+00	2026-05-23 19:14:04.956396+00	\N	Isosulfan Blue Soln  [Inj]	Isosulfan Blue Soln  [Inj]	\N	Injection	\N	\N	\N	\N	\N	\N	f	t
fbdb4537-be27-41a2-9c45-b0f702d6ebed	2026-05-23 19:14:04.956396+00	2026-05-23 19:14:04.956396+00	\N	Isotretinoin Cap	Isotretinoin Cap	\N	Capsule	\N	\N	\N	\N	\N	\N	f	t
76a62187-76ef-45f1-969d-26cf38672e53	2026-05-23 19:14:04.956396+00	2026-05-23 19:14:04.956396+00	\N	Isoxsuprine Hcl Tab	Isoxsuprine Hcl Tab	\N	Tablet	\N	\N	\N	\N	\N	\N	f	t
9ccbbb2e-22f9-4585-b5d1-dfe6cf333936	2026-05-23 19:14:04.956396+00	2026-05-23 19:14:04.956396+00	\N	Isradipine Cap	Isradipine Cap	\N	Capsule	\N	\N	\N	\N	\N	\N	f	t
7da3a4cc-5c6f-4057-a91f-8783684bb203	2026-05-23 19:14:04.956396+00	2026-05-23 19:14:04.956396+00	\N	Itraconazole Cap	Itraconazole Cap	\N	Capsule	\N	\N	\N	\N	\N	\N	f	t
712bad74-84ef-43cd-94bc-6d3a8dd3f5cd	2026-05-23 19:14:04.956396+00	2026-05-23 19:14:04.956396+00	\N	Itraconazole Soln	Itraconazole Soln	\N	Solution	\N	\N	\N	\N	\N	\N	f	t
4c201ebf-8d2c-49d2-bbfa-6966d2e45cb8	2026-05-23 19:14:04.956396+00	2026-05-23 19:14:04.956396+00	\N	Ivermectin Cream	Ivermectin Cream	\N	Topical	\N	\N	\N	\N	\N	\N	f	t
b448d20e-749a-4cf9-acdb-492cedb32bf6	2026-05-23 19:14:04.956396+00	2026-05-23 19:14:04.956396+00	\N	Ivermectin Lot	Ivermectin Lot	\N	Tablet	\N	\N	\N	\N	\N	\N	f	t
5d76b142-d8f0-48b4-bb96-1b4f2566cbdd	2026-05-23 19:14:04.956396+00	2026-05-23 19:14:04.956396+00	\N	Ivermectin Tab	Ivermectin Tab	\N	Tablet	\N	\N	\N	\N	\N	\N	f	t
9e8ed631-9ada-45c3-9364-2ad66eadb2d1	2026-05-23 19:14:04.956396+00	2026-05-23 19:14:04.956396+00	\N	Ketoconazole	Ketoconazole	\N	Tablet	\N	\N	\N	\N	\N	\N	f	t
3ebbe65b-dc92-40d3-a01c-76e738f98166	2026-05-23 19:14:04.956396+00	2026-05-23 19:14:04.956396+00	\N	Ketoconazole Cream	Ketoconazole Cream	\N	Topical	\N	\N	\N	\N	\N	\N	f	t
804bea58-d2ac-48bd-86e9-4b955ebaf8cb	2026-05-23 19:14:04.956396+00	2026-05-23 19:14:04.956396+00	\N	Ketoconazole Foam	Ketoconazole Foam	\N	Tablet	\N	\N	\N	\N	\N	\N	f	t
43da95d2-06f7-4405-9892-f97dae72ebcc	2026-05-23 19:14:04.956396+00	2026-05-23 19:14:04.956396+00	\N	Ketoconazole Tab	Ketoconazole Tab	\N	Tablet	\N	\N	\N	\N	\N	\N	f	t
6ee98ede-8209-4918-889f-c4eb8f2b8c2f	2026-05-23 19:14:04.956396+00	2026-05-23 19:14:04.956396+00	\N	Ketoprofen Cap	Ketoprofen Cap	\N	Capsule	\N	\N	\N	\N	\N	\N	f	t
4e232780-7173-43bf-9b20-1302aef9915d	2026-05-23 19:14:04.956396+00	2026-05-23 19:14:04.956396+00	\N	Ketorolac Tromethamine Soln	Ketorolac Tromethamine Soln	\N	Solution	\N	\N	\N	\N	\N	\N	f	t
fd7ccacc-771b-4031-8a85-184db59879d5	2026-05-23 19:14:04.956396+00	2026-05-23 19:14:04.956396+00	\N	Ketorolac Tromethamine Tab	Ketorolac Tromethamine Tab	\N	Tablet	\N	\N	\N	\N	\N	\N	f	t
bff8feda-3830-4dbd-9a46-3f013f11c920	2026-05-23 19:14:04.956396+00	2026-05-23 19:14:04.956396+00	\N	L-Methylfolate Calcium Tab	L-Methylfolate Calcium Tab	\N	Tablet	\N	\N	\N	\N	\N	\N	f	t
0a4063f1-604f-4019-8d29-a58e2e97f25c	2026-05-23 19:14:04.956396+00	2026-05-23 19:14:04.956396+00	\N	L-Methylfolate Tab	L-Methylfolate Tab	\N	Tablet	\N	\N	\N	\N	\N	\N	f	t
406395de-cbde-45e5-9c2a-84500f31c94f	2026-05-23 19:14:04.956396+00	2026-05-23 19:14:04.956396+00	\N	L-Methylfolate-B6-B12 Tab	L-Methylfolate-B6-B12 Tab	\N	Tablet	\N	\N	\N	\N	\N	\N	f	t
94eb1afd-0b54-4ce5-bf0c-346b84615edf	2026-05-23 19:14:04.956396+00	2026-05-23 19:14:04.956396+00	\N	Labetalol Hcl Tab	Labetalol Hcl Tab	\N	Tablet	\N	\N	\N	\N	\N	\N	f	t
1ea7b71a-b85d-439a-b4f2-2524ad91b26d	2026-05-23 19:14:04.956396+00	2026-05-23 19:14:04.956396+00	\N	Lacosamide Soln	Lacosamide Soln	\N	Solution	\N	\N	\N	\N	\N	\N	f	t
970664f3-0237-4e9a-bdce-f3b9229977c3	2026-05-23 19:14:04.956396+00	2026-05-23 19:14:04.956396+00	\N	Lacosamide Tab	Lacosamide Tab	\N	Tablet	\N	\N	\N	\N	\N	\N	f	t
a9a5cc01-201a-4768-91c5-866b24eb3dfe	2026-05-23 19:14:04.956396+00	2026-05-23 19:14:04.956396+00	\N	Lactated Ringers Soln	Lactated Ringers Soln	\N	Solution	\N	\N	\N	\N	\N	\N	f	t
29a11b90-8643-46da-945a-24049a55b657	2026-05-23 19:14:04.956396+00	2026-05-23 19:14:04.956396+00	\N	Lactulose Encephalopathy Soln	Lactulose Encephalopathy Soln	\N	Solution	\N	\N	\N	\N	\N	\N	f	t
77d7d33d-5f78-4ea9-9a9b-6aa537c6215b	2026-05-23 19:14:04.956396+00	2026-05-23 19:14:04.956396+00	\N	Lactulose Pack	Lactulose Pack	\N	Tablet	\N	\N	\N	\N	\N	\N	f	t
adc72d9d-124b-406d-a7b4-a6af7add2954	2026-05-23 19:14:04.956396+00	2026-05-23 19:14:04.956396+00	\N	Lactulose Soln	Lactulose Soln	\N	Solution	\N	\N	\N	\N	\N	\N	f	t
1d62b166-ed7d-4756-8ad1-ac530d8cf694	2026-05-23 19:14:04.956396+00	2026-05-23 19:14:04.956396+00	\N	Lamivudine Soln	Lamivudine Soln	\N	Solution	\N	\N	\N	\N	\N	\N	f	t
a1981523-06e4-4f3d-be41-26130c8b31f1	2026-05-23 19:14:04.956396+00	2026-05-23 19:14:04.956396+00	\N	Lamivudine Tab	Lamivudine Tab	\N	Tablet	\N	\N	\N	\N	\N	\N	f	t
02358d5c-1519-43d4-9fdd-79568913c33c	2026-05-23 19:14:04.956396+00	2026-05-23 19:14:04.956396+00	\N	Lamivudine-Zidovudine Tab	Lamivudine-Zidovudine Tab	\N	Tablet	\N	\N	\N	\N	\N	\N	f	t
886db809-206b-4043-89cf-123403fb2836	2026-05-23 19:14:04.956396+00	2026-05-23 19:14:04.956396+00	\N	Lamotrigine	Lamotrigine	\N	Tablet	\N	\N	\N	\N	\N	\N	f	t
85932580-730a-4656-acf4-2497b0b700dd	2026-05-23 19:14:04.956396+00	2026-05-23 19:14:04.956396+00	\N	Lamotrigine Er Tab	Lamotrigine Er Tab	\N	Tablet	\N	\N	\N	\N	\N	\N	f	t
9408eb91-f1bc-41c6-af6f-bdd74122ee87	2026-05-23 19:14:04.956396+00	2026-05-23 19:14:04.956396+00	\N	Lamotrigine Starter Kit-Blue	Lamotrigine Starter Kit-Blue	\N	Tablet	\N	\N	\N	\N	\N	\N	f	t
e9ab6f02-ff27-4e90-bfff-ff5d3e2ea217	2026-05-23 19:14:04.956396+00	2026-05-23 19:14:04.956396+00	\N	Lamotrigine Starter Kit-Green	Lamotrigine Starter Kit-Green	\N	Tablet	\N	\N	\N	\N	\N	\N	f	t
55a35a5e-5439-4281-81c2-79b0919cd500	2026-05-23 19:14:04.956396+00	2026-05-23 19:14:04.956396+00	\N	Lamotrigine Starter Kit-Orange	Lamotrigine Starter Kit-Orange	\N	Tablet	\N	\N	\N	\N	\N	\N	f	t
12dec246-07fb-46d1-8c6a-cbc827a83cac	2026-05-23 19:14:04.956396+00	2026-05-23 19:14:04.956396+00	\N	Lamotrigine Tab	Lamotrigine Tab	\N	Tablet	\N	\N	\N	\N	\N	\N	f	t
65833098-a4ef-4e2c-8d37-46b97a3e12b2	2026-05-23 19:14:04.956396+00	2026-05-23 19:14:04.956396+00	\N	Lansoprazole Cap	Lansoprazole Cap	\N	Capsule	\N	\N	\N	\N	\N	\N	f	t
a48ab557-429f-4f07-a17c-5bec516c3625	2026-05-23 19:14:04.956396+00	2026-05-23 19:14:04.956396+00	\N	Lansoprazole Tab	Lansoprazole Tab	\N	Tablet	\N	\N	\N	\N	\N	\N	f	t
bbd33f9c-20a1-4a1f-b191-a07da70d432a	2026-05-23 19:14:04.956396+00	2026-05-23 19:14:04.956396+00	\N	Lanthanum Carbonate Tab	Lanthanum Carbonate Tab	\N	Tablet	\N	\N	\N	\N	\N	\N	f	t
2144c5d3-3fb8-4764-9190-53dba445f9ac	2026-05-23 19:14:04.956396+00	2026-05-23 19:14:04.956396+00	\N	Lapatinib Ditosylate Tab	Lapatinib Ditosylate Tab	\N	Tablet	\N	\N	\N	\N	\N	\N	f	t
a08a2e52-d0cd-4812-87c2-524278eda1cb	2026-05-23 19:14:04.956396+00	2026-05-23 19:14:04.956396+00	\N	Latanoprost Soln	Latanoprost Soln	\N	Solution	\N	\N	\N	\N	\N	\N	f	t
f75534ad-71f6-4036-8bc3-4bee11f6fc74	2026-05-23 19:14:04.956396+00	2026-05-23 19:14:04.956396+00	\N	Leflunomide Tab	Leflunomide Tab	\N	Tablet	\N	\N	\N	\N	\N	\N	f	t
d0d31405-aa60-4bf6-93e6-8e607a065b70	2026-05-23 19:14:04.956396+00	2026-05-23 19:14:04.956396+00	\N	Lenalidomide Cap	Lenalidomide Cap	\N	Capsule	\N	\N	\N	\N	\N	\N	f	t
96f43148-0e67-432c-b73d-813b4453a86b	2026-05-23 19:14:04.956396+00	2026-05-23 19:14:04.956396+00	\N	Letrozole Tab	Letrozole Tab	\N	Tablet	\N	\N	\N	\N	\N	\N	f	t
14870483-b443-4ac1-a839-f53c4ce6e990	2026-05-23 19:14:04.956396+00	2026-05-23 19:14:04.956396+00	\N	Leucovorin Calcium Tab	Leucovorin Calcium Tab	\N	Tablet	\N	\N	\N	\N	\N	\N	f	t
3e000d08-f351-4065-8ab2-709df0063620	2026-05-23 19:14:04.956396+00	2026-05-23 19:14:04.956396+00	\N	Levalbuterol Hcl Neb	Levalbuterol Hcl Neb	\N	Tablet	\N	\N	\N	\N	\N	\N	f	t
9b83ce42-8c60-4f5a-991b-9f92cd41b4b2	2026-05-23 19:14:04.956396+00	2026-05-23 19:14:04.956396+00	\N	Levetiracetam Er Tab	Levetiracetam Er Tab	\N	Tablet	\N	\N	\N	\N	\N	\N	f	t
a7141678-afdb-43ca-94f0-ea84cbc702bd	2026-05-23 19:14:04.956396+00	2026-05-23 19:14:04.956396+00	\N	Levetiracetam Soln	Levetiracetam Soln	\N	Solution	\N	\N	\N	\N	\N	\N	f	t
bde4117d-dc6f-41ed-95cc-a43c24f6943a	2026-05-23 19:14:04.956396+00	2026-05-23 19:14:04.956396+00	\N	Levetiracetam Tab	Levetiracetam Tab	\N	Tablet	\N	\N	\N	\N	\N	\N	f	t
47cb893a-02d3-4d10-b758-d4d80b9236c8	2026-05-23 19:14:04.956396+00	2026-05-23 19:14:04.956396+00	\N	Levobunolol Hcl Soln	Levobunolol Hcl Soln	\N	Solution	\N	\N	\N	\N	\N	\N	f	t
0d33be84-323c-4f5c-aff2-53a30ddb234a	2026-05-23 19:14:04.956396+00	2026-05-23 19:14:04.956396+00	\N	Levocarnitine Sf Soln	Levocarnitine Sf Soln	\N	Solution	\N	\N	\N	\N	\N	\N	f	t
f8ee0792-aeca-4143-9d55-1fe77f453a48	2026-05-23 19:14:04.956396+00	2026-05-23 19:14:04.956396+00	\N	Levocarnitine Soln	Levocarnitine Soln	\N	Solution	\N	\N	\N	\N	\N	\N	f	t
4cd609ad-e85c-4967-b322-3bb918d1b788	2026-05-23 19:14:04.956396+00	2026-05-23 19:14:04.956396+00	\N	Levocarnitine Tab	Levocarnitine Tab	\N	Tablet	\N	\N	\N	\N	\N	\N	f	t
b9a08501-8c9e-45c5-9d1b-f23050678870	2026-05-23 19:14:04.956396+00	2026-05-23 19:14:04.956396+00	\N	Levocetirizine Dihydrochloride Soln	Levocetirizine Dihydrochloride Soln	\N	Solution	\N	\N	\N	\N	\N	\N	f	t
33f3066e-de76-490b-9495-b79c7709962e	2026-05-23 19:14:04.956396+00	2026-05-23 19:14:04.956396+00	\N	Levocetirizine Dihydrochloride Tab	Levocetirizine Dihydrochloride Tab	\N	Tablet	\N	\N	\N	\N	\N	\N	f	t
e77937ca-538a-4d8a-85f5-9bd2f496ac8d	2026-05-23 19:14:04.956396+00	2026-05-23 19:14:04.956396+00	\N	Levofloxacin Soln	Levofloxacin Soln	\N	Solution	\N	\N	\N	\N	\N	\N	f	t
0ca437a4-99fe-4642-84c6-78292f7681d4	2026-05-23 19:14:04.956396+00	2026-05-23 19:14:04.956396+00	\N	Levofloxacin Tab	Levofloxacin Tab	\N	Tablet	\N	\N	\N	\N	\N	\N	f	t
f64136d6-e582-43ce-9aa6-982c67f989f4	2026-05-23 19:14:04.956396+00	2026-05-23 19:14:04.956396+00	\N	Levonorg-Eth Estrad Triphasic Tab	Levonorg-Eth Estrad Triphasic Tab	\N	Tablet	\N	\N	\N	\N	\N	\N	f	t
b622db94-7d5e-46dc-8a8d-88b149053917	2026-05-23 19:14:04.956396+00	2026-05-23 19:14:04.956396+00	\N	Levonorgest-Eth Est & Eth Est Tab	Levonorgest-Eth Est & Eth Est Tab	\N	Tablet	\N	\N	\N	\N	\N	\N	f	t
cf445cdc-15e1-49e4-a3ef-696859edaed2	2026-05-23 19:14:04.956396+00	2026-05-23 19:14:04.956396+00	\N	Levonorgest-Eth Estrad 91-Day Tab	Levonorgest-Eth Estrad 91-Day Tab	\N	Tablet	\N	\N	\N	\N	\N	\N	f	t
bb59da6e-db7c-48e1-a01e-00c7190e8396	2026-05-23 19:14:04.956396+00	2026-05-23 19:14:04.956396+00	\N	Levonorgestrel-Ethinyl Estrad Tab	Levonorgestrel-Ethinyl Estrad Tab	\N	Tablet	\N	\N	\N	\N	\N	\N	f	t
3afdbd40-dc0a-4b7b-96d4-b6f5a22b82f7	2026-05-23 19:14:04.956396+00	2026-05-23 19:14:04.956396+00	\N	Levorphanol Tartrate Tab	Levorphanol Tartrate Tab	\N	Tablet	\N	\N	\N	\N	\N	\N	f	t
d1853f88-0792-48e1-be2d-943564138007	2026-05-23 19:14:04.956396+00	2026-05-23 19:14:04.956396+00	\N	Levothyroxine Sodium Tab	Levothyroxine Sodium Tab	\N	Tablet	\N	\N	\N	\N	\N	\N	f	t
8b87db07-e075-4d48-8e05-e63321f9955f	2026-05-23 19:14:04.956396+00	2026-05-23 19:14:04.956396+00	\N	Lidocaine Hcl Cream	Lidocaine Hcl Cream	\N	Topical	\N	\N	\N	\N	\N	\N	f	t
e222f91b-ee7a-4820-9a38-3a3c59c6d5cd	2026-05-23 19:14:04.956396+00	2026-05-23 19:14:04.956396+00	\N	Lidocaine Hcl Soln	Lidocaine Hcl Soln	\N	Solution	\N	\N	\N	\N	\N	\N	f	t
b0fe8124-480c-45c2-acbe-1a816d74a46a	2026-05-23 19:14:04.956396+00	2026-05-23 19:14:04.956396+00	\N	Lidocaine Hcl Urethral/Mucosal	Lidocaine Hcl Urethral/Mucosal	\N	Tablet	\N	\N	\N	\N	\N	\N	f	t
c9a51067-351a-4400-b8b1-403dd9d4ff99	2026-05-23 19:14:04.956396+00	2026-05-23 19:14:04.956396+00	\N	Lidocaine Hcl Urethral/Mucosal Gel	Lidocaine Hcl Urethral/Mucosal Gel	\N	Gel	\N	\N	\N	\N	\N	\N	f	t
078a5924-6cb7-449f-b7ad-45da1c0c3476	2026-05-23 19:14:04.956396+00	2026-05-23 19:14:04.956396+00	\N	Lidocaine Oint	Lidocaine Oint	\N	Topical	\N	\N	\N	\N	\N	\N	f	t
1b1dfd59-e4f2-492b-bf07-047c6851796b	2026-05-23 19:14:04.956396+00	2026-05-23 19:14:04.956396+00	\N	Lidocaine Patch	Lidocaine Patch	\N	Tablet	\N	\N	\N	\N	\N	\N	f	t
7e4bca9d-4b46-4bf5-a888-0031a364bc59	2026-05-23 19:14:04.956396+00	2026-05-23 19:14:04.956396+00	\N	Lidocaine Viscous Hcl Soln	Lidocaine Viscous Hcl Soln	\N	Solution	\N	\N	\N	\N	\N	\N	f	t
164a7971-c537-41e7-81a9-d90a88ebe79e	2026-05-23 19:14:04.956396+00	2026-05-23 19:14:04.956396+00	\N	Lidocaine-Hydrocort (Perianal) Cream	Lidocaine-Hydrocort (Perianal) Cream	\N	Topical	\N	\N	\N	\N	\N	\N	f	t
25ac380b-789f-4878-87d0-9893bc779517	2026-05-23 19:14:04.956396+00	2026-05-23 19:14:04.956396+00	\N	Lidocaine-Hydrocortisone Ace	Lidocaine-Hydrocortisone Ace	\N	Tablet	\N	\N	\N	\N	\N	\N	f	t
c4bdebfa-3d84-4a0f-b281-b1c2e5164fd6	2026-05-23 19:14:04.956396+00	2026-05-23 19:14:04.956396+00	\N	Lidocaine-Hydrocortisone Ace Gel	Lidocaine-Hydrocortisone Ace Gel	\N	Gel	\N	\N	\N	\N	\N	\N	f	t
ed9a1bbb-1926-4224-bfbd-c845ef74c675	2026-05-23 19:14:04.956396+00	2026-05-23 19:14:04.956396+00	\N	Lidocaine-Prilocaine	Lidocaine-Prilocaine	\N	Tablet	\N	\N	\N	\N	\N	\N	f	t
e984e421-38a1-4e41-b1a6-b5e1d8a3c7e9	2026-05-23 19:14:04.956396+00	2026-05-23 19:14:04.956396+00	\N	Lidocaine-Prilocaine Cream	Lidocaine-Prilocaine Cream	\N	Topical	\N	\N	\N	\N	\N	\N	f	t
4fd488e8-faf2-4233-a1ce-f48639460930	2026-05-23 19:14:04.956396+00	2026-05-23 19:14:04.956396+00	\N	Lindane	Lindane	\N	Tablet	\N	\N	\N	\N	\N	\N	f	t
25a54ebb-9eae-4286-87b0-09107ef511ef	2026-05-23 19:14:04.956396+00	2026-05-23 19:14:04.956396+00	\N	Linezolid	Linezolid	\N	Tablet	\N	\N	\N	\N	\N	\N	f	t
c6fcbb0b-b026-4df4-b2fa-06c6252918b4	2026-05-23 19:14:04.956396+00	2026-05-23 19:14:04.956396+00	\N	Linezolid Tab	Linezolid Tab	\N	Tablet	\N	\N	\N	\N	\N	\N	f	t
253ddbc6-ed8b-40d9-a560-1b9f8b6dd9fe	2026-05-23 19:14:04.956396+00	2026-05-23 19:14:04.956396+00	\N	Liothyronine Sodium Tab	Liothyronine Sodium Tab	\N	Tablet	\N	\N	\N	\N	\N	\N	f	t
cba0319e-3f1b-4790-bd0b-66721fb3058b	2026-05-23 19:14:04.956396+00	2026-05-23 19:14:04.956396+00	\N	Lisinopril Tab	Lisinopril Tab	\N	Tablet	\N	\N	\N	\N	\N	\N	f	t
d87812df-5b23-4e07-9f54-c5616df67427	2026-05-23 19:14:04.956396+00	2026-05-23 19:14:04.956396+00	\N	Lisinopril-Hydrochlorothiazide Tab	Lisinopril-Hydrochlorothiazide Tab	\N	Tablet	\N	\N	\N	\N	\N	\N	f	t
dda29bf9-3ce2-45ec-b5c2-7656fd710fe8	2026-05-23 19:14:04.956396+00	2026-05-23 19:14:04.956396+00	\N	Lithium Carbonate Cap	Lithium Carbonate Cap	\N	Capsule	\N	\N	\N	\N	\N	\N	f	t
36b20697-12d2-4735-8d76-08385b3f3ede	2026-05-23 19:14:04.956396+00	2026-05-23 19:14:04.956396+00	\N	Lithium Carbonate Er Tab	Lithium Carbonate Er Tab	\N	Tablet	\N	\N	\N	\N	\N	\N	f	t
a8736c64-3211-4f10-a415-d1c856b97907	2026-05-23 19:14:04.956396+00	2026-05-23 19:14:04.956396+00	\N	Lithium Carbonate Tab	Lithium Carbonate Tab	\N	Tablet	\N	\N	\N	\N	\N	\N	f	t
010da42d-d6d5-44e7-8ecc-dc9f3c6e4b1d	2026-05-23 19:14:04.956396+00	2026-05-23 19:14:04.956396+00	\N	Lithium Soln	Lithium Soln	\N	Solution	\N	\N	\N	\N	\N	\N	f	t
57483fc7-8da8-4ab4-bbb0-682a6f43a07a	2026-05-23 19:14:04.956396+00	2026-05-23 19:14:04.956396+00	\N	Loperamide Hcl Cap	Loperamide Hcl Cap	\N	Capsule	\N	\N	\N	\N	\N	\N	f	t
46113eb5-884d-4ad7-a768-000f15a2f802	2026-05-23 19:14:04.956396+00	2026-05-23 19:14:04.956396+00	\N	Lopinavir-Ritonavir Soln	Lopinavir-Ritonavir Soln	\N	Solution	\N	\N	\N	\N	\N	\N	f	t
e0af6b3c-d0c9-4009-b3fd-44f323a83211	2026-05-23 19:14:04.956396+00	2026-05-23 19:14:04.956396+00	\N	Lopinavir-Ritonavir Tab	Lopinavir-Ritonavir Tab	\N	Tablet	\N	\N	\N	\N	\N	\N	f	t
e8f311b2-e2d3-4c16-9ae0-943299c4afbd	2026-05-23 19:14:04.956396+00	2026-05-23 19:14:04.956396+00	\N	Lorazepam	Lorazepam	\N	Tablet	\N	\N	\N	\N	\N	\N	f	t
f3333231-96eb-42ac-9058-35469b42383a	2026-05-23 19:14:04.956396+00	2026-05-23 19:14:04.956396+00	\N	Lorazepam Tab	Lorazepam Tab	\N	Tablet	\N	\N	\N	\N	\N	\N	f	t
c13b4702-b69c-49f6-a4ab-9154ed1d364c	2026-05-23 19:14:04.956396+00	2026-05-23 19:14:04.956396+00	\N	Losartan Potassium Tab	Losartan Potassium Tab	\N	Tablet	\N	\N	\N	\N	\N	\N	f	t
59a67cca-9439-45f7-9e58-ef5860bfedd7	2026-05-23 19:14:04.956396+00	2026-05-23 19:14:04.956396+00	\N	Losartan Potassium-Hctz Tab	Losartan Potassium-Hctz Tab	\N	Tablet	\N	\N	\N	\N	\N	\N	f	t
7c88def0-ef06-40a5-828c-d3b888aad921	2026-05-23 19:14:04.956396+00	2026-05-23 19:14:04.956396+00	\N	Loteprednol Etabonate Gel	Loteprednol Etabonate Gel	\N	Gel	\N	\N	\N	\N	\N	\N	f	t
960d1021-aa6c-4467-8f47-75224426ffb0	2026-05-23 19:14:04.956396+00	2026-05-23 19:14:04.956396+00	\N	Loteprednol Etabonate Susp	Loteprednol Etabonate Susp	\N	Suspension	\N	\N	\N	\N	\N	\N	f	t
0065fe13-d95b-4548-84c3-0343328f1f1b	2026-05-23 19:14:04.956396+00	2026-05-23 19:14:04.956396+00	\N	Lovastatin Tab	Lovastatin Tab	\N	Tablet	\N	\N	\N	\N	\N	\N	f	t
3c7fc52c-3f4c-4b78-80e9-eb2d6764817f	2026-05-23 19:14:04.956396+00	2026-05-23 19:14:04.956396+00	\N	Loxapine Succinate Cap	Loxapine Succinate Cap	\N	Capsule	\N	\N	\N	\N	\N	\N	f	t
198eddf2-5b4e-4bb3-8798-262c2d9253d8	2026-05-23 19:14:04.956396+00	2026-05-23 19:14:04.956396+00	\N	Mafenide Acetate Pack	Mafenide Acetate Pack	\N	Tablet	\N	\N	\N	\N	\N	\N	f	t
4579c364-02cc-436a-b653-4c634f6e58f4	2026-05-23 19:14:04.956396+00	2026-05-23 19:14:04.956396+00	\N	Malathion Lot	Malathion Lot	\N	Tablet	\N	\N	\N	\N	\N	\N	f	t
688f875e-537f-483b-a595-8dbe7cde1889	2026-05-23 19:14:04.956396+00	2026-05-23 19:14:04.956396+00	\N	Maprotiline Hcl Tab	Maprotiline Hcl Tab	\N	Tablet	\N	\N	\N	\N	\N	\N	f	t
2aa3a29d-60f9-4463-808f-d9e2cabb9756	2026-05-23 19:14:04.956396+00	2026-05-23 19:14:04.956396+00	\N	Maraviroc Tab	Maraviroc Tab	\N	Tablet	\N	\N	\N	\N	\N	\N	f	t
a6fd1abc-74eb-4006-8d72-90e96a2e2971	2026-05-23 19:14:04.956396+00	2026-05-23 19:14:04.956396+00	\N	Meclizine Hcl Tab	Meclizine Hcl Tab	\N	Tablet	\N	\N	\N	\N	\N	\N	f	t
f4beeda8-42f9-432b-830c-21833e965abd	2026-05-23 19:14:04.956396+00	2026-05-23 19:14:04.956396+00	\N	Meclofenamate Sodium Cap	Meclofenamate Sodium Cap	\N	Capsule	\N	\N	\N	\N	\N	\N	f	t
f5fd0485-fbfb-4917-9425-1bdbffcdc1ff	2026-05-23 19:14:04.956396+00	2026-05-23 19:14:04.956396+00	\N	Medroxyprogesterone Acetate Tab	Medroxyprogesterone Acetate Tab	\N	Tablet	\N	\N	\N	\N	\N	\N	f	t
72a9b757-bc32-4827-9f12-e259f8feb36d	2026-05-23 19:14:04.956396+00	2026-05-23 19:14:04.956396+00	\N	Mefenamic Acid Cap	Mefenamic Acid Cap	\N	Capsule	\N	\N	\N	\N	\N	\N	f	t
263246a4-6793-4d06-9399-5def0ba4d04a	2026-05-23 19:14:04.956396+00	2026-05-23 19:14:04.956396+00	\N	Mefloquine Hcl Tab	Mefloquine Hcl Tab	\N	Tablet	\N	\N	\N	\N	\N	\N	f	t
df40f8dd-1908-41ff-bbba-8be677598521	2026-05-23 19:14:04.956396+00	2026-05-23 19:14:04.956396+00	\N	Megestrol Acetate Susp	Megestrol Acetate Susp	\N	Suspension	\N	\N	\N	\N	\N	\N	f	t
31978551-bc84-4f30-955f-f6db72013580	2026-05-23 19:14:04.956396+00	2026-05-23 19:14:04.956396+00	\N	Megestrol Acetate Tab	Megestrol Acetate Tab	\N	Tablet	\N	\N	\N	\N	\N	\N	f	t
a3bb7c7c-ed4b-4316-a787-31a13f0c95c2	2026-05-23 19:14:04.956396+00	2026-05-23 19:14:04.956396+00	\N	Meloxicam Cap	Meloxicam Cap	\N	Capsule	\N	\N	\N	\N	\N	\N	f	t
d2567ca4-1153-4062-b2fb-596e28685ea6	2026-05-23 19:14:04.956396+00	2026-05-23 19:14:04.956396+00	\N	Meloxicam Tab	Meloxicam Tab	\N	Tablet	\N	\N	\N	\N	\N	\N	f	t
4e2eb8e2-a07f-4b8b-9636-13b76080dcd2	2026-05-23 19:14:04.956396+00	2026-05-23 19:14:04.956396+00	\N	Melphalan Tab	Melphalan Tab	\N	Tablet	\N	\N	\N	\N	\N	\N	f	t
c639e5cd-d0e8-49f0-b98e-b331abbf09ff	2026-05-23 19:14:04.956396+00	2026-05-23 19:14:04.956396+00	\N	Memantine Hcl Er Cap	Memantine Hcl Er Cap	\N	Capsule	\N	\N	\N	\N	\N	\N	f	t
cb5f0fb6-0fd2-41c9-989b-7490e86b872d	2026-05-23 19:14:04.956396+00	2026-05-23 19:14:04.956396+00	\N	Memantine Hcl Soln	Memantine Hcl Soln	\N	Solution	\N	\N	\N	\N	\N	\N	f	t
29d4fb51-8690-4c0b-bda8-a01b9560fe99	2026-05-23 19:14:04.956396+00	2026-05-23 19:14:04.956396+00	\N	Memantine Hcl Tab	Memantine Hcl Tab	\N	Tablet	\N	\N	\N	\N	\N	\N	f	t
a9b1b338-7cfa-4ce1-912d-d56f038d320a	2026-05-23 19:14:04.956396+00	2026-05-23 19:14:04.956396+00	\N	Mercaptopurine Tab	Mercaptopurine Tab	\N	Tablet	\N	\N	\N	\N	\N	\N	f	t
9ede4cf9-8437-432d-815f-4ed47be123d5	2026-05-23 19:14:04.956396+00	2026-05-23 19:14:04.956396+00	\N	Mesalamine	Mesalamine	\N	Tablet	\N	\N	\N	\N	\N	\N	f	t
130e6b28-c873-4a85-922d-aead7ec0d837	2026-05-23 19:14:04.956396+00	2026-05-23 19:14:04.956396+00	\N	Mesalamine Cap	Mesalamine Cap	\N	Capsule	\N	\N	\N	\N	\N	\N	f	t
0b099d21-2440-409d-9a5e-c0f99ca6b9c6	2026-05-23 19:14:04.956396+00	2026-05-23 19:14:04.956396+00	\N	Mesalamine Er Cap	Mesalamine Er Cap	\N	Capsule	\N	\N	\N	\N	\N	\N	f	t
924b7cc4-9d67-4a1c-a77c-06155acb8bf8	2026-05-23 19:14:04.956396+00	2026-05-23 19:14:04.956396+00	\N	Mesalamine Supp	Mesalamine Supp	\N	Tablet	\N	\N	\N	\N	\N	\N	f	t
9cd7ebd3-c4c2-463b-a691-57692d441a28	2026-05-23 19:14:04.956396+00	2026-05-23 19:14:04.956396+00	\N	Mesalamine Tab	Mesalamine Tab	\N	Tablet	\N	\N	\N	\N	\N	\N	f	t
1a61f9e7-f2d5-4465-9a3c-537a1ec69aee	2026-05-23 19:14:04.956396+00	2026-05-23 19:14:04.956396+00	\N	Mesalamine-Cleanser	Mesalamine-Cleanser	\N	Tablet	\N	\N	\N	\N	\N	\N	f	t
9fa3b462-6a8f-4fe1-b1bc-7a276042774a	2026-05-23 19:14:04.956396+00	2026-05-23 19:14:04.956396+00	\N	Metaxalone Tab	Metaxalone Tab	\N	Tablet	\N	\N	\N	\N	\N	\N	f	t
9dbd3ba5-4cfc-435e-acd5-cd5c06a09c01	2026-05-23 19:14:04.956396+00	2026-05-23 19:14:04.956396+00	\N	Metformin Hcl Er (Mod) Tab	Metformin Hcl Er (Mod) Tab	\N	Tablet	\N	\N	\N	\N	\N	\N	f	t
0551e45f-af62-4816-97f0-192802d045d2	2026-05-23 19:14:04.956396+00	2026-05-23 19:14:04.956396+00	\N	Metformin Hcl Er (Osm) Tab	Metformin Hcl Er (Osm) Tab	\N	Tablet	\N	\N	\N	\N	\N	\N	f	t
01a31fd7-8268-4e52-b08a-7a8971ddda10	2026-05-23 19:14:04.956396+00	2026-05-23 19:14:04.956396+00	\N	Metformin Hcl Er Tab	Metformin Hcl Er Tab	\N	Tablet	\N	\N	\N	\N	\N	\N	f	t
b13c7da2-6f98-4be6-b1fe-4d0c53a1c384	2026-05-23 19:14:04.956396+00	2026-05-23 19:14:04.956396+00	\N	Metformin Hcl Soln	Metformin Hcl Soln	\N	Solution	\N	\N	\N	\N	\N	\N	f	t
605c48f3-7ce3-40b5-bbb4-e69f089e5334	2026-05-23 19:14:04.956396+00	2026-05-23 19:14:04.956396+00	\N	Metformin Hcl Tab	Metformin Hcl Tab	\N	Tablet	\N	\N	\N	\N	\N	\N	f	t
f05e2463-535c-440d-8fd5-4bc2bc84cc13	2026-05-23 19:14:04.956396+00	2026-05-23 19:14:04.956396+00	\N	Methadone Hcl	Methadone Hcl	\N	Tablet	\N	\N	\N	\N	\N	\N	f	t
f06b8e94-fb92-4696-a874-41f5ae9b41ce	2026-05-23 19:14:04.956396+00	2026-05-23 19:14:04.956396+00	\N	Methadone Hcl Soln	Methadone Hcl Soln	\N	Solution	\N	\N	\N	\N	\N	\N	f	t
4e89f4d6-bb37-4855-9907-60b05572737b	2026-05-23 19:14:04.956396+00	2026-05-23 19:14:04.956396+00	\N	Methadone Hcl Tab	Methadone Hcl Tab	\N	Tablet	\N	\N	\N	\N	\N	\N	f	t
431044ee-54d9-4aeb-8cbe-029af1513808	2026-05-23 19:14:04.956396+00	2026-05-23 19:14:04.956396+00	\N	Methamphetamine Hcl Tab	Methamphetamine Hcl Tab	\N	Tablet	\N	\N	\N	\N	\N	\N	f	t
51499116-c6e5-44de-a4dd-b66c5319711a	2026-05-23 19:14:04.956396+00	2026-05-23 19:14:04.956396+00	\N	Methazolamide Tab	Methazolamide Tab	\N	Tablet	\N	\N	\N	\N	\N	\N	f	t
2f488e51-f04f-4efb-82a1-aabd525916bf	2026-05-23 19:14:04.956396+00	2026-05-23 19:14:04.956396+00	\N	Methenamine Hippurate Tab	Methenamine Hippurate Tab	\N	Tablet	\N	\N	\N	\N	\N	\N	f	t
bbe8af99-46f9-4942-91c7-6497a37c3b3c	2026-05-23 19:14:04.956396+00	2026-05-23 19:14:04.956396+00	\N	Methenamine Mandelate Tab	Methenamine Mandelate Tab	\N	Tablet	\N	\N	\N	\N	\N	\N	f	t
6705e329-07ca-4f50-9e78-e2963c474551	2026-05-23 19:14:04.956396+00	2026-05-23 19:14:04.956396+00	\N	Methimazole Tab	Methimazole Tab	\N	Tablet	\N	\N	\N	\N	\N	\N	f	t
a5f821ed-7466-4146-89ec-30eea329087e	2026-05-23 19:14:04.956396+00	2026-05-23 19:14:04.956396+00	\N	Methocarbamol Tab	Methocarbamol Tab	\N	Tablet	\N	\N	\N	\N	\N	\N	f	t
a4b4c78f-c1b7-41ca-afb3-50102e5b19a2	2026-05-23 19:14:04.956396+00	2026-05-23 19:14:04.956396+00	\N	Methotrexate Sodium Tab	Methotrexate Sodium Tab	\N	Tablet	\N	\N	\N	\N	\N	\N	f	t
7a97f93e-fb03-415e-8ff4-815160043c52	2026-05-23 19:14:04.956396+00	2026-05-23 19:14:04.956396+00	\N	Methotrexate Tab	Methotrexate Tab	\N	Tablet	\N	\N	\N	\N	\N	\N	f	t
d9ad030c-4d84-406a-b046-8887e4d02ba7	2026-05-23 19:14:04.956396+00	2026-05-23 19:14:04.956396+00	\N	Methoxsalen Rapid Cap	Methoxsalen Rapid Cap	\N	Capsule	\N	\N	\N	\N	\N	\N	f	t
a793d152-1134-44de-a439-62bf83312eb9	2026-05-23 19:14:04.956396+00	2026-05-23 19:14:04.956396+00	\N	Methyldopa Tab	Methyldopa Tab	\N	Tablet	\N	\N	\N	\N	\N	\N	f	t
220fefa7-06aa-42cd-8c47-5dd1b068a770	2026-05-23 19:14:04.956396+00	2026-05-23 19:14:04.956396+00	\N	Methyldopa-Hydrochlorothiazide Tab	Methyldopa-Hydrochlorothiazide Tab	\N	Tablet	\N	\N	\N	\N	\N	\N	f	t
bf11005a-e3a4-40f7-aece-c315fdaa2407	2026-05-23 19:14:04.956396+00	2026-05-23 19:14:04.956396+00	\N	Methylergonovine Maleate Tab	Methylergonovine Maleate Tab	\N	Tablet	\N	\N	\N	\N	\N	\N	f	t
d1ea9158-f15c-4fd5-b200-02459210b14a	2026-05-23 19:14:04.956396+00	2026-05-23 19:14:04.956396+00	\N	Methylphenidate Hcl Er (Cd) Cap	Methylphenidate Hcl Er (Cd) Cap	\N	Capsule	\N	\N	\N	\N	\N	\N	f	t
659dfbe8-a98a-4365-ac31-4c15094dbcc2	2026-05-23 19:14:04.956396+00	2026-05-23 19:14:04.956396+00	\N	Methylphenidate Hcl Er (La) Cap	Methylphenidate Hcl Er (La) Cap	\N	Capsule	\N	\N	\N	\N	\N	\N	f	t
5572c65a-10f9-4b01-9e54-9a546e79094a	2026-05-23 19:14:04.956396+00	2026-05-23 19:14:04.956396+00	\N	Methylphenidate Hcl Er (Osm) Tab	Methylphenidate Hcl Er (Osm) Tab	\N	Tablet	\N	\N	\N	\N	\N	\N	f	t
92484f25-bca8-4f24-a601-d2b0b0bb7659	2026-05-23 19:14:04.956396+00	2026-05-23 19:14:04.956396+00	\N	Methylphenidate Hcl Er (Xr) Cap	Methylphenidate Hcl Er (Xr) Cap	\N	Capsule	\N	\N	\N	\N	\N	\N	f	t
0ff32924-f11b-46a1-b8cb-2ca91084e593	2026-05-23 19:14:04.956396+00	2026-05-23 19:14:04.956396+00	\N	Methylphenidate Hcl Er Tab	Methylphenidate Hcl Er Tab	\N	Tablet	\N	\N	\N	\N	\N	\N	f	t
b68f3715-3bdf-4cf0-8c5e-af19feae44ec	2026-05-23 19:14:04.956396+00	2026-05-23 19:14:04.956396+00	\N	Methylphenidate Hcl Soln	Methylphenidate Hcl Soln	\N	Solution	\N	\N	\N	\N	\N	\N	f	t
d9f6d610-8800-44ef-a7bf-a24d13f3ee7b	2026-05-23 19:14:04.956396+00	2026-05-23 19:14:04.956396+00	\N	Methylphenidate Hcl Tab	Methylphenidate Hcl Tab	\N	Tablet	\N	\N	\N	\N	\N	\N	f	t
c824cc20-490e-4931-aa52-caa0937e7f72	2026-05-23 19:14:04.956396+00	2026-05-23 19:14:04.956396+00	\N	Methylphenidate Patch	Methylphenidate Patch	\N	Tablet	\N	\N	\N	\N	\N	\N	f	t
a498860a-859f-4e5b-a141-fce49b775755	2026-05-23 19:14:04.956396+00	2026-05-23 19:14:04.956396+00	\N	Methylprednisolone Tab	Methylprednisolone Tab	\N	Tablet	\N	\N	\N	\N	\N	\N	f	t
3cb69b58-ff65-4390-ab4e-24a6778e0fe8	2026-05-23 19:14:04.956396+00	2026-05-23 19:14:04.956396+00	\N	Methyltestosterone Cap	Methyltestosterone Cap	\N	Capsule	\N	\N	\N	\N	\N	\N	f	t
e333408b-c568-463f-9462-ccc160f85005	2026-05-23 19:14:04.956396+00	2026-05-23 19:14:04.956396+00	\N	Metoclopramide Hcl Soln	Metoclopramide Hcl Soln	\N	Solution	\N	\N	\N	\N	\N	\N	f	t
f4f5d9c2-94bc-4439-96d2-9bdda54d9625	2026-05-23 19:14:04.956396+00	2026-05-23 19:14:04.956396+00	\N	Metoclopramide Hcl Tab	Metoclopramide Hcl Tab	\N	Tablet	\N	\N	\N	\N	\N	\N	f	t
80db20fa-53f3-4a08-96b3-ed8dcafe4510	2026-05-23 19:14:04.956396+00	2026-05-23 19:14:04.956396+00	\N	Metolazone Tab	Metolazone Tab	\N	Tablet	\N	\N	\N	\N	\N	\N	f	t
15e57c90-42bd-4af1-a8e1-45f75937782e	2026-05-23 19:14:04.956396+00	2026-05-23 19:14:04.956396+00	\N	Metoprolol Succinate Er Tab	Metoprolol Succinate Er Tab	\N	Tablet	\N	\N	\N	\N	\N	\N	f	t
5033f40f-a7cc-4d5a-b1dc-90f61f2a2294	2026-05-23 19:14:04.956396+00	2026-05-23 19:14:04.956396+00	\N	Metoprolol Tartrate Tab	Metoprolol Tartrate Tab	\N	Tablet	\N	\N	\N	\N	\N	\N	f	t
f1a48954-c846-4e1d-aec2-3a304a54c335	2026-05-23 19:14:04.956396+00	2026-05-23 19:14:04.956396+00	\N	Metoprolol-Hydrochlorothiazide Tab	Metoprolol-Hydrochlorothiazide Tab	\N	Tablet	\N	\N	\N	\N	\N	\N	f	t
460a16d4-7b57-4e29-a7ce-f8da7fd72bb3	2026-05-23 19:14:04.956396+00	2026-05-23 19:14:04.956396+00	\N	Metronidazole Cap	Metronidazole Cap	\N	Capsule	\N	\N	\N	\N	\N	\N	f	t
94c5ad6c-af71-44de-8e59-c1f624e93d4c	2026-05-23 19:14:04.956396+00	2026-05-23 19:14:04.956396+00	\N	Metronidazole Cream	Metronidazole Cream	\N	Topical	\N	\N	\N	\N	\N	\N	f	t
06f61f6f-4c97-4e6f-9710-47b052a93a81	2026-05-23 19:14:04.956396+00	2026-05-23 19:14:04.956396+00	\N	Metronidazole Gel	Metronidazole Gel	\N	Gel	\N	\N	\N	\N	\N	\N	f	t
b49c7ae3-fc2c-4d6c-807a-a4cf93445591	2026-05-23 19:14:04.956396+00	2026-05-23 19:14:04.956396+00	\N	Metronidazole Lot	Metronidazole Lot	\N	Tablet	\N	\N	\N	\N	\N	\N	f	t
04bcf7ed-237d-4fee-90e0-ff39d79f7ea3	2026-05-23 19:14:04.956396+00	2026-05-23 19:14:04.956396+00	\N	Metronidazole Tab	Metronidazole Tab	\N	Tablet	\N	\N	\N	\N	\N	\N	f	t
71cb2154-2546-42e3-9b63-24604277b52b	2026-05-23 19:14:04.956396+00	2026-05-23 19:14:04.956396+00	\N	Metyrosine Cap	Metyrosine Cap	\N	Capsule	\N	\N	\N	\N	\N	\N	f	t
6d956fa2-b1b4-4f9e-b571-ab9b14a34606	2026-05-23 19:14:04.956396+00	2026-05-23 19:14:04.956396+00	\N	Mexiletine Hcl Cap	Mexiletine Hcl Cap	\N	Capsule	\N	\N	\N	\N	\N	\N	f	t
30d8677b-3bb1-4d26-9f62-105af706c553	2026-05-23 19:14:04.956396+00	2026-05-23 19:14:04.956396+00	\N	Midodrine Hcl Tab	Midodrine Hcl Tab	\N	Tablet	\N	\N	\N	\N	\N	\N	f	t
98914ca8-f81f-4ba9-80f2-39ac31699fe1	2026-05-23 19:14:04.956396+00	2026-05-23 19:14:04.956396+00	\N	Mifepristone Tab	Mifepristone Tab	\N	Tablet	\N	\N	\N	\N	\N	\N	f	t
1d2f6549-af30-4f46-995d-fc597e1eccde	2026-05-23 19:14:04.956396+00	2026-05-23 19:14:04.956396+00	\N	Miglitol Tab	Miglitol Tab	\N	Tablet	\N	\N	\N	\N	\N	\N	f	t
3716b78e-ab71-47ae-9e87-4b2fcf7941ce	2026-05-23 19:14:04.956396+00	2026-05-23 19:14:04.956396+00	\N	Miglustat Cap	Miglustat Cap	\N	Capsule	\N	\N	\N	\N	\N	\N	f	t
4f70d2f2-72f7-4819-8d78-cb5eefc2ad08	2026-05-23 19:14:04.956396+00	2026-05-23 19:14:04.956396+00	\N	Mineral Oil Heavy	Mineral Oil Heavy	\N	Tablet	\N	\N	\N	\N	\N	\N	f	t
bb95b09b-07a4-4094-911d-54433161eec9	2026-05-23 19:14:04.956396+00	2026-05-23 19:14:04.956396+00	\N	Minocycline Hcl Cap	Minocycline Hcl Cap	\N	Capsule	\N	\N	\N	\N	\N	\N	f	t
91947cc6-a9d1-46d0-8256-336031fdec03	2026-05-23 19:14:04.956396+00	2026-05-23 19:14:04.956396+00	\N	Minocycline Hcl Er Tab	Minocycline Hcl Er Tab	\N	Tablet	\N	\N	\N	\N	\N	\N	f	t
960ac492-b14f-431a-96da-fd95cb9afdfb	2026-05-23 19:14:04.956396+00	2026-05-23 19:14:04.956396+00	\N	Minocycline Hcl Tab	Minocycline Hcl Tab	\N	Tablet	\N	\N	\N	\N	\N	\N	f	t
a56f704c-a8d6-44d0-8013-7d30c5fef53c	2026-05-23 19:14:04.956396+00	2026-05-23 19:14:04.956396+00	\N	Minoxidil Tab	Minoxidil Tab	\N	Tablet	\N	\N	\N	\N	\N	\N	f	t
98f4b4af-8d04-43ad-b6ed-4043f1eab25d	2026-05-23 19:14:04.956396+00	2026-05-23 19:14:04.956396+00	\N	Mirtazapine Tab	Mirtazapine Tab	\N	Tablet	\N	\N	\N	\N	\N	\N	f	t
843b3be5-2306-493c-9c5e-1bb4ad15adb3	2026-05-23 19:14:04.956396+00	2026-05-23 19:14:04.956396+00	\N	Misoprostol Tab	Misoprostol Tab	\N	Tablet	\N	\N	\N	\N	\N	\N	f	t
6f9b93f7-da87-4581-99ea-4820b4741e62	2026-05-23 19:14:04.956396+00	2026-05-23 19:14:04.956396+00	\N	Modafinil Tab	Modafinil Tab	\N	Tablet	\N	\N	\N	\N	\N	\N	f	t
d7d5e411-006f-46f8-b4c6-86426b26c789	2026-05-23 19:14:04.956396+00	2026-05-23 19:14:04.956396+00	\N	Moexipril Hcl Tab	Moexipril Hcl Tab	\N	Tablet	\N	\N	\N	\N	\N	\N	f	t
6b2e3df7-d28b-4c8a-a3da-7861b5eeba21	2026-05-23 19:14:04.956396+00	2026-05-23 19:14:04.956396+00	\N	Molindone Hcl Tab	Molindone Hcl Tab	\N	Tablet	\N	\N	\N	\N	\N	\N	f	t
d85b347a-dea0-462d-bd29-632a5d295828	2026-05-23 19:14:04.956396+00	2026-05-23 19:14:04.956396+00	\N	Mometasone Furoate Cream	Mometasone Furoate Cream	\N	Topical	\N	\N	\N	\N	\N	\N	f	t
1ebcfee8-9de5-4783-a31d-f1cf11c0a4aa	2026-05-23 19:14:04.956396+00	2026-05-23 19:14:04.956396+00	\N	Mometasone Furoate Oint	Mometasone Furoate Oint	\N	Topical	\N	\N	\N	\N	\N	\N	f	t
e41aded9-441b-4eae-bf0c-734366154e67	2026-05-23 19:14:04.956396+00	2026-05-23 19:14:04.956396+00	\N	Mometasone Furoate Soln	Mometasone Furoate Soln	\N	Solution	\N	\N	\N	\N	\N	\N	f	t
160dc78b-2fa2-4f3e-8af2-2f44fde7c731	2026-05-23 19:14:04.956396+00	2026-05-23 19:14:04.956396+00	\N	Montelukast Sodium Pack	Montelukast Sodium Pack	\N	Tablet	\N	\N	\N	\N	\N	\N	f	t
341859bb-9530-42d6-ab41-e6857aa46a77	2026-05-23 19:14:04.956396+00	2026-05-23 19:14:04.956396+00	\N	Montelukast Sodium Tab	Montelukast Sodium Tab	\N	Tablet	\N	\N	\N	\N	\N	\N	f	t
3ed2c4cb-5c3e-451c-b814-00e03d6dab1b	2026-05-23 19:14:04.956396+00	2026-05-23 19:14:04.956396+00	\N	Morphine Sulfate (Concentrate) Soln	Morphine Sulfate (Concentrate) Soln	\N	Solution	\N	\N	\N	\N	\N	\N	f	t
4fa74267-f721-43c4-bb1e-b313d70b16d6	2026-05-23 19:14:04.956396+00	2026-05-23 19:14:04.956396+00	\N	Morphine Sulfate Er Beads Cap	Morphine Sulfate Er Beads Cap	\N	Capsule	\N	\N	\N	\N	\N	\N	f	t
13652792-c078-4570-beeb-aa5d22181146	2026-05-23 19:14:04.956396+00	2026-05-23 19:14:04.956396+00	\N	Morphine Sulfate Er Cap	Morphine Sulfate Er Cap	\N	Capsule	\N	\N	\N	\N	\N	\N	f	t
ccb6797d-8d68-407e-abdb-0ca992c3c855	2026-05-23 19:14:04.956396+00	2026-05-23 19:14:04.956396+00	\N	Morphine Sulfate Er Tab	Morphine Sulfate Er Tab	\N	Tablet	\N	\N	\N	\N	\N	\N	f	t
0f03b4f0-7c47-4879-808a-2b4073f5b22d	2026-05-23 19:14:04.956396+00	2026-05-23 19:14:04.956396+00	\N	Morphine Sulfate Soln	Morphine Sulfate Soln	\N	Solution	\N	\N	\N	\N	\N	\N	f	t
a78d5944-fdcf-43fa-b2a7-2467a9be4980	2026-05-23 19:14:04.956396+00	2026-05-23 19:14:04.956396+00	\N	Morphine Sulfate Supp	Morphine Sulfate Supp	\N	Tablet	\N	\N	\N	\N	\N	\N	f	t
93e7ff6d-3bd2-46f6-a5b5-602c96f91649	2026-05-23 19:14:04.956396+00	2026-05-23 19:14:04.956396+00	\N	Morphine Sulfate Tab	Morphine Sulfate Tab	\N	Tablet	\N	\N	\N	\N	\N	\N	f	t
e5e1e947-1e68-4d13-bff4-c314f6511f40	2026-05-23 19:14:04.956396+00	2026-05-23 19:14:04.956396+00	\N	Moxifloxacin Hcl (2X Day) Soln	Moxifloxacin Hcl (2X Day) Soln	\N	Solution	\N	\N	\N	\N	\N	\N	f	t
d8470dbf-7dfb-4119-aebb-75e8764ea31f	2026-05-23 19:14:04.956396+00	2026-05-23 19:14:04.956396+00	\N	Moxifloxacin Hcl Soln	Moxifloxacin Hcl Soln	\N	Solution	\N	\N	\N	\N	\N	\N	f	t
80edfd79-a0fe-455c-bea0-3283930c06bc	2026-05-23 19:14:04.956396+00	2026-05-23 19:14:04.956396+00	\N	Moxifloxacin Hcl Tab	Moxifloxacin Hcl Tab	\N	Tablet	\N	\N	\N	\N	\N	\N	f	t
1a975be5-af75-431f-9c95-960db21b7c3a	2026-05-23 19:14:04.956396+00	2026-05-23 19:14:04.956396+00	\N	Mupirocin Calcium Cream	Mupirocin Calcium Cream	\N	Topical	\N	\N	\N	\N	\N	\N	f	t
1b83c085-1206-4a2e-946f-516b460903e7	2026-05-23 19:14:04.956396+00	2026-05-23 19:14:04.956396+00	\N	Mupirocin Oint	Mupirocin Oint	\N	Topical	\N	\N	\N	\N	\N	\N	f	t
ba0593c0-c254-46c6-b690-66a4bac67f71	2026-05-23 19:14:04.956396+00	2026-05-23 19:14:04.956396+00	\N	Mycophenolate Mofetil	Mycophenolate Mofetil	\N	Tablet	\N	\N	\N	\N	\N	\N	f	t
a849308a-cbac-48a0-b336-3e95dcdb75b1	2026-05-23 19:14:04.956396+00	2026-05-23 19:14:04.956396+00	\N	Mycophenolate Mofetil Cap	Mycophenolate Mofetil Cap	\N	Capsule	\N	\N	\N	\N	\N	\N	f	t
5fea7a98-9c8d-4ccd-96fc-4215afd7e9b8	2026-05-23 19:14:04.956396+00	2026-05-23 19:14:04.956396+00	\N	Mycophenolate Mofetil Tab	Mycophenolate Mofetil Tab	\N	Tablet	\N	\N	\N	\N	\N	\N	f	t
1e6bcf49-7d0a-4074-b82b-ad67fd463f6c	2026-05-23 19:14:04.956396+00	2026-05-23 19:14:04.956396+00	\N	Mycophenolate Sodium Tab	Mycophenolate Sodium Tab	\N	Tablet	\N	\N	\N	\N	\N	\N	f	t
ccc054ac-c3a3-488d-8235-51a27903dbfe	2026-05-23 19:14:04.956396+00	2026-05-23 19:14:04.956396+00	\N	Na Sulfate-K Sulfate-Mg Sulf Soln	Na Sulfate-K Sulfate-Mg Sulf Soln	\N	Solution	\N	\N	\N	\N	\N	\N	f	t
e6976429-9d54-4dc8-8897-d78aacf2f2f9	2026-05-23 19:14:04.956396+00	2026-05-23 19:14:04.956396+00	\N	Nabumetone Tab	Nabumetone Tab	\N	Tablet	\N	\N	\N	\N	\N	\N	f	t
f4617dfb-db45-4486-9c80-57138784a748	2026-05-23 19:14:04.956396+00	2026-05-23 19:14:04.956396+00	\N	Nadolol Tab	Nadolol Tab	\N	Tablet	\N	\N	\N	\N	\N	\N	f	t
364b4c5d-bc22-4694-876c-944c68a2bac0	2026-05-23 19:14:04.956396+00	2026-05-23 19:14:04.956396+00	\N	Naftifine Hcl Cream	Naftifine Hcl Cream	\N	Topical	\N	\N	\N	\N	\N	\N	f	t
0b31270b-26d1-4394-b699-fdf3543991f7	2026-05-23 19:14:04.956396+00	2026-05-23 19:14:04.956396+00	\N	Naftifine Hcl Gel	Naftifine Hcl Gel	\N	Gel	\N	\N	\N	\N	\N	\N	f	t
765c02e3-18e8-4e9a-941a-c84ef41ec342	2026-05-23 19:14:04.956396+00	2026-05-23 19:14:04.956396+00	\N	Naloxone Hcl Liquid	Naloxone Hcl Liquid	\N	Tablet	\N	\N	\N	\N	\N	\N	f	t
091e8596-3679-4526-9126-9426331eb700	2026-05-23 19:14:04.956396+00	2026-05-23 19:14:04.956396+00	\N	Naltrexone Hcl Tab	Naltrexone Hcl Tab	\N	Tablet	\N	\N	\N	\N	\N	\N	f	t
afe0e295-c480-4061-a829-c8b31e7ebc83	2026-05-23 19:14:04.956396+00	2026-05-23 19:14:04.956396+00	\N	Naproxen Sodium Er Tab	Naproxen Sodium Er Tab	\N	Tablet	\N	\N	\N	\N	\N	\N	f	t
0d54f30e-db7a-47f7-8cdb-571726efddeb	2026-05-23 19:14:04.956396+00	2026-05-23 19:14:04.956396+00	\N	Naproxen Sodium Tab	Naproxen Sodium Tab	\N	Tablet	\N	\N	\N	\N	\N	\N	f	t
588d843d-af1f-4be2-b7bd-af43da82362c	2026-05-23 19:14:04.956396+00	2026-05-23 19:14:04.956396+00	\N	Naproxen Susp	Naproxen Susp	\N	Suspension	\N	\N	\N	\N	\N	\N	f	t
70116c96-0ef6-492f-907e-a81e2771234a	2026-05-23 19:14:04.956396+00	2026-05-23 19:14:04.956396+00	\N	Naproxen Tab	Naproxen Tab	\N	Tablet	\N	\N	\N	\N	\N	\N	f	t
342ed6ca-f9d0-4143-bacb-57e8183a414f	2026-05-23 19:14:04.956396+00	2026-05-23 19:14:04.956396+00	\N	Naproxen-Esomeprazole Mg Tab	Naproxen-Esomeprazole Mg Tab	\N	Tablet	\N	\N	\N	\N	\N	\N	f	t
af78aac7-3ffb-4a7f-a694-e454959840b2	2026-05-23 19:14:04.956396+00	2026-05-23 19:14:04.956396+00	\N	Naratriptan Hcl Tab	Naratriptan Hcl Tab	\N	Tablet	\N	\N	\N	\N	\N	\N	f	t
1c319ee5-bc87-4f37-882c-d8fa1bcded31	2026-05-23 19:14:04.956396+00	2026-05-23 19:14:04.956396+00	\N	Nateglinide Tab	Nateglinide Tab	\N	Tablet	\N	\N	\N	\N	\N	\N	f	t
c8eee8a8-f81c-490d-b2f5-3f6f7650f270	2026-05-23 19:14:04.956396+00	2026-05-23 19:14:04.956396+00	\N	Nebivolol Hcl Tab	Nebivolol Hcl Tab	\N	Tablet	\N	\N	\N	\N	\N	\N	f	t
a8beb4a8-40f0-4b61-9f87-1741da138f2a	2026-05-23 19:14:04.956396+00	2026-05-23 19:14:04.956396+00	\N	Neomycin Sulfate Tab	Neomycin Sulfate Tab	\N	Tablet	\N	\N	\N	\N	\N	\N	f	t
2b1cc138-9a10-4148-8e92-73a147bc695b	2026-05-23 19:14:04.956396+00	2026-05-23 19:14:04.956396+00	\N	Neomycin-Bacitracin Zn-Polymyx Oint	Neomycin-Bacitracin Zn-Polymyx Oint	\N	Topical	\N	\N	\N	\N	\N	\N	f	t
97910ff7-5c43-45dd-a85f-fc7fcaaba3b8	2026-05-23 19:14:04.956396+00	2026-05-23 19:14:04.956396+00	\N	Neomycin-Polymyxin B Gu Soln	Neomycin-Polymyxin B Gu Soln	\N	Solution	\N	\N	\N	\N	\N	\N	f	t
c1d0a1f6-577e-4114-b3cd-2aceebbecbae	2026-05-23 19:14:04.956396+00	2026-05-23 19:14:04.956396+00	\N	Neomycin-Polymyxin-Dexameth Oint	Neomycin-Polymyxin-Dexameth Oint	\N	Topical	\N	\N	\N	\N	\N	\N	f	t
d934699e-7854-49a0-a5a3-8d30a59ce612	2026-05-23 19:14:04.956396+00	2026-05-23 19:14:04.956396+00	\N	Neomycin-Polymyxin-Dexameth Susp	Neomycin-Polymyxin-Dexameth Susp	\N	Suspension	\N	\N	\N	\N	\N	\N	f	t
370054d1-c54d-4b9f-ab42-26298a4f50fe	2026-05-23 19:14:04.956396+00	2026-05-23 19:14:04.956396+00	\N	Neomycin-Polymyxin-Gramicidin Soln	Neomycin-Polymyxin-Gramicidin Soln	\N	Solution	\N	\N	\N	\N	\N	\N	f	t
031ea215-bd32-4eab-8178-795be144090b	2026-05-23 19:14:04.956396+00	2026-05-23 19:14:04.956396+00	\N	Neomycin-Polymyxin-Hc Soln	Neomycin-Polymyxin-Hc Soln	\N	Solution	\N	\N	\N	\N	\N	\N	f	t
02f42a9c-2e8f-43d1-86bb-f76856f75c1d	2026-05-23 19:14:04.956396+00	2026-05-23 19:14:04.956396+00	\N	Neomycin-Polymyxin-Hc Susp	Neomycin-Polymyxin-Hc Susp	\N	Suspension	\N	\N	\N	\N	\N	\N	f	t
d387e6d0-1bcd-44fd-a214-e801ce8ac1d1	2026-05-23 19:14:04.956396+00	2026-05-23 19:14:04.956396+00	\N	Nevirapine Er Tab	Nevirapine Er Tab	\N	Tablet	\N	\N	\N	\N	\N	\N	f	t
4bb9346a-4c96-4157-be60-50aab177141f	2026-05-23 19:14:04.956396+00	2026-05-23 19:14:04.956396+00	\N	Nevirapine Susp	Nevirapine Susp	\N	Suspension	\N	\N	\N	\N	\N	\N	f	t
0d140b58-a75f-49c8-bd74-9d9b6c5e6767	2026-05-23 19:14:04.956396+00	2026-05-23 19:14:04.956396+00	\N	Nevirapine Tab	Nevirapine Tab	\N	Tablet	\N	\N	\N	\N	\N	\N	f	t
e4174b2e-7db5-4b53-935b-b08348183af1	2026-05-23 19:14:04.956396+00	2026-05-23 19:14:04.956396+00	\N	Niacin (Antihyperlipidemic) Tab	Niacin (Antihyperlipidemic) Tab	\N	Tablet	\N	\N	\N	\N	\N	\N	f	t
b90faf5b-8ffd-4db3-b7da-8ea091708fa4	2026-05-23 19:14:04.956396+00	2026-05-23 19:14:04.956396+00	\N	Niacin Er (Antihyperlipidemic) Tab	Niacin Er (Antihyperlipidemic) Tab	\N	Tablet	\N	\N	\N	\N	\N	\N	f	t
82bf7558-4e6f-416d-8454-a938e5c10b5c	2026-05-23 19:14:04.956396+00	2026-05-23 19:14:04.956396+00	\N	Nicardipine Hcl Cap	Nicardipine Hcl Cap	\N	Capsule	\N	\N	\N	\N	\N	\N	f	t
300cea0c-32cf-4aee-9a7a-9d9b7631cba9	2026-05-23 19:14:04.956396+00	2026-05-23 19:14:04.956396+00	\N	Nicotinamide Tab	Nicotinamide Tab	\N	Tablet	\N	\N	\N	\N	\N	\N	f	t
30ffea62-2e45-4b13-84a9-45eb1797391e	2026-05-23 19:14:04.956396+00	2026-05-23 19:14:04.956396+00	\N	Nifedipine Er Osmotic Release Tab	Nifedipine Er Osmotic Release Tab	\N	Tablet	\N	\N	\N	\N	\N	\N	f	t
a5af9ff1-c19f-4304-aae6-a1ce7070ebc6	2026-05-23 19:14:04.956396+00	2026-05-23 19:14:04.956396+00	\N	Nifedipine Er Tab	Nifedipine Er Tab	\N	Tablet	\N	\N	\N	\N	\N	\N	f	t
10c81b31-f143-44b3-9720-00c96051a04f	2026-05-23 19:14:04.956396+00	2026-05-23 19:14:04.956396+00	\N	Nilutamide Tab	Nilutamide Tab	\N	Tablet	\N	\N	\N	\N	\N	\N	f	t
b28c11be-4dc4-4930-bfae-df9729920f00	2026-05-23 19:14:04.956396+00	2026-05-23 19:14:04.956396+00	\N	Nimodipine Cap	Nimodipine Cap	\N	Capsule	\N	\N	\N	\N	\N	\N	f	t
fa7d96f5-68ed-4fe1-b228-3cbc16cb99a5	2026-05-23 19:14:04.956396+00	2026-05-23 19:14:04.956396+00	\N	Nisoldipine Er Tab	Nisoldipine Er Tab	\N	Tablet	\N	\N	\N	\N	\N	\N	f	t
c2186018-c492-48ee-99a8-9136f84aa54c	2026-05-23 19:14:04.956396+00	2026-05-23 19:14:04.956396+00	\N	Nitazoxanide Tab	Nitazoxanide Tab	\N	Tablet	\N	\N	\N	\N	\N	\N	f	t
df9aca25-fe74-4ade-b9f5-6e512eb3ea56	2026-05-23 19:14:04.956396+00	2026-05-23 19:14:04.956396+00	\N	Nitisinone Cap	Nitisinone Cap	\N	Capsule	\N	\N	\N	\N	\N	\N	f	t
b5678438-d333-4e1e-915d-18973c359e3a	2026-05-23 19:14:04.956396+00	2026-05-23 19:14:04.956396+00	\N	Nitrofurantoin Macrocrystal Cap	Nitrofurantoin Macrocrystal Cap	\N	Capsule	\N	\N	\N	\N	\N	\N	f	t
49d3a4e3-873a-4445-be7f-bb2be1525339	2026-05-23 19:14:04.956396+00	2026-05-23 19:14:04.956396+00	\N	Nitrofurantoin Monohyd Macro Cap	Nitrofurantoin Monohyd Macro Cap	\N	Capsule	\N	\N	\N	\N	\N	\N	f	t
b0601dec-d3c0-4cee-a50b-bc5a047a6527	2026-05-23 19:14:04.956396+00	2026-05-23 19:14:04.956396+00	\N	Nitrofurantoin Susp	Nitrofurantoin Susp	\N	Suspension	\N	\N	\N	\N	\N	\N	f	t
785f3f3d-db4c-4730-a77e-49b596167773	2026-05-23 19:14:04.956396+00	2026-05-23 19:14:04.956396+00	\N	Nitroglycerin Patch	Nitroglycerin Patch	\N	Tablet	\N	\N	\N	\N	\N	\N	f	t
9e4cb3a1-2b7e-4667-9b2c-3234ea145811	2026-05-23 19:14:04.956396+00	2026-05-23 19:14:04.956396+00	\N	Nitroglycerin Soln	Nitroglycerin Soln	\N	Solution	\N	\N	\N	\N	\N	\N	f	t
803fa0f9-6773-4e12-bfc5-bb4bf2e96c1c	2026-05-23 19:14:04.956396+00	2026-05-23 19:14:04.956396+00	\N	Nitroglycerin Tab	Nitroglycerin Tab	\N	Tablet	\N	\N	\N	\N	\N	\N	f	t
0f13678c-f644-4f2d-b973-7166aebfe15f	2026-05-23 19:14:04.956396+00	2026-05-23 19:14:04.956396+00	\N	Nizatidine Cap	Nizatidine Cap	\N	Capsule	\N	\N	\N	\N	\N	\N	f	t
b913c3c8-25d8-4b32-83e7-7119df4058d5	2026-05-23 19:14:04.956396+00	2026-05-23 19:14:04.956396+00	\N	Nizatidine Soln	Nizatidine Soln	\N	Solution	\N	\N	\N	\N	\N	\N	f	t
19a842cd-94dc-405d-9dba-2c95ec61d903	2026-05-23 19:14:04.956396+00	2026-05-23 19:14:04.956396+00	\N	Norethin Ace-Eth Estrad-Fe Cap	Norethin Ace-Eth Estrad-Fe Cap	\N	Capsule	\N	\N	\N	\N	\N	\N	f	t
53d416a7-9faa-49bb-a06d-3dae4758ec79	2026-05-23 19:14:04.956396+00	2026-05-23 19:14:04.956396+00	\N	Norethin Ace-Eth Estrad-Fe Tab	Norethin Ace-Eth Estrad-Fe Tab	\N	Tablet	\N	\N	\N	\N	\N	\N	f	t
1b976250-13de-4bf6-b8d1-6e55327ae8a5	2026-05-23 19:14:04.956396+00	2026-05-23 19:14:04.956396+00	\N	Norethin-Eth Estradiol-Fe Tab	Norethin-Eth Estradiol-Fe Tab	\N	Tablet	\N	\N	\N	\N	\N	\N	f	t
c2942506-9192-4b1e-af6f-bb1058bda2cf	2026-05-23 19:14:04.956396+00	2026-05-23 19:14:04.956396+00	\N	Norethindron-Ethinyl Estrad-Fe Tab	Norethindron-Ethinyl Estrad-Fe Tab	\N	Tablet	\N	\N	\N	\N	\N	\N	f	t
c4d3dd14-0b37-4641-940b-55ad335f488c	2026-05-23 19:14:04.956396+00	2026-05-23 19:14:04.956396+00	\N	Norethindrone Acet-Ethinyl Est Tab	Norethindrone Acet-Ethinyl Est Tab	\N	Tablet	\N	\N	\N	\N	\N	\N	f	t
7f83ccf7-96a1-4a2b-9b7e-2fcca8cebf7a	2026-05-23 19:14:04.956396+00	2026-05-23 19:14:04.956396+00	\N	Norethindrone Acetate Tab	Norethindrone Acetate Tab	\N	Tablet	\N	\N	\N	\N	\N	\N	f	t
3d6b7d45-21f0-43dc-9c8e-b541668dd893	2026-05-23 19:14:04.956396+00	2026-05-23 19:14:04.956396+00	\N	Norethindrone Tab	Norethindrone Tab	\N	Tablet	\N	\N	\N	\N	\N	\N	f	t
b2c083ac-e197-4525-bc9a-88a845492419	2026-05-23 19:14:04.956396+00	2026-05-23 19:14:04.956396+00	\N	Norethindrone-Eth Estradiol Tab	Norethindrone-Eth Estradiol Tab	\N	Tablet	\N	\N	\N	\N	\N	\N	f	t
9acce86c-9517-4a84-a3a8-704847b701c5	2026-05-23 19:14:04.956396+00	2026-05-23 19:14:04.956396+00	\N	Norgestim-Eth Estrad Triphasic Tab	Norgestim-Eth Estrad Triphasic Tab	\N	Tablet	\N	\N	\N	\N	\N	\N	f	t
6b35c4ae-fcec-4cf1-927d-130ce7b1d424	2026-05-23 19:14:04.956396+00	2026-05-23 19:14:04.956396+00	\N	Norgestimate-Eth Estradiol Tab	Norgestimate-Eth Estradiol Tab	\N	Tablet	\N	\N	\N	\N	\N	\N	f	t
d47e9560-39bd-42ef-b9a0-836191912445	2026-05-23 19:14:04.956396+00	2026-05-23 19:14:04.956396+00	\N	Nortriptyline Hcl Cap	Nortriptyline Hcl Cap	\N	Capsule	\N	\N	\N	\N	\N	\N	f	t
85928be4-24cc-4133-9545-9c5df366a7ab	2026-05-23 19:14:04.956396+00	2026-05-23 19:14:04.956396+00	\N	Nortriptyline Hcl Soln	Nortriptyline Hcl Soln	\N	Solution	\N	\N	\N	\N	\N	\N	f	t
69244e50-3929-484f-a188-eb8bb6d26e86	2026-05-23 19:14:04.956396+00	2026-05-23 19:14:04.956396+00	\N	Nystatin	Nystatin	\N	Tablet	\N	\N	\N	\N	\N	\N	f	t
35b1c651-c36a-48f6-9261-782b46d5e72c	2026-05-23 19:14:04.956396+00	2026-05-23 19:14:04.956396+00	\N	Nystatin Cream	Nystatin Cream	\N	Topical	\N	\N	\N	\N	\N	\N	f	t
50a4a3f6-18ac-4631-ab62-59bcfd3ae9ca	2026-05-23 19:14:04.956396+00	2026-05-23 19:14:04.956396+00	\N	Nystatin Oint	Nystatin Oint	\N	Topical	\N	\N	\N	\N	\N	\N	f	t
95bc11bb-4dc3-45dd-9bc8-952f62ce9e03	2026-05-23 19:14:04.956396+00	2026-05-23 19:14:04.956396+00	\N	Nystatin Susp	Nystatin Susp	\N	Suspension	\N	\N	\N	\N	\N	\N	f	t
cdf5ecd7-fcb9-47a6-ac34-4058f9734d77	2026-05-23 19:14:04.956396+00	2026-05-23 19:14:04.956396+00	\N	Nystatin Tab	Nystatin Tab	\N	Tablet	\N	\N	\N	\N	\N	\N	f	t
06f5775b-e49d-47a0-a2b4-0b55b0fbf035	2026-05-23 19:14:04.956396+00	2026-05-23 19:14:04.956396+00	\N	Nystatin-Triamcinolone Cream	Nystatin-Triamcinolone Cream	\N	Topical	\N	\N	\N	\N	\N	\N	f	t
6462a7f7-9b0d-4972-9b66-3149c12dea92	2026-05-23 19:14:04.956396+00	2026-05-23 19:14:04.956396+00	\N	Nystatin-Triamcinolone Oint	Nystatin-Triamcinolone Oint	\N	Topical	\N	\N	\N	\N	\N	\N	f	t
ddf4052a-310d-4cb5-9027-00563fc77457	2026-05-23 19:14:04.956396+00	2026-05-23 19:14:04.956396+00	\N	Octreotide Acetate   [Inj]	Octreotide Acetate   [Inj]	\N	Injection	\N	\N	\N	\N	\N	\N	f	t
ec3d53b3-036e-480f-bb26-f7d37c07e0df	2026-05-23 19:14:04.956396+00	2026-05-23 19:14:04.956396+00	\N	Ofloxacin Soln	Ofloxacin Soln	\N	Solution	\N	\N	\N	\N	\N	\N	f	t
2793eb16-e03d-4e2f-9e9b-f7f5302f8ad5	2026-05-23 19:14:04.956396+00	2026-05-23 19:14:04.956396+00	\N	Ofloxacin Tab	Ofloxacin Tab	\N	Tablet	\N	\N	\N	\N	\N	\N	f	t
0bb04439-4552-4eea-a15b-1a21bb338625	2026-05-23 19:14:04.956396+00	2026-05-23 19:14:04.956396+00	\N	Olanzapine Tab	Olanzapine Tab	\N	Tablet	\N	\N	\N	\N	\N	\N	f	t
f797e2b6-054c-4441-91d9-dc648afe375e	2026-05-23 19:14:04.956396+00	2026-05-23 19:14:04.956396+00	\N	Olanzapine-Fluoxetine Hcl Cap	Olanzapine-Fluoxetine Hcl Cap	\N	Capsule	\N	\N	\N	\N	\N	\N	f	t
c384452c-b847-4207-9b6c-f497df783224	2026-05-23 19:14:04.956396+00	2026-05-23 19:14:04.956396+00	\N	Olmesartan Medoxomil Tab	Olmesartan Medoxomil Tab	\N	Tablet	\N	\N	\N	\N	\N	\N	f	t
dce6dfe9-966e-48e2-a2ac-69a6e05ed882	2026-05-23 19:14:04.956396+00	2026-05-23 19:14:04.956396+00	\N	Olmesartan Medoxomil-Hctz Tab	Olmesartan Medoxomil-Hctz Tab	\N	Tablet	\N	\N	\N	\N	\N	\N	f	t
5828f918-c3a9-4bcc-b910-8e10e91c2023	2026-05-23 19:14:04.956396+00	2026-05-23 19:14:04.956396+00	\N	Olmesartan-Amlodipine-Hctz Tab	Olmesartan-Amlodipine-Hctz Tab	\N	Tablet	\N	\N	\N	\N	\N	\N	f	t
0b7b7c80-fc5b-46a2-8971-ae34db810ad6	2026-05-23 19:14:04.956396+00	2026-05-23 19:14:04.956396+00	\N	Olopatadine Hcl Soln	Olopatadine Hcl Soln	\N	Solution	\N	\N	\N	\N	\N	\N	f	t
32fefeca-8c7a-409a-b181-5f9d7dbbb73e	2026-05-23 19:14:04.956396+00	2026-05-23 19:14:04.956396+00	\N	Omega-3-Acid Ethyl Esters Cap	Omega-3-Acid Ethyl Esters Cap	\N	Capsule	\N	\N	\N	\N	\N	\N	f	t
6185b725-8d41-498a-b707-23b78e9f2f5d	2026-05-23 19:14:04.956396+00	2026-05-23 19:14:04.956396+00	\N	Omeprazole Cap	Omeprazole Cap	\N	Capsule	\N	\N	\N	\N	\N	\N	f	t
7fecd895-c317-427f-8096-896c626f97be	2026-05-23 19:14:04.956396+00	2026-05-23 19:14:04.956396+00	\N	Omeprazole-Sodium Bicarbonate Cap	Omeprazole-Sodium Bicarbonate Cap	\N	Capsule	\N	\N	\N	\N	\N	\N	f	t
f3b8c994-bedb-4c8e-bfc2-4b4e3a8aea0e	2026-05-23 19:14:04.956396+00	2026-05-23 19:14:04.956396+00	\N	Omeprazole-Sodium Bicarbonate Pack	Omeprazole-Sodium Bicarbonate Pack	\N	Tablet	\N	\N	\N	\N	\N	\N	f	t
a20f0ee3-5ab0-4444-aa56-7f32e7b991a3	2026-05-23 19:14:04.956396+00	2026-05-23 19:14:04.956396+00	\N	Ondansetron Hcl Soln	Ondansetron Hcl Soln	\N	Solution	\N	\N	\N	\N	\N	\N	f	t
b2e872aa-9dde-42a0-a639-d3e1f700413d	2026-05-23 19:14:04.956396+00	2026-05-23 19:14:04.956396+00	\N	Ondansetron Hcl Tab	Ondansetron Hcl Tab	\N	Tablet	\N	\N	\N	\N	\N	\N	f	t
7c0ae3f0-2cfa-465e-8f09-13a7c7497b04	2026-05-23 19:14:04.956396+00	2026-05-23 19:14:04.956396+00	\N	Ondansetron Tab	Ondansetron Tab	\N	Tablet	\N	\N	\N	\N	\N	\N	f	t
9d530888-58b7-4122-a4b8-229af495676e	2026-05-23 19:14:04.956396+00	2026-05-23 19:14:04.956396+00	\N	Opium	Opium	\N	Tablet	\N	\N	\N	\N	\N	\N	f	t
f71e6d87-da3c-46f2-8e02-72b1cbfeb7fd	2026-05-23 19:14:04.956396+00	2026-05-23 19:14:04.956396+00	\N	Orphenadrine Citrate Er Tab	Orphenadrine Citrate Er Tab	\N	Tablet	\N	\N	\N	\N	\N	\N	f	t
9b386a61-cbe4-4d74-8eec-86dce35fd4a1	2026-05-23 19:14:04.956396+00	2026-05-23 19:14:04.956396+00	\N	Orphenadrine-Asa-Caffeine Tab	Orphenadrine-Asa-Caffeine Tab	\N	Tablet	\N	\N	\N	\N	\N	\N	f	t
f0162329-3b9c-4dcd-8532-26df62de774f	2026-05-23 19:14:04.956396+00	2026-05-23 19:14:04.956396+00	\N	Oseltamivir Phosphate	Oseltamivir Phosphate	\N	Tablet	\N	\N	\N	\N	\N	\N	f	t
73e1139f-d2d5-4069-b310-02c68e50999b	2026-05-23 19:14:04.956396+00	2026-05-23 19:14:04.956396+00	\N	Oseltamivir Phosphate Cap	Oseltamivir Phosphate Cap	\N	Capsule	\N	\N	\N	\N	\N	\N	f	t
115226dc-43e8-4846-8010-ae7d2f82c7af	2026-05-23 19:14:04.956396+00	2026-05-23 19:14:04.956396+00	\N	Oxandrolone Tab	Oxandrolone Tab	\N	Tablet	\N	\N	\N	\N	\N	\N	f	t
a0d9ebe1-9b50-4bf3-9810-26678f230047	2026-05-23 19:14:04.956396+00	2026-05-23 19:14:04.956396+00	\N	Oxaprozin Tab	Oxaprozin Tab	\N	Tablet	\N	\N	\N	\N	\N	\N	f	t
17ff9b11-ef1a-4e9e-b835-22f9395cf67b	2026-05-23 19:14:04.956396+00	2026-05-23 19:14:04.956396+00	\N	Oxcarbazepine Susp	Oxcarbazepine Susp	\N	Suspension	\N	\N	\N	\N	\N	\N	f	t
eb37c6c1-22ae-4969-84ff-22201db2977f	2026-05-23 19:14:04.956396+00	2026-05-23 19:14:04.956396+00	\N	Oxcarbazepine Tab	Oxcarbazepine Tab	\N	Tablet	\N	\N	\N	\N	\N	\N	f	t
fd04e3fc-90dc-41aa-8b88-e1081416a37c	2026-05-23 19:14:04.956396+00	2026-05-23 19:14:04.956396+00	\N	Oxiconazole Nitrate Cream	Oxiconazole Nitrate Cream	\N	Topical	\N	\N	\N	\N	\N	\N	f	t
0911e845-b1e6-4189-a333-a19d27d527ae	2026-05-23 19:14:04.956396+00	2026-05-23 19:14:04.956396+00	\N	Oxybutynin Chloride Er Tab	Oxybutynin Chloride Er Tab	\N	Tablet	\N	\N	\N	\N	\N	\N	f	t
86a069e8-d449-4bab-a745-5f6ca8f39eb2	2026-05-23 19:14:04.956396+00	2026-05-23 19:14:04.956396+00	\N	Oxybutynin Chloride Syr	Oxybutynin Chloride Syr	\N	Tablet	\N	\N	\N	\N	\N	\N	f	t
317bbde5-0215-4ca0-b5fd-64fce31f5234	2026-05-23 19:14:04.956396+00	2026-05-23 19:14:04.956396+00	\N	Oxybutynin Chloride Tab	Oxybutynin Chloride Tab	\N	Tablet	\N	\N	\N	\N	\N	\N	f	t
a4d23142-160f-44ca-8345-338b32f1894e	2026-05-23 19:14:04.956396+00	2026-05-23 19:14:04.956396+00	\N	Oxycodone Hcl	Oxycodone Hcl	\N	Tablet	\N	\N	\N	\N	\N	\N	f	t
f7a7b1f7-ad51-486d-8b50-35f0c2dd8b70	2026-05-23 19:14:04.956396+00	2026-05-23 19:14:04.956396+00	\N	Oxycodone Hcl Cap	Oxycodone Hcl Cap	\N	Capsule	\N	\N	\N	\N	\N	\N	f	t
d50f806a-855e-44be-9b5c-1ed47db8289f	2026-05-23 19:14:04.956396+00	2026-05-23 19:14:04.956396+00	\N	Oxycodone Hcl Soln	Oxycodone Hcl Soln	\N	Solution	\N	\N	\N	\N	\N	\N	f	t
bb0a3846-b92a-4bfb-8a65-2fc0da0f8ab5	2026-05-23 19:14:04.956396+00	2026-05-23 19:14:04.956396+00	\N	Oxycodone Hcl Tab	Oxycodone Hcl Tab	\N	Tablet	\N	\N	\N	\N	\N	\N	f	t
f52cf4d6-e4c7-45ff-8890-48204c0d51c4	2026-05-23 19:14:04.956396+00	2026-05-23 19:14:04.956396+00	\N	Oxycodone-Acetaminophen Soln	Oxycodone-Acetaminophen Soln	\N	Solution	\N	\N	\N	\N	\N	\N	f	t
e81332ee-3a9c-49e4-a9e7-032099b650bd	2026-05-23 19:14:04.956396+00	2026-05-23 19:14:04.956396+00	\N	Oxycodone-Acetaminophen Tab	Oxycodone-Acetaminophen Tab	\N	Tablet	\N	\N	\N	\N	\N	\N	f	t
66af65cc-e99f-4276-86bc-625a64cf3bcf	2026-05-23 19:14:04.956396+00	2026-05-23 19:14:04.956396+00	\N	Oxycodone-Aspirin Tab	Oxycodone-Aspirin Tab	\N	Tablet	\N	\N	\N	\N	\N	\N	f	t
1f597b15-5566-42fa-8e15-b8adc194aca8	2026-05-23 19:14:04.956396+00	2026-05-23 19:14:04.956396+00	\N	Oxycodone-Ibuprofen Tab	Oxycodone-Ibuprofen Tab	\N	Tablet	\N	\N	\N	\N	\N	\N	f	t
f164f1a3-0744-4ae1-bb91-a28fcb8342e1	2026-05-23 19:14:04.956396+00	2026-05-23 19:14:04.956396+00	\N	Oxymorphone Hcl Er Tab	Oxymorphone Hcl Er Tab	\N	Tablet	\N	\N	\N	\N	\N	\N	f	t
3624c3af-d706-4e36-8a72-3e99baf38596	2026-05-23 19:14:04.956396+00	2026-05-23 19:14:04.956396+00	\N	Oxymorphone Hcl Tab	Oxymorphone Hcl Tab	\N	Tablet	\N	\N	\N	\N	\N	\N	f	t
4c5be6bc-9cbe-45de-8268-225d1acf8c29	2026-05-23 19:14:04.956396+00	2026-05-23 19:14:04.956396+00	\N	Paliperidone Er Tab	Paliperidone Er Tab	\N	Tablet	\N	\N	\N	\N	\N	\N	f	t
6a4f70ac-8fb5-4de8-b83a-043b4d65f5cd	2026-05-23 19:14:04.956396+00	2026-05-23 19:14:04.956396+00	\N	Pantoprazole Sodium Pack	Pantoprazole Sodium Pack	\N	Tablet	\N	\N	\N	\N	\N	\N	f	t
484a6733-747c-4365-bb49-970bb3a1377c	2026-05-23 19:14:04.956396+00	2026-05-23 19:14:04.956396+00	\N	Pantoprazole Sodium Tab	Pantoprazole Sodium Tab	\N	Tablet	\N	\N	\N	\N	\N	\N	f	t
ff74c4a7-991d-4ce4-8f42-bc523c320033	2026-05-23 19:14:04.956396+00	2026-05-23 19:14:04.956396+00	\N	Paregoric	Paregoric	\N	Tablet	\N	\N	\N	\N	\N	\N	f	t
71f1a436-5bce-4de7-a823-9274bd476055	2026-05-23 19:14:04.956396+00	2026-05-23 19:14:04.956396+00	\N	Paricalcitol Cap	Paricalcitol Cap	\N	Capsule	\N	\N	\N	\N	\N	\N	f	t
8a1c86b4-3750-4131-9c83-b0b762920517	2026-05-23 19:14:04.956396+00	2026-05-23 19:14:04.956396+00	\N	Paromomycin Sulfate Cap	Paromomycin Sulfate Cap	\N	Capsule	\N	\N	\N	\N	\N	\N	f	t
4d4c1f7e-08dd-4bf5-a158-032c803040cd	2026-05-23 19:14:04.956396+00	2026-05-23 19:14:04.956396+00	\N	Paroxetine Hcl Er Tab	Paroxetine Hcl Er Tab	\N	Tablet	\N	\N	\N	\N	\N	\N	f	t
22c597ce-6863-4859-ba9b-27c4b6350bc6	2026-05-23 19:14:04.956396+00	2026-05-23 19:14:04.956396+00	\N	Paroxetine Hcl Susp	Paroxetine Hcl Susp	\N	Suspension	\N	\N	\N	\N	\N	\N	f	t
14ff857b-7ed3-4e06-9ae6-3b4fd8b54bec	2026-05-23 19:14:04.956396+00	2026-05-23 19:14:04.956396+00	\N	Paroxetine Hcl Tab	Paroxetine Hcl Tab	\N	Tablet	\N	\N	\N	\N	\N	\N	f	t
df17fb7f-6074-4391-93c3-ea14c643fc68	2026-05-23 19:14:04.956396+00	2026-05-23 19:14:04.956396+00	\N	Paroxetine Mesylate Cap	Paroxetine Mesylate Cap	\N	Capsule	\N	\N	\N	\N	\N	\N	f	t
948baac7-f9ac-499d-9e80-da1656e57ced	2026-05-23 19:14:04.956396+00	2026-05-23 19:14:04.956396+00	\N	Pb-Hyoscy-Atropine-Scopolamine Elix	Pb-Hyoscy-Atropine-Scopolamine Elix	\N	Tablet	\N	\N	\N	\N	\N	\N	f	t
5fb826cd-8cb0-48b4-8f0e-4472beedea7a	2026-05-23 19:14:04.956396+00	2026-05-23 19:14:04.956396+00	\N	Pb-Hyoscy-Atropine-Scopolamine Tab	Pb-Hyoscy-Atropine-Scopolamine Tab	\N	Tablet	\N	\N	\N	\N	\N	\N	f	t
689ffa17-1d74-4f42-b908-157df15a0448	2026-05-23 19:14:04.956396+00	2026-05-23 19:14:04.956396+00	\N	Peg 3350-Kcl-Na Bicarb-Nacl	Peg 3350-Kcl-Na Bicarb-Nacl	\N	Tablet	\N	\N	\N	\N	\N	\N	f	t
9647e98e-6d91-4ab9-bf2b-bc788e97437b	2026-05-23 19:14:04.956396+00	2026-05-23 19:14:04.956396+00	\N	Peg-3350/Electrolytes	Peg-3350/Electrolytes	\N	Tablet	\N	\N	\N	\N	\N	\N	f	t
137ab87d-ebf3-4a97-9c11-afef33c7af36	2026-05-23 19:14:04.956396+00	2026-05-23 19:14:04.956396+00	\N	Peg-Kcl-Nacl-Nasulf-Na Asc-C	Peg-Kcl-Nacl-Nasulf-Na Asc-C	\N	Tablet	\N	\N	\N	\N	\N	\N	f	t
54cc1ea8-2031-4ea4-996f-5aa9195c3196	2026-05-23 19:14:04.956396+00	2026-05-23 19:14:04.956396+00	\N	Penicillamine Cap	Penicillamine Cap	\N	Capsule	\N	\N	\N	\N	\N	\N	f	t
ba60c3ff-f642-4511-91b1-02ce2a53c861	2026-05-23 19:14:04.956396+00	2026-05-23 19:14:04.956396+00	\N	Penicillamine Tab	Penicillamine Tab	\N	Tablet	\N	\N	\N	\N	\N	\N	f	t
336797c4-16c0-4f41-adac-097391aa2909	2026-05-23 19:14:04.956396+00	2026-05-23 19:14:04.956396+00	\N	Penicillin V Potassium	Penicillin V Potassium	\N	Tablet	\N	\N	\N	\N	\N	\N	f	t
e8fb76e8-88c4-4aa2-8e3c-701465c140ea	2026-05-23 19:14:04.956396+00	2026-05-23 19:14:04.956396+00	\N	Penicillin V Potassium Tab	Penicillin V Potassium Tab	\N	Tablet	\N	\N	\N	\N	\N	\N	f	t
261eae44-da93-4200-97a6-b3a9eeb6765e	2026-05-23 19:14:04.956396+00	2026-05-23 19:14:04.956396+00	\N	Pentamidine Isethionate	Pentamidine Isethionate	\N	Tablet	\N	\N	\N	\N	\N	\N	f	t
48445001-2697-4bf6-a235-d4e548018c47	2026-05-23 19:14:04.956396+00	2026-05-23 19:14:04.956396+00	\N	Pentoxifylline Er Tab	Pentoxifylline Er Tab	\N	Tablet	\N	\N	\N	\N	\N	\N	f	t
fa7ea136-892b-4230-a31d-e7111c4fd168	2026-05-23 19:14:04.956396+00	2026-05-23 19:14:04.956396+00	\N	Perindopril Erbumine Tab	Perindopril Erbumine Tab	\N	Tablet	\N	\N	\N	\N	\N	\N	f	t
bf80f021-db70-4d93-961a-1623cd60698d	2026-05-23 19:14:04.956396+00	2026-05-23 19:14:04.956396+00	\N	Permethrin Cream	Permethrin Cream	\N	Topical	\N	\N	\N	\N	\N	\N	f	t
450d90db-a746-4503-a0dc-15f06b2bffec	2026-05-23 19:14:04.956396+00	2026-05-23 19:14:04.956396+00	\N	Perphenazine Tab	Perphenazine Tab	\N	Tablet	\N	\N	\N	\N	\N	\N	f	t
3985cae8-07a9-4821-a7f6-94d04dbb15b3	2026-05-23 19:14:04.956396+00	2026-05-23 19:14:04.956396+00	\N	Perphenazine-Amitriptyline Tab	Perphenazine-Amitriptyline Tab	\N	Tablet	\N	\N	\N	\N	\N	\N	f	t
548f32ef-c0e7-45b3-a4a4-8527b8c4c10b	2026-05-23 19:14:04.956396+00	2026-05-23 19:14:04.956396+00	\N	Phenazopyridine Hcl Tab	Phenazopyridine Hcl Tab	\N	Tablet	\N	\N	\N	\N	\N	\N	f	t
16a30eb2-8824-474b-afd9-314f615d472b	2026-05-23 19:14:04.956396+00	2026-05-23 19:14:04.956396+00	\N	Phendimetrazine Tartrate Er Cap	Phendimetrazine Tartrate Er Cap	\N	Capsule	\N	\N	\N	\N	\N	\N	f	t
394c47f2-af92-438f-be9f-7a65206a31e0	2026-05-23 19:14:04.956396+00	2026-05-23 19:14:04.956396+00	\N	Phendimetrazine Tartrate Tab	Phendimetrazine Tartrate Tab	\N	Tablet	\N	\N	\N	\N	\N	\N	f	t
cd4725e9-af57-4f7c-b934-c4853f6f7923	2026-05-23 19:14:04.956396+00	2026-05-23 19:14:04.956396+00	\N	Phenelzine Sulfate Tab	Phenelzine Sulfate Tab	\N	Tablet	\N	\N	\N	\N	\N	\N	f	t
c9770178-84d2-49ee-8946-145387a28f7f	2026-05-23 19:14:04.956396+00	2026-05-23 19:14:04.956396+00	\N	Phenobarbital Elix	Phenobarbital Elix	\N	Tablet	\N	\N	\N	\N	\N	\N	f	t
33fa3195-402c-4e8e-b6f6-3b0930b63cd0	2026-05-23 19:14:04.956396+00	2026-05-23 19:14:04.956396+00	\N	Phenobarbital Soln	Phenobarbital Soln	\N	Solution	\N	\N	\N	\N	\N	\N	f	t
3e57229b-8fb2-446e-9b63-2efb8fdfd31e	2026-05-23 19:14:04.956396+00	2026-05-23 19:14:04.956396+00	\N	Phenobarbital Tab	Phenobarbital Tab	\N	Tablet	\N	\N	\N	\N	\N	\N	f	t
e83e0db4-bb58-49e5-b7a4-9bfc1e73dac7	2026-05-23 19:14:04.956396+00	2026-05-23 19:14:04.956396+00	\N	Phenobarbital-Belladonna Alk Elix	Phenobarbital-Belladonna Alk Elix	\N	Tablet	\N	\N	\N	\N	\N	\N	f	t
98204a9d-7a17-418c-9663-62229336a7b2	2026-05-23 19:14:04.956396+00	2026-05-23 19:14:04.956396+00	\N	Phenobarbital-Belladonna Alk Tab	Phenobarbital-Belladonna Alk Tab	\N	Tablet	\N	\N	\N	\N	\N	\N	f	t
c3820ac2-b176-4250-a5ac-aae305ba841c	2026-05-23 19:14:04.956396+00	2026-05-23 19:14:04.956396+00	\N	Phenoxybenzamine Hcl Cap	Phenoxybenzamine Hcl Cap	\N	Capsule	\N	\N	\N	\N	\N	\N	f	t
739e27d1-9dc4-410a-8030-039973f54c68	2026-05-23 19:14:04.956396+00	2026-05-23 19:14:04.956396+00	\N	Phentermine Hcl Cap	Phentermine Hcl Cap	\N	Capsule	\N	\N	\N	\N	\N	\N	f	t
761d6c0b-44d3-432b-9aef-ca618b78940e	2026-05-23 19:14:04.956396+00	2026-05-23 19:14:04.956396+00	\N	Phentermine Hcl Tab	Phentermine Hcl Tab	\N	Tablet	\N	\N	\N	\N	\N	\N	f	t
7005628f-831e-42f1-aaf5-b3a61de5069e	2026-05-23 19:14:04.956396+00	2026-05-23 19:14:04.956396+00	\N	Phenylephrine Hcl Soln	Phenylephrine Hcl Soln	\N	Solution	\N	\N	\N	\N	\N	\N	f	t
efa6d530-bece-48fb-a454-d429583c391f	2026-05-23 19:14:04.956396+00	2026-05-23 19:14:04.956396+00	\N	Phenytoin Sodium Extended Cap	Phenytoin Sodium Extended Cap	\N	Capsule	\N	\N	\N	\N	\N	\N	f	t
6286f580-c90a-462f-a884-058f216fd564	2026-05-23 19:14:04.956396+00	2026-05-23 19:14:04.956396+00	\N	Phenytoin Susp	Phenytoin Susp	\N	Suspension	\N	\N	\N	\N	\N	\N	f	t
519f5552-6c18-45e6-a301-f73423036470	2026-05-23 19:14:04.956396+00	2026-05-23 19:14:04.956396+00	\N	Phenytoin Tab	Phenytoin Tab	\N	Tablet	\N	\N	\N	\N	\N	\N	f	t
a83ef4ba-1661-44f7-a45b-4708ca9ea16d	2026-05-23 19:14:04.956396+00	2026-05-23 19:14:04.956396+00	\N	Phosphorous Tab	Phosphorous Tab	\N	Tablet	\N	\N	\N	\N	\N	\N	f	t
5ed50bd0-4d40-4dc0-b1a6-298b215a02da	2026-05-23 19:14:04.956396+00	2026-05-23 19:14:04.956396+00	\N	Phytonadione Tab	Phytonadione Tab	\N	Tablet	\N	\N	\N	\N	\N	\N	f	t
baa85b26-be38-494a-a593-9f62d0a131e4	2026-05-23 19:14:04.956396+00	2026-05-23 19:14:04.956396+00	\N	Pilocarpine Hcl Soln	Pilocarpine Hcl Soln	\N	Solution	\N	\N	\N	\N	\N	\N	f	t
8f2cfb76-1b2c-4ff9-9129-ffb2ade6d2ed	2026-05-23 19:14:04.956396+00	2026-05-23 19:14:04.956396+00	\N	Pilocarpine Hcl Tab	Pilocarpine Hcl Tab	\N	Tablet	\N	\N	\N	\N	\N	\N	f	t
df91bf5f-f1f1-4763-9414-86be424ade80	2026-05-23 19:14:04.956396+00	2026-05-23 19:14:04.956396+00	\N	Pimecrolimus Cream	Pimecrolimus Cream	\N	Topical	\N	\N	\N	\N	\N	\N	f	t
894e056e-5516-48a6-975d-78fe724d6824	2026-05-23 19:14:04.956396+00	2026-05-23 19:14:04.956396+00	\N	Pimozide Tab	Pimozide Tab	\N	Tablet	\N	\N	\N	\N	\N	\N	f	t
be71594f-7290-45d2-ac28-1b5a20ca5b5f	2026-05-23 19:14:04.956396+00	2026-05-23 19:14:04.956396+00	\N	Pindolol Tab	Pindolol Tab	\N	Tablet	\N	\N	\N	\N	\N	\N	f	t
fcc86ffb-7b40-4f4c-a9c1-e495b108fd1a	2026-05-23 19:14:04.956396+00	2026-05-23 19:14:04.956396+00	\N	Pioglitazone Hcl Tab	Pioglitazone Hcl Tab	\N	Tablet	\N	\N	\N	\N	\N	\N	f	t
bd679583-7dc7-46eb-be72-2af1084952b3	2026-05-23 19:14:04.956396+00	2026-05-23 19:14:04.956396+00	\N	Pioglitazone Hcl-Glimepiride Tab	Pioglitazone Hcl-Glimepiride Tab	\N	Tablet	\N	\N	\N	\N	\N	\N	f	t
3e1c82e0-2b40-401b-a139-6bf55b74cc7b	2026-05-23 19:14:04.956396+00	2026-05-23 19:14:04.956396+00	\N	Pioglitazone Hcl-Metformin Hcl Tab	Pioglitazone Hcl-Metformin Hcl Tab	\N	Tablet	\N	\N	\N	\N	\N	\N	f	t
e86fe4fa-bbec-49a4-b0df-b6c218c31300	2026-05-23 19:14:04.956396+00	2026-05-23 19:14:04.956396+00	\N	Pirfenidone Tab	Pirfenidone Tab	\N	Tablet	\N	\N	\N	\N	\N	\N	f	t
9154226c-a675-4d7d-8c1c-c91b580e15c5	2026-05-23 19:14:04.956396+00	2026-05-23 19:14:04.956396+00	\N	Piroxicam Cap	Piroxicam Cap	\N	Capsule	\N	\N	\N	\N	\N	\N	f	t
321a497f-b6d7-42f6-8668-08601ac954a3	2026-05-23 19:14:04.956396+00	2026-05-23 19:14:04.956396+00	\N	Podofilox Soln	Podofilox Soln	\N	Solution	\N	\N	\N	\N	\N	\N	f	t
1bb3ec18-24d0-4f21-893e-7e161ecd549e	2026-05-23 19:14:04.956396+00	2026-05-23 19:14:04.956396+00	\N	Polymyxin B-Trimethoprim Soln	Polymyxin B-Trimethoprim Soln	\N	Solution	\N	\N	\N	\N	\N	\N	f	t
80a4e784-839c-4fa2-a5a5-34e4a8b05d0f	2026-05-23 19:14:04.956396+00	2026-05-23 19:14:04.956396+00	\N	Posaconazole Tab	Posaconazole Tab	\N	Tablet	\N	\N	\N	\N	\N	\N	f	t
6ad3127e-66dc-4d9d-8e0c-7b8756dc6970	2026-05-23 19:14:04.956396+00	2026-05-23 19:14:04.956396+00	\N	Pot & Sod Cit-Cit Ac Soln	Pot & Sod Cit-Cit Ac Soln	\N	Solution	\N	\N	\N	\N	\N	\N	f	t
5b53a941-178a-4d74-9235-0153536992bc	2026-05-23 19:14:04.956396+00	2026-05-23 19:14:04.956396+00	\N	Potassium Chloride Crys Er Tab	Potassium Chloride Crys Er Tab	\N	Tablet	\N	\N	\N	\N	\N	\N	f	t
9ff73cda-23a1-428b-87ae-84cfb69babb4	2026-05-23 19:14:04.956396+00	2026-05-23 19:14:04.956396+00	\N	Potassium Chloride Er Cap	Potassium Chloride Er Cap	\N	Capsule	\N	\N	\N	\N	\N	\N	f	t
0abdea1e-43c5-4308-8290-3a751baa9e71	2026-05-23 19:14:04.956396+00	2026-05-23 19:14:04.956396+00	\N	Potassium Chloride Er Tab	Potassium Chloride Er Tab	\N	Tablet	\N	\N	\N	\N	\N	\N	f	t
af039149-d2ee-4825-91c5-c05b4f2a5687	2026-05-23 19:14:04.956396+00	2026-05-23 19:14:04.956396+00	\N	Potassium Chloride Pack	Potassium Chloride Pack	\N	Tablet	\N	\N	\N	\N	\N	\N	f	t
d850864e-db08-4fd4-8965-7948867bd04e	2026-05-23 19:14:04.956396+00	2026-05-23 19:14:04.956396+00	\N	Potassium Chloride Soln	Potassium Chloride Soln	\N	Solution	\N	\N	\N	\N	\N	\N	f	t
04629d13-e0f6-49cb-91f5-148e341ce1a2	2026-05-23 19:14:04.956396+00	2026-05-23 19:14:04.956396+00	\N	Potassium Citrate Er Tab	Potassium Citrate Er Tab	\N	Tablet	\N	\N	\N	\N	\N	\N	f	t
f9f1aa7e-4ecb-48e0-9d48-b29536d15f01	2026-05-23 19:14:04.956396+00	2026-05-23 19:14:04.956396+00	\N	Potassium Citrate-Citric Acid Soln	Potassium Citrate-Citric Acid Soln	\N	Solution	\N	\N	\N	\N	\N	\N	f	t
2fc9d6ca-5c16-4b65-8583-ea422153ac33	2026-05-23 19:14:04.956396+00	2026-05-23 19:14:04.956396+00	\N	Potassium Iodide Soln	Potassium Iodide Soln	\N	Solution	\N	\N	\N	\N	\N	\N	f	t
1f0f9e93-a7f3-47e9-907a-6af32ff57305	2026-05-23 19:14:04.956396+00	2026-05-23 19:14:04.956396+00	\N	Pramipexole Dihydrochloride Er Tab	Pramipexole Dihydrochloride Er Tab	\N	Tablet	\N	\N	\N	\N	\N	\N	f	t
ec35b1ee-2a41-4374-b87e-0c5890242c70	2026-05-23 19:14:04.956396+00	2026-05-23 19:14:04.956396+00	\N	Pramipexole Dihydrochloride Tab	Pramipexole Dihydrochloride Tab	\N	Tablet	\N	\N	\N	\N	\N	\N	f	t
faeaa395-4040-4841-8f2b-6d70c71482aa	2026-05-23 19:14:04.956396+00	2026-05-23 19:14:04.956396+00	\N	Prasugrel Hcl Tab	Prasugrel Hcl Tab	\N	Tablet	\N	\N	\N	\N	\N	\N	f	t
652c5a41-3cc0-4059-983b-631a1f28b509	2026-05-23 19:14:04.956396+00	2026-05-23 19:14:04.956396+00	\N	Pravastatin Sodium Tab	Pravastatin Sodium Tab	\N	Tablet	\N	\N	\N	\N	\N	\N	f	t
2785caca-7d9f-4bb2-890f-546662412191	2026-05-23 19:14:04.956396+00	2026-05-23 19:14:04.956396+00	\N	Praziquantel Tab	Praziquantel Tab	\N	Tablet	\N	\N	\N	\N	\N	\N	f	t
66cc6c5f-ec10-4384-861c-94e4717d7d4c	2026-05-23 19:14:04.956396+00	2026-05-23 19:14:04.956396+00	\N	Prazosin Hcl Cap	Prazosin Hcl Cap	\N	Capsule	\N	\N	\N	\N	\N	\N	f	t
3df090db-6e0e-478e-a021-97dcd3141306	2026-05-23 19:14:04.956396+00	2026-05-23 19:14:04.956396+00	\N	Prednicarbate Cream	Prednicarbate Cream	\N	Topical	\N	\N	\N	\N	\N	\N	f	t
7ec3f2f2-8424-4b3f-99ca-7801d5d609af	2026-05-23 19:14:04.956396+00	2026-05-23 19:14:04.956396+00	\N	Prednicarbate Oint	Prednicarbate Oint	\N	Topical	\N	\N	\N	\N	\N	\N	f	t
ea041597-2cd7-43dd-94f9-aa95a03deec4	2026-05-23 19:14:04.956396+00	2026-05-23 19:14:04.956396+00	\N	Prednisolone Acetate Susp	Prednisolone Acetate Susp	\N	Suspension	\N	\N	\N	\N	\N	\N	f	t
757101f1-8089-456a-aef6-9f9c81669da2	2026-05-23 19:14:04.956396+00	2026-05-23 19:14:04.956396+00	\N	Prednisolone Sodium Phosphate Soln	Prednisolone Sodium Phosphate Soln	\N	Solution	\N	\N	\N	\N	\N	\N	f	t
990818b3-d0e3-483b-9bad-c36bfb8c33e6	2026-05-23 19:14:04.956396+00	2026-05-23 19:14:04.956396+00	\N	Prednisolone Sodium Phosphate Tab	Prednisolone Sodium Phosphate Tab	\N	Tablet	\N	\N	\N	\N	\N	\N	f	t
0c159388-a6eb-4669-94e0-9e4c32072bdd	2026-05-23 19:14:04.956396+00	2026-05-23 19:14:04.956396+00	\N	Prednisolone Soln	Prednisolone Soln	\N	Solution	\N	\N	\N	\N	\N	\N	f	t
2832a6c9-b7e0-4e72-9b2a-3fb6edfe547f	2026-05-23 19:14:04.956396+00	2026-05-23 19:14:04.956396+00	\N	Prednisone Soln	Prednisone Soln	\N	Solution	\N	\N	\N	\N	\N	\N	f	t
165ae057-7431-485d-82ff-905c2a4a6a60	2026-05-23 19:14:04.956396+00	2026-05-23 19:14:04.956396+00	\N	Prednisone Tab	Prednisone Tab	\N	Tablet	\N	\N	\N	\N	\N	\N	f	t
9d67f8e8-0004-42df-80ab-4c0857a50af5	2026-05-23 19:14:04.956396+00	2026-05-23 19:14:04.956396+00	\N	Pregabalin Cap	Pregabalin Cap	\N	Capsule	\N	\N	\N	\N	\N	\N	f	t
1220f510-98fd-42f0-bbc9-acdc56f1b26f	2026-05-23 19:14:04.956396+00	2026-05-23 19:14:04.956396+00	\N	Pregabalin Er Tab	Pregabalin Er Tab	\N	Tablet	\N	\N	\N	\N	\N	\N	f	t
0b29985e-0a9a-4e03-925d-0632bac998f2	2026-05-23 19:14:04.956396+00	2026-05-23 19:14:04.956396+00	\N	Pregabalin Soln	Pregabalin Soln	\N	Solution	\N	\N	\N	\N	\N	\N	f	t
bd652321-90d7-4126-876f-57e706d8350f	2026-05-23 19:14:04.956396+00	2026-05-23 19:14:04.956396+00	\N	Primaquine Phosphate Tab	Primaquine Phosphate Tab	\N	Tablet	\N	\N	\N	\N	\N	\N	f	t
ffbf0a05-da4a-427a-b355-dbb42ff9d780	2026-05-23 19:14:04.956396+00	2026-05-23 19:14:04.956396+00	\N	Primidone Tab	Primidone Tab	\N	Tablet	\N	\N	\N	\N	\N	\N	f	t
99e60d23-d306-448a-a994-29e6a03f6bcd	2026-05-23 19:14:04.956396+00	2026-05-23 19:14:04.956396+00	\N	Probenecid Tab	Probenecid Tab	\N	Tablet	\N	\N	\N	\N	\N	\N	f	t
727fe822-7f0a-426f-83a4-6e4f41ac4820	2026-05-23 19:14:04.956396+00	2026-05-23 19:14:04.956396+00	\N	Prochlorperazine Maleate Tab	Prochlorperazine Maleate Tab	\N	Tablet	\N	\N	\N	\N	\N	\N	f	t
15928ab8-a225-47ff-8f20-0d8bd86499c9	2026-05-23 19:14:04.956396+00	2026-05-23 19:14:04.956396+00	\N	Prochlorperazine Supp	Prochlorperazine Supp	\N	Tablet	\N	\N	\N	\N	\N	\N	f	t
c08ebf24-90d0-42ff-8e33-95cadbbc450d	2026-05-23 19:14:04.956396+00	2026-05-23 19:14:04.956396+00	\N	Progesterone Cap	Progesterone Cap	\N	Capsule	\N	\N	\N	\N	\N	\N	f	t
3e206106-56ab-4171-a37d-6c2d21b11eff	2026-05-23 19:14:04.956396+00	2026-05-23 19:14:04.956396+00	\N	Promethazine Hcl Soln	Promethazine Hcl Soln	\N	Solution	\N	\N	\N	\N	\N	\N	f	t
959af9ca-efeb-43bb-8d72-5651e40fbf87	2026-05-23 19:14:04.956396+00	2026-05-23 19:14:04.956396+00	\N	Promethazine Hcl Supp	Promethazine Hcl Supp	\N	Tablet	\N	\N	\N	\N	\N	\N	f	t
969e5ef9-4b47-43e7-b5a4-479fb813428d	2026-05-23 19:14:04.956396+00	2026-05-23 19:14:04.956396+00	\N	Promethazine Hcl Syr	Promethazine Hcl Syr	\N	Tablet	\N	\N	\N	\N	\N	\N	f	t
3a9f2ce9-7113-48c6-b36f-257bb16fcf55	2026-05-23 19:14:04.956396+00	2026-05-23 19:14:04.956396+00	\N	Promethazine Hcl Tab	Promethazine Hcl Tab	\N	Tablet	\N	\N	\N	\N	\N	\N	f	t
94342e90-f24b-4581-aac3-a7020d7e8ac4	2026-05-23 19:14:04.956396+00	2026-05-23 19:14:04.956396+00	\N	Promethazine-Codeine Soln	Promethazine-Codeine Soln	\N	Solution	\N	\N	\N	\N	\N	\N	f	t
a0f98454-2780-4251-b60d-1a00d72541e8	2026-05-23 19:14:04.956396+00	2026-05-23 19:14:04.956396+00	\N	Promethazine-Codeine Syr	Promethazine-Codeine Syr	\N	Tablet	\N	\N	\N	\N	\N	\N	f	t
20494818-6eaf-4632-863b-eeab9c26d6d7	2026-05-23 19:14:04.956396+00	2026-05-23 19:14:04.956396+00	\N	Promethazine-Dm Syr	Promethazine-Dm Syr	\N	Tablet	\N	\N	\N	\N	\N	\N	f	t
813b50a3-f1c4-4518-9251-0d5594768987	2026-05-23 19:14:04.956396+00	2026-05-23 19:14:04.956396+00	\N	Promethazine-Phenyleph-Codeine Syr	Promethazine-Phenyleph-Codeine Syr	\N	Tablet	\N	\N	\N	\N	\N	\N	f	t
db0b43b3-754c-40aa-b946-66f5076c5b65	2026-05-23 19:14:04.956396+00	2026-05-23 19:14:04.956396+00	\N	Promethazine-Phenylephrine Syr	Promethazine-Phenylephrine Syr	\N	Tablet	\N	\N	\N	\N	\N	\N	f	t
30127f76-5737-4582-b5a1-b0367a011df8	2026-05-23 19:14:04.956396+00	2026-05-23 19:14:04.956396+00	\N	Propafenone Hcl Er Cap	Propafenone Hcl Er Cap	\N	Capsule	\N	\N	\N	\N	\N	\N	f	t
ab3007e0-7cad-4ddf-a678-2f7b1f919659	2026-05-23 19:14:04.956396+00	2026-05-23 19:14:04.956396+00	\N	Propafenone Hcl Tab	Propafenone Hcl Tab	\N	Tablet	\N	\N	\N	\N	\N	\N	f	t
aba5762f-bd9f-4157-8928-133bf874045b	2026-05-23 19:14:04.956396+00	2026-05-23 19:14:04.956396+00	\N	Proparacaine Hcl Soln	Proparacaine Hcl Soln	\N	Solution	\N	\N	\N	\N	\N	\N	f	t
5b728770-14f3-45f3-8068-5728b8c0fe98	2026-05-23 19:14:04.956396+00	2026-05-23 19:14:04.956396+00	\N	Propranolol Hcl Er Cap	Propranolol Hcl Er Cap	\N	Capsule	\N	\N	\N	\N	\N	\N	f	t
4d78ad23-f091-4a03-b3ac-92bb334284c5	2026-05-23 19:14:04.956396+00	2026-05-23 19:14:04.956396+00	\N	Propranolol Hcl Soln	Propranolol Hcl Soln	\N	Solution	\N	\N	\N	\N	\N	\N	f	t
a906a5e3-837e-49b9-b5fb-abc6921498d8	2026-05-23 19:14:04.956396+00	2026-05-23 19:14:04.956396+00	\N	Propranolol Hcl Tab	Propranolol Hcl Tab	\N	Tablet	\N	\N	\N	\N	\N	\N	f	t
50533ad4-33d2-4980-a0df-2c47525e99dc	2026-05-23 19:14:04.956396+00	2026-05-23 19:14:04.956396+00	\N	Propranolol-Hctz Tab	Propranolol-Hctz Tab	\N	Tablet	\N	\N	\N	\N	\N	\N	f	t
0ad1e890-fade-4a42-ba89-ac14890ebb35	2026-05-23 19:14:04.956396+00	2026-05-23 19:14:04.956396+00	\N	Propylthiouracil Tab	Propylthiouracil Tab	\N	Tablet	\N	\N	\N	\N	\N	\N	f	t
f6b98472-1df9-4d2d-9b09-5b9ac69580b8	2026-05-23 19:14:04.956396+00	2026-05-23 19:14:04.956396+00	\N	Protriptyline Hcl Tab	Protriptyline Hcl Tab	\N	Tablet	\N	\N	\N	\N	\N	\N	f	t
1fcf673b-0bd3-4a76-a8ab-a5c6e0cb9b20	2026-05-23 19:14:04.956396+00	2026-05-23 19:14:04.956396+00	\N	Pseudoeph-Bromphen-Dm Syr	Pseudoeph-Bromphen-Dm Syr	\N	Tablet	\N	\N	\N	\N	\N	\N	f	t
d71057b7-0e4c-48b0-af88-c91a6ade0ef8	2026-05-23 19:14:04.956396+00	2026-05-23 19:14:04.956396+00	\N	Pyrazinamide Tab	Pyrazinamide Tab	\N	Tablet	\N	\N	\N	\N	\N	\N	f	t
fde746b3-4d99-4699-985a-67eb41cd44ba	2026-05-23 19:14:04.956396+00	2026-05-23 19:14:04.956396+00	\N	Pyridostigmine Bromide Er Tab	Pyridostigmine Bromide Er Tab	\N	Tablet	\N	\N	\N	\N	\N	\N	f	t
6badf797-6716-4f10-a5cb-ccf531562e2d	2026-05-23 19:14:04.956396+00	2026-05-23 19:14:04.956396+00	\N	Pyridostigmine Bromide Soln	Pyridostigmine Bromide Soln	\N	Solution	\N	\N	\N	\N	\N	\N	f	t
84a72d17-71bc-4626-a729-6c857c30facd	2026-05-23 19:14:04.956396+00	2026-05-23 19:14:04.956396+00	\N	Pyridostigmine Bromide Tab	Pyridostigmine Bromide Tab	\N	Tablet	\N	\N	\N	\N	\N	\N	f	t
150b5d13-aebb-4fa5-9556-ac6be4919366	2026-05-23 19:14:04.956396+00	2026-05-23 19:14:04.956396+00	\N	Pyrimethamine Tab	Pyrimethamine Tab	\N	Tablet	\N	\N	\N	\N	\N	\N	f	t
7ad848d4-2429-4389-945d-4d9efce8fb62	2026-05-23 19:14:04.956396+00	2026-05-23 19:14:04.956396+00	\N	Quetiapine Fumarate Er Tab	Quetiapine Fumarate Er Tab	\N	Tablet	\N	\N	\N	\N	\N	\N	f	t
83708d43-b86b-417b-99b7-e76930f8a73e	2026-05-23 19:14:04.956396+00	2026-05-23 19:14:04.956396+00	\N	Quetiapine Fumarate Tab	Quetiapine Fumarate Tab	\N	Tablet	\N	\N	\N	\N	\N	\N	f	t
cac9a3ce-4a2c-460d-9318-f3f87c82c2b7	2026-05-23 19:14:04.956396+00	2026-05-23 19:14:04.956396+00	\N	Quinapril Hcl Tab	Quinapril Hcl Tab	\N	Tablet	\N	\N	\N	\N	\N	\N	f	t
cc19602e-e2e2-4397-b8f8-e7b9ed296057	2026-05-23 19:14:04.956396+00	2026-05-23 19:14:04.956396+00	\N	Quinapril-Hydrochlorothiazide Tab	Quinapril-Hydrochlorothiazide Tab	\N	Tablet	\N	\N	\N	\N	\N	\N	f	t
f01ec541-2ea0-4549-a57f-ba3b51eff941	2026-05-23 19:14:04.956396+00	2026-05-23 19:14:04.956396+00	\N	Quinidine Gluconate Er Tab	Quinidine Gluconate Er Tab	\N	Tablet	\N	\N	\N	\N	\N	\N	f	t
1c595202-9135-4851-88f9-99870ab72fa7	2026-05-23 19:14:04.956396+00	2026-05-23 19:14:04.956396+00	\N	Quinidine Sulfate Tab	Quinidine Sulfate Tab	\N	Tablet	\N	\N	\N	\N	\N	\N	f	t
7c230f18-a799-440c-beaa-423a696f1d43	2026-05-23 19:14:04.956396+00	2026-05-23 19:14:04.956396+00	\N	Quinine Sulfate Cap	Quinine Sulfate Cap	\N	Capsule	\N	\N	\N	\N	\N	\N	f	t
b370483f-0ade-45da-9c80-a46b0626f177	2026-05-23 19:14:04.956396+00	2026-05-23 19:14:04.956396+00	\N	Rabeprazole Sodium Tab	Rabeprazole Sodium Tab	\N	Tablet	\N	\N	\N	\N	\N	\N	f	t
bb67ca5a-9fc7-4718-8b3d-ec93caa65138	2026-05-23 19:14:04.956396+00	2026-05-23 19:14:04.956396+00	\N	Raloxifene Hcl Tab	Raloxifene Hcl Tab	\N	Tablet	\N	\N	\N	\N	\N	\N	f	t
e11f7963-03e2-40e9-a013-b32501ad684c	2026-05-23 19:14:04.956396+00	2026-05-23 19:14:04.956396+00	\N	Ramelteon Tab	Ramelteon Tab	\N	Tablet	\N	\N	\N	\N	\N	\N	f	t
080b8686-79b5-4c20-bab6-f9c6fdf19473	2026-05-23 19:14:04.956396+00	2026-05-23 19:14:04.956396+00	\N	Ramipril Cap	Ramipril Cap	\N	Capsule	\N	\N	\N	\N	\N	\N	f	t
354a1150-3fc6-4a28-b8fc-4a1efdb1db1f	2026-05-23 19:14:04.956396+00	2026-05-23 19:14:04.956396+00	\N	Ranitidine Hcl Cap	Ranitidine Hcl Cap	\N	Capsule	\N	\N	\N	\N	\N	\N	f	t
d6271d78-6a78-4efa-825c-e415dafa388a	2026-05-23 19:14:04.956396+00	2026-05-23 19:14:04.956396+00	\N	Ranitidine Hcl Tab	Ranitidine Hcl Tab	\N	Tablet	\N	\N	\N	\N	\N	\N	f	t
8d70f6e6-911e-4a0f-b47b-f002185f3c90	2026-05-23 19:14:04.956396+00	2026-05-23 19:14:04.956396+00	\N	Ranolazine Er Tab	Ranolazine Er Tab	\N	Tablet	\N	\N	\N	\N	\N	\N	f	t
dcd67d45-37ea-492f-9f68-6b5403980adc	2026-05-23 19:14:04.956396+00	2026-05-23 19:14:04.956396+00	\N	Rasagiline Mesylate Tab	Rasagiline Mesylate Tab	\N	Tablet	\N	\N	\N	\N	\N	\N	f	t
40b3466a-e3b3-4370-ae36-4f46f61436a6	2026-05-23 19:14:04.956396+00	2026-05-23 19:14:04.956396+00	\N	Repaglinide Tab	Repaglinide Tab	\N	Tablet	\N	\N	\N	\N	\N	\N	f	t
4206bf93-b766-4ae4-b3da-3f05554b0c86	2026-05-23 19:14:04.956396+00	2026-05-23 19:14:04.956396+00	\N	Ribavirin	Ribavirin	\N	Tablet	\N	\N	\N	\N	\N	\N	f	t
297fb4ad-6a5b-4ca4-9e18-5514c2d1a912	2026-05-23 19:14:04.956396+00	2026-05-23 19:14:04.956396+00	\N	Ribavirin Cap	Ribavirin Cap	\N	Capsule	\N	\N	\N	\N	\N	\N	f	t
78466f37-4220-4bfb-81c0-bec510608cb6	2026-05-23 19:14:04.956396+00	2026-05-23 19:14:04.956396+00	\N	Ribavirin Tab	Ribavirin Tab	\N	Tablet	\N	\N	\N	\N	\N	\N	f	t
339e2379-7d0c-418a-8e20-6a81bfbe0ec0	2026-05-23 19:14:04.956396+00	2026-05-23 19:14:04.956396+00	\N	Rifabutin Cap	Rifabutin Cap	\N	Capsule	\N	\N	\N	\N	\N	\N	f	t
ffc9967e-cf64-42b9-9e66-ce290269bf95	2026-05-23 19:14:04.956396+00	2026-05-23 19:14:04.956396+00	\N	Rifampin Cap	Rifampin Cap	\N	Capsule	\N	\N	\N	\N	\N	\N	f	t
3e6faf20-e4a1-47a7-a182-362bb9b29f16	2026-05-23 19:14:04.956396+00	2026-05-23 19:14:04.956396+00	\N	Riluzole Tab	Riluzole Tab	\N	Tablet	\N	\N	\N	\N	\N	\N	f	t
06f87793-c29d-431b-830a-481e9d6c0307	2026-05-23 19:14:04.956396+00	2026-05-23 19:14:04.956396+00	\N	Rimantadine Hcl Tab	Rimantadine Hcl Tab	\N	Tablet	\N	\N	\N	\N	\N	\N	f	t
35d33de8-f623-4562-83e0-5b6cd7aeb9f6	2026-05-23 19:14:04.956396+00	2026-05-23 19:14:04.956396+00	\N	Ringers Irrigation Soln	Ringers Irrigation Soln	\N	Solution	\N	\N	\N	\N	\N	\N	f	t
4b581487-71bf-4df5-824f-672939eb9155	2026-05-23 19:14:04.956396+00	2026-05-23 19:14:04.956396+00	\N	Risedronate Sodium Tab	Risedronate Sodium Tab	\N	Tablet	\N	\N	\N	\N	\N	\N	f	t
572ed540-ac65-4d37-8484-b1d040ef36e4	2026-05-23 19:14:04.956396+00	2026-05-23 19:14:04.956396+00	\N	Risperidone Soln	Risperidone Soln	\N	Solution	\N	\N	\N	\N	\N	\N	f	t
ceaf6303-4f26-4d98-b20f-2f0729f450c8	2026-05-23 19:14:04.956396+00	2026-05-23 19:14:04.956396+00	\N	Risperidone Tab	Risperidone Tab	\N	Tablet	\N	\N	\N	\N	\N	\N	f	t
be2e594e-d8e8-4f36-a247-944b3e0c46ea	2026-05-23 19:14:04.956396+00	2026-05-23 19:14:04.956396+00	\N	Ritonavir Tab	Ritonavir Tab	\N	Tablet	\N	\N	\N	\N	\N	\N	f	t
7d3ff3d5-0dfd-44b5-8e77-f87e1ba38c1c	2026-05-23 19:14:04.956396+00	2026-05-23 19:14:04.956396+00	\N	Rivastigmine Patch	Rivastigmine Patch	\N	Tablet	\N	\N	\N	\N	\N	\N	f	t
48364106-b323-4fcf-a0b5-a6ce187ac672	2026-05-23 19:14:04.956396+00	2026-05-23 19:14:04.956396+00	\N	Rivastigmine Tartrate Cap	Rivastigmine Tartrate Cap	\N	Capsule	\N	\N	\N	\N	\N	\N	f	t
d3e5dd4e-43ca-4316-841e-f69e4fa63635	2026-05-23 19:14:04.956396+00	2026-05-23 19:14:04.956396+00	\N	Rizatriptan Benzoate Tab	Rizatriptan Benzoate Tab	\N	Tablet	\N	\N	\N	\N	\N	\N	f	t
7af0b47f-ea58-4d96-a7ad-dae05b84ca26	2026-05-23 19:14:04.956396+00	2026-05-23 19:14:04.956396+00	\N	Ropinirole Hcl Er Tab	Ropinirole Hcl Er Tab	\N	Tablet	\N	\N	\N	\N	\N	\N	f	t
3856768f-9ab1-469c-9ee1-9cdea9804ac4	2026-05-23 19:14:04.956396+00	2026-05-23 19:14:04.956396+00	\N	Ropinirole Hcl Tab	Ropinirole Hcl Tab	\N	Tablet	\N	\N	\N	\N	\N	\N	f	t
30528021-9472-48b9-ba4f-b7b1b1d1a22f	2026-05-23 19:14:04.956396+00	2026-05-23 19:14:04.956396+00	\N	Rosuvastatin Calcium Tab	Rosuvastatin Calcium Tab	\N	Tablet	\N	\N	\N	\N	\N	\N	f	t
7ac10cbd-0bb3-40c4-83d0-35170fce42b9	2026-05-23 19:14:04.956396+00	2026-05-23 19:14:04.956396+00	\N	Rufinamide Susp	Rufinamide Susp	\N	Suspension	\N	\N	\N	\N	\N	\N	f	t
1633fde6-a809-493a-991f-cf1430edb533	2026-05-23 19:14:04.956396+00	2026-05-23 19:14:04.956396+00	\N	Rufinamide Tab	Rufinamide Tab	\N	Tablet	\N	\N	\N	\N	\N	\N	f	t
ca4911bd-754e-4d81-919d-dfcf07a72832	2026-05-23 19:14:04.956396+00	2026-05-23 19:14:04.956396+00	\N	Salicylic Acid	Salicylic Acid	\N	Tablet	\N	\N	\N	\N	\N	\N	f	t
a276d6b0-d0d1-4581-8185-14e0335738bf	2026-05-23 19:14:04.956396+00	2026-05-23 19:14:04.956396+00	\N	Salicylic Acid Cream	Salicylic Acid Cream	\N	Topical	\N	\N	\N	\N	\N	\N	f	t
7966190a-fca2-4592-a06b-b40f9b5c33c2	2026-05-23 19:14:04.956396+00	2026-05-23 19:14:04.956396+00	\N	Salicylic Acid Er Soln	Salicylic Acid Er Soln	\N	Solution	\N	\N	\N	\N	\N	\N	f	t
8552fa0c-6e28-4895-99d1-834abd9a6454	2026-05-23 19:14:04.956396+00	2026-05-23 19:14:04.956396+00	\N	Salicylic Acid Foam	Salicylic Acid Foam	\N	Tablet	\N	\N	\N	\N	\N	\N	f	t
4367b767-bca7-4e99-883e-d6e9d3fef75a	2026-05-23 19:14:04.956396+00	2026-05-23 19:14:04.956396+00	\N	Salicylic Acid Gel	Salicylic Acid Gel	\N	Gel	\N	\N	\N	\N	\N	\N	f	t
ccc44bfe-0510-4931-ab61-a928fc920564	2026-05-23 19:14:04.956396+00	2026-05-23 19:14:04.956396+00	\N	Salicylic Acid Liquid	Salicylic Acid Liquid	\N	Tablet	\N	\N	\N	\N	\N	\N	f	t
afd13f83-3586-4426-b6d5-490e121e683a	2026-05-23 19:14:04.956396+00	2026-05-23 19:14:04.956396+00	\N	Salicylic Acid Lot	Salicylic Acid Lot	\N	Tablet	\N	\N	\N	\N	\N	\N	f	t
0d0fef6c-8ad3-47aa-b850-7154868ceed4	2026-05-23 19:14:04.956396+00	2026-05-23 19:14:04.956396+00	\N	Salicylic Acid Soln	Salicylic Acid Soln	\N	Solution	\N	\N	\N	\N	\N	\N	f	t
e3cac085-eb7b-4830-8b51-3bdbd561755d	2026-05-23 19:14:04.956396+00	2026-05-23 19:14:04.956396+00	\N	Salicylic Acid Wart Remover Liquid	Salicylic Acid Wart Remover Liquid	\N	Tablet	\N	\N	\N	\N	\N	\N	f	t
4e5bd4d8-ef97-420a-a5e3-2d2334e5df13	2026-05-23 19:14:04.956396+00	2026-05-23 19:14:04.956396+00	\N	Salicylic Acid-Cleanser	Salicylic Acid-Cleanser	\N	Tablet	\N	\N	\N	\N	\N	\N	f	t
38b0c8d8-ce0d-4ce5-8e34-dc331eb1f562	2026-05-23 19:14:04.956396+00	2026-05-23 19:14:04.956396+00	\N	Salsalate Tab	Salsalate Tab	\N	Tablet	\N	\N	\N	\N	\N	\N	f	t
d20bdb07-237e-4867-a5aa-b3a0a197e87f	2026-05-23 19:14:04.956396+00	2026-05-23 19:14:04.956396+00	\N	Sapropterin Dihydrochloride Pack	Sapropterin Dihydrochloride Pack	\N	Tablet	\N	\N	\N	\N	\N	\N	f	t
aeeb9169-d0f8-4d45-bb04-e554754c0ec1	2026-05-23 19:14:04.956396+00	2026-05-23 19:14:04.956396+00	\N	Sapropterin Dihydrochloride Tab	Sapropterin Dihydrochloride Tab	\N	Tablet	\N	\N	\N	\N	\N	\N	f	t
d67e9ee6-4cea-4e29-b971-2458642ff816	2026-05-23 19:14:04.956396+00	2026-05-23 19:14:04.956396+00	\N	Scopolamine Patch	Scopolamine Patch	\N	Tablet	\N	\N	\N	\N	\N	\N	f	t
6a95e9fa-4e58-460d-b372-afd54742f04d	2026-05-23 19:14:04.956396+00	2026-05-23 19:14:04.956396+00	\N	Selegiline Hcl Cap	Selegiline Hcl Cap	\N	Capsule	\N	\N	\N	\N	\N	\N	f	t
cdb421d9-04ba-4784-b117-8ae98bc7e829	2026-05-23 19:14:04.956396+00	2026-05-23 19:14:04.956396+00	\N	Selegiline Hcl Tab	Selegiline Hcl Tab	\N	Tablet	\N	\N	\N	\N	\N	\N	f	t
3c918b67-c689-4c56-b95e-3208e29b1fc9	2026-05-23 19:14:04.956396+00	2026-05-23 19:14:04.956396+00	\N	Selenium Sulfide	Selenium Sulfide	\N	Tablet	\N	\N	\N	\N	\N	\N	f	t
5336208d-e96d-49d3-ab5e-aa2dfc214c20	2026-05-23 19:14:04.956396+00	2026-05-23 19:14:04.956396+00	\N	Selenium Sulfide Lot	Selenium Sulfide Lot	\N	Tablet	\N	\N	\N	\N	\N	\N	f	t
42efdb85-6123-45c1-985e-ae734f74909d	2026-05-23 19:14:04.956396+00	2026-05-23 19:14:04.956396+00	\N	Sertraline Hcl	Sertraline Hcl	\N	Tablet	\N	\N	\N	\N	\N	\N	f	t
1413c042-87c8-4336-a6ae-26b5507b1b61	2026-05-23 19:14:04.956396+00	2026-05-23 19:14:04.956396+00	\N	Sertraline Hcl Tab	Sertraline Hcl Tab	\N	Tablet	\N	\N	\N	\N	\N	\N	f	t
d8023cef-317a-4f07-abe3-68ec20805d5b	2026-05-23 19:14:04.956396+00	2026-05-23 19:14:04.956396+00	\N	Sevelamer Carbonate Pack	Sevelamer Carbonate Pack	\N	Tablet	\N	\N	\N	\N	\N	\N	f	t
2be16bca-5ac7-41c2-a743-48bfdbe19d68	2026-05-23 19:14:04.956396+00	2026-05-23 19:14:04.956396+00	\N	Sevelamer Carbonate Tab	Sevelamer Carbonate Tab	\N	Tablet	\N	\N	\N	\N	\N	\N	f	t
7afaa4fa-464c-47a9-a8e8-1613b2e45f0f	2026-05-23 19:14:04.956396+00	2026-05-23 19:14:04.956396+00	\N	Sevelamer Hcl Tab	Sevelamer Hcl Tab	\N	Tablet	\N	\N	\N	\N	\N	\N	f	t
54625357-40a3-462d-9dd6-1f6182d9199d	2026-05-23 19:14:04.956396+00	2026-05-23 19:14:04.956396+00	\N	Sevoflurane Soln	Sevoflurane Soln	\N	Solution	\N	\N	\N	\N	\N	\N	f	t
a57278ba-bb2e-4d77-a7ee-0c3777f81ff4	2026-05-23 19:14:04.956396+00	2026-05-23 19:14:04.956396+00	\N	Sildenafil Citrate	Sildenafil Citrate	\N	Tablet	\N	\N	\N	\N	\N	\N	f	t
9a90dea5-7fa1-4279-98ad-29aa9c04e754	2026-05-23 19:14:04.956396+00	2026-05-23 19:14:04.956396+00	\N	Sildenafil Citrate Tab	Sildenafil Citrate Tab	\N	Tablet	\N	\N	\N	\N	\N	\N	f	t
c350ef7f-522f-493e-a75a-d3c2b2e14e28	2026-05-23 19:14:04.956396+00	2026-05-23 19:14:04.956396+00	\N	Silodosin Cap	Silodosin Cap	\N	Capsule	\N	\N	\N	\N	\N	\N	f	t
950bdfe1-f6b9-450a-88de-c6dba088d65d	2026-05-23 19:14:04.956396+00	2026-05-23 19:14:04.956396+00	\N	Silver Nitrate Soln	Silver Nitrate Soln	\N	Solution	\N	\N	\N	\N	\N	\N	f	t
8cc80e45-32cc-42c0-b352-2f03fbe1f4ca	2026-05-23 19:14:04.956396+00	2026-05-23 19:14:04.956396+00	\N	Silver Sulfadiazine Cream	Silver Sulfadiazine Cream	\N	Topical	\N	\N	\N	\N	\N	\N	f	t
31b347f4-f979-4829-808d-d21ee580dd3c	2026-05-23 19:14:04.956396+00	2026-05-23 19:14:04.956396+00	\N	Simvastatin Tab	Simvastatin Tab	\N	Tablet	\N	\N	\N	\N	\N	\N	f	t
1e1486e6-891a-49f4-b4f3-501e69b0e500	2026-05-23 19:14:04.956396+00	2026-05-23 19:14:04.956396+00	\N	Sirolimus Soln	Sirolimus Soln	\N	Solution	\N	\N	\N	\N	\N	\N	f	t
f48dc7f7-9f92-47a5-9fce-98097bbf2eed	2026-05-23 19:14:04.956396+00	2026-05-23 19:14:04.956396+00	\N	Sirolimus Tab	Sirolimus Tab	\N	Tablet	\N	\N	\N	\N	\N	\N	f	t
f3f11c46-80d0-4f43-9c1c-e955acde63b0	2026-05-23 19:14:04.956396+00	2026-05-23 19:14:04.956396+00	\N	Sod Citrate-Citric Acid Soln	Sod Citrate-Citric Acid Soln	\N	Solution	\N	\N	\N	\N	\N	\N	f	t
512d0fc6-64b1-40dd-82ad-8fba2ea37d04	2026-05-23 19:14:04.956396+00	2026-05-23 19:14:04.956396+00	\N	Sodium Chloride Neb	Sodium Chloride Neb	\N	Tablet	\N	\N	\N	\N	\N	\N	f	t
1171e910-53d8-40ab-b8c6-e1234846b64c	2026-05-23 19:14:04.956396+00	2026-05-23 19:14:04.956396+00	\N	Sodium Chloride Soln	Sodium Chloride Soln	\N	Solution	\N	\N	\N	\N	\N	\N	f	t
f22d70fd-33f3-48e5-9744-74835701687f	2026-05-23 19:14:04.956396+00	2026-05-23 19:14:04.956396+00	\N	Sodium Fluoride Cream	Sodium Fluoride Cream	\N	Topical	\N	\N	\N	\N	\N	\N	f	t
0969a970-2dc8-478f-a131-906ada0b6af9	2026-05-23 19:14:04.956396+00	2026-05-23 19:14:04.956396+00	\N	Sodium Fluoride Gel	Sodium Fluoride Gel	\N	Gel	\N	\N	\N	\N	\N	\N	f	t
b619919f-6688-4b65-8da0-87ddf56879a3	2026-05-23 19:14:04.956396+00	2026-05-23 19:14:04.956396+00	\N	Sodium Fluoride Soln	Sodium Fluoride Soln	\N	Solution	\N	\N	\N	\N	\N	\N	f	t
0bdda007-3476-4047-8d8d-2235d37c8251	2026-05-23 19:14:04.956396+00	2026-05-23 19:14:04.956396+00	\N	Sodium Fluoride Tab	Sodium Fluoride Tab	\N	Tablet	\N	\N	\N	\N	\N	\N	f	t
0f8316f4-4a1f-442c-b0df-0ad72bdf2584	2026-05-23 19:14:04.956396+00	2026-05-23 19:14:04.956396+00	\N	Sodium Phenylbutyrate Tab	Sodium Phenylbutyrate Tab	\N	Tablet	\N	\N	\N	\N	\N	\N	f	t
086bb151-ccaf-4703-b1be-f2a6cb67808d	2026-05-23 19:14:04.956396+00	2026-05-23 19:14:04.956396+00	\N	Sodium Polystyrene Sulfonate	Sodium Polystyrene Sulfonate	\N	Tablet	\N	\N	\N	\N	\N	\N	f	t
b02116b1-319c-4ac9-93ad-37a92069f687	2026-05-23 19:14:04.956396+00	2026-05-23 19:14:04.956396+00	\N	Sodium Polystyrene Sulfonate Susp	Sodium Polystyrene Sulfonate Susp	\N	Suspension	\N	\N	\N	\N	\N	\N	f	t
d65d2cea-4e0a-43c5-ba5b-f0c8f151b479	2026-05-23 19:14:04.956396+00	2026-05-23 19:14:04.956396+00	\N	Sodium Sulfacetamide	Sodium Sulfacetamide	\N	Tablet	\N	\N	\N	\N	\N	\N	f	t
9b9f3831-a63c-44f3-8f38-e73f2a21f662	2026-05-23 19:14:04.956396+00	2026-05-23 19:14:04.956396+00	\N	Solifenacin Succinate Tab	Solifenacin Succinate Tab	\N	Tablet	\N	\N	\N	\N	\N	\N	f	t
5a5254ab-bb5c-4992-bfb4-17f43315e87f	2026-05-23 19:14:04.956396+00	2026-05-23 19:14:04.956396+00	\N	Sorafenib Tosylate Tab	Sorafenib Tosylate Tab	\N	Tablet	\N	\N	\N	\N	\N	\N	f	t
7595e1c2-3832-4dd3-97a5-0cc71c21fda3	2026-05-23 19:14:04.956396+00	2026-05-23 19:14:04.956396+00	\N	Sotalol Hcl (Af) Tab	Sotalol Hcl (Af) Tab	\N	Tablet	\N	\N	\N	\N	\N	\N	f	t
5e80cfd7-c42a-4196-ad16-b597222a27fe	2026-05-23 19:14:04.956396+00	2026-05-23 19:14:04.956396+00	\N	Sotalol Hcl Tab	Sotalol Hcl Tab	\N	Tablet	\N	\N	\N	\N	\N	\N	f	t
e53a7e81-b528-409c-86b1-cb5394d72845	2026-05-23 19:14:04.956396+00	2026-05-23 19:14:04.956396+00	\N	Spinosad Susp	Spinosad Susp	\N	Suspension	\N	\N	\N	\N	\N	\N	f	t
a0730811-fcda-4eb5-b856-5732822488df	2026-05-23 19:14:04.956396+00	2026-05-23 19:14:04.956396+00	\N	Spironolactone Tab	Spironolactone Tab	\N	Tablet	\N	\N	\N	\N	\N	\N	f	t
0dc8a37e-4156-4623-a88c-8d4e934ee532	2026-05-23 19:14:04.956396+00	2026-05-23 19:14:04.956396+00	\N	Spironolactone-Hctz Tab	Spironolactone-Hctz Tab	\N	Tablet	\N	\N	\N	\N	\N	\N	f	t
90d09ff5-7ed7-4c5b-979b-aa6d9dec7642	2026-05-23 19:14:04.956396+00	2026-05-23 19:14:04.956396+00	\N	Stavudine Cap	Stavudine Cap	\N	Capsule	\N	\N	\N	\N	\N	\N	f	t
74c70f96-74b3-4e2d-b233-65e87f66e272	2026-05-23 19:14:04.956396+00	2026-05-23 19:14:04.956396+00	\N	Sterile Water For Irrigation Soln	Sterile Water For Irrigation Soln	\N	Solution	\N	\N	\N	\N	\N	\N	f	t
6bf14598-7cf7-4ca9-91e8-f087662cbda9	2026-05-23 19:14:04.956396+00	2026-05-23 19:14:04.956396+00	\N	Sucralfate Susp	Sucralfate Susp	\N	Suspension	\N	\N	\N	\N	\N	\N	f	t
ce96efa2-5b5b-49ce-8773-4f3b6de5b518	2026-05-23 19:14:04.956396+00	2026-05-23 19:14:04.956396+00	\N	Sucralfate Tab	Sucralfate Tab	\N	Tablet	\N	\N	\N	\N	\N	\N	f	t
f448feda-0388-4adb-a79c-3885033eff00	2026-05-23 19:14:04.956396+00	2026-05-23 19:14:04.956396+00	\N	Sulfacetamide Sod-Sulfur Wash	Sulfacetamide Sod-Sulfur Wash	\N	Tablet	\N	\N	\N	\N	\N	\N	f	t
660da652-14e7-4588-996d-20b2baf2488f	2026-05-23 19:14:04.956396+00	2026-05-23 19:14:04.956396+00	\N	Sulfacetamide Sod-Sulfur Wash Liquid	Sulfacetamide Sod-Sulfur Wash Liquid	\N	Tablet	\N	\N	\N	\N	\N	\N	f	t
2e58c9d1-0285-4a4b-a520-48b7a9648369	2026-05-23 19:14:04.956396+00	2026-05-23 19:14:04.956396+00	\N	Sulfacetamide Sodium (Acne) Lot	Sulfacetamide Sodium (Acne) Lot	\N	Tablet	\N	\N	\N	\N	\N	\N	f	t
f9658721-a146-490b-a261-638ff974b91e	2026-05-23 19:14:04.956396+00	2026-05-23 19:14:04.956396+00	\N	Sulfacetamide Sodium (Cleans) Gel	Sulfacetamide Sodium (Cleans) Gel	\N	Gel	\N	\N	\N	\N	\N	\N	f	t
bd5e6ff2-2f34-4eb2-bbc7-9c45ad7700b2	2026-05-23 19:14:04.956396+00	2026-05-23 19:14:04.956396+00	\N	Sulfacetamide Sodium Liquid	Sulfacetamide Sodium Liquid	\N	Tablet	\N	\N	\N	\N	\N	\N	f	t
0cdd9a44-428e-4dbd-b5c1-5f7ae79c0dd7	2026-05-23 19:14:04.956396+00	2026-05-23 19:14:04.956396+00	\N	Sulfacetamide Sodium Oint	Sulfacetamide Sodium Oint	\N	Topical	\N	\N	\N	\N	\N	\N	f	t
4b04e7c3-4e26-497e-adc7-8524a9c5cd61	2026-05-23 19:14:04.956396+00	2026-05-23 19:14:04.956396+00	\N	Sulfacetamide Sodium Soln	Sulfacetamide Sodium Soln	\N	Solution	\N	\N	\N	\N	\N	\N	f	t
b321c802-f93a-44fb-8e62-e736c3a17bc8	2026-05-23 19:14:04.956396+00	2026-05-23 19:14:04.956396+00	\N	Sulfacetamide Sodium-Sulfur Cream	Sulfacetamide Sodium-Sulfur Cream	\N	Topical	\N	\N	\N	\N	\N	\N	f	t
9809b4a1-ef09-4ec9-9dca-ac6b86dcd3f7	2026-05-23 19:14:04.956396+00	2026-05-23 19:14:04.956396+00	\N	Sulfacetamide Sodium-Sulfur Liquid	Sulfacetamide Sodium-Sulfur Liquid	\N	Tablet	\N	\N	\N	\N	\N	\N	f	t
ccb12483-8dfd-490e-a5a1-a6e3b485ab1a	2026-05-23 19:14:04.956396+00	2026-05-23 19:14:04.956396+00	\N	Sulfacetamide Sodium-Sulfur Lot	Sulfacetamide Sodium-Sulfur Lot	\N	Tablet	\N	\N	\N	\N	\N	\N	f	t
0913036d-4b93-4c69-aa21-b2d9480d8e05	2026-05-23 19:14:04.956396+00	2026-05-23 19:14:04.956396+00	\N	Sulfacetamide Sodium-Sulfur Pad	Sulfacetamide Sodium-Sulfur Pad	\N	Tablet	\N	\N	\N	\N	\N	\N	f	t
9c5d6126-8aec-4750-985e-8bd6b3542d9f	2026-05-23 19:14:04.956396+00	2026-05-23 19:14:04.956396+00	\N	Sulfacetamide Sodium-Sulfur Susp	Sulfacetamide Sodium-Sulfur Susp	\N	Suspension	\N	\N	\N	\N	\N	\N	f	t
4fefff6a-ee25-4b9d-9de8-5757c0b01bf9	2026-05-23 19:14:04.956396+00	2026-05-23 19:14:04.956396+00	\N	Sulfacetamide-Prednisolone Soln	Sulfacetamide-Prednisolone Soln	\N	Solution	\N	\N	\N	\N	\N	\N	f	t
2a745395-eb7c-480b-a9fe-23801794e01c	2026-05-23 19:14:04.956396+00	2026-05-23 19:14:04.956396+00	\N	Sulfacetamide-Sulfur In Urea Emul	Sulfacetamide-Sulfur In Urea Emul	\N	Tablet	\N	\N	\N	\N	\N	\N	f	t
20b56bf3-6ab9-4391-87ae-d22662d74b8f	2026-05-23 19:14:04.956396+00	2026-05-23 19:14:04.956396+00	\N	Sulfadiazine Tab	Sulfadiazine Tab	\N	Tablet	\N	\N	\N	\N	\N	\N	f	t
dc3ce2a4-b192-4f1c-8f5c-b8b2be4d6182	2026-05-23 19:14:04.956396+00	2026-05-23 19:14:04.956396+00	\N	Sulfamethoxazole-Trimethoprim Susp	Sulfamethoxazole-Trimethoprim Susp	\N	Suspension	\N	\N	\N	\N	\N	\N	f	t
6bcbc5ca-73be-4eae-8f36-54a2681ca6ff	2026-05-23 19:14:04.956396+00	2026-05-23 19:14:04.956396+00	\N	Sulfamethoxazole-Trimethoprim Tab	Sulfamethoxazole-Trimethoprim Tab	\N	Tablet	\N	\N	\N	\N	\N	\N	f	t
d647af00-dbd2-4039-b994-9ea4573a921b	2026-05-23 19:14:04.956396+00	2026-05-23 19:14:04.956396+00	\N	Sulfasalazine Tab	Sulfasalazine Tab	\N	Tablet	\N	\N	\N	\N	\N	\N	f	t
2a81d3c1-b2fc-431b-96f4-306c7df846e2	2026-05-23 19:14:04.956396+00	2026-05-23 19:14:04.956396+00	\N	Sulindac Tab	Sulindac Tab	\N	Tablet	\N	\N	\N	\N	\N	\N	f	t
fe7febdb-7191-4f2d-9841-91b125a52f58	2026-05-23 19:14:04.956396+00	2026-05-23 19:14:04.956396+00	\N	Sumatriptan Soln	Sumatriptan Soln	\N	Solution	\N	\N	\N	\N	\N	\N	f	t
674d96ca-fe61-4c74-aa3d-f60b4510d1ba	2026-05-23 19:14:04.956396+00	2026-05-23 19:14:04.956396+00	\N	Sumatriptan Succinate   [Inj]	Sumatriptan Succinate   [Inj]	\N	Injection	\N	\N	\N	\N	\N	\N	f	t
a917e318-52e5-4eb5-96ca-fd5183acee12	2026-05-23 19:14:04.956396+00	2026-05-23 19:14:04.956396+00	\N	Sumatriptan Succinate Refill [Inj]	Sumatriptan Succinate Refill [Inj]	\N	Injection	\N	\N	\N	\N	\N	\N	f	t
13eb84ae-d77d-48c8-972e-516d7da4a5ac	2026-05-23 19:14:04.956396+00	2026-05-23 19:14:04.956396+00	\N	Sumatriptan Succinate Soln [Inj]	Sumatriptan Succinate Soln [Inj]	\N	Injection	\N	\N	\N	\N	\N	\N	f	t
9237abeb-01f5-41b0-a497-42b9e7b59cb6	2026-05-23 19:14:04.956396+00	2026-05-23 19:14:04.956396+00	\N	Sumatriptan Succinate Tab	Sumatriptan Succinate Tab	\N	Tablet	\N	\N	\N	\N	\N	\N	f	t
a2cca81a-6a70-4003-b0b0-912ad9747fc2	2026-05-23 19:14:04.956396+00	2026-05-23 19:14:04.956396+00	\N	Sumatriptan-Naproxen Sodium Tab	Sumatriptan-Naproxen Sodium Tab	\N	Tablet	\N	\N	\N	\N	\N	\N	f	t
7021d569-714f-4ffa-97c5-bb047f477469	2026-05-23 19:14:04.956396+00	2026-05-23 19:14:04.956396+00	\N	Sunitinib Malate Cap	Sunitinib Malate Cap	\N	Capsule	\N	\N	\N	\N	\N	\N	f	t
0303ccde-f4e7-47c8-a065-6a12618e9e4b	2026-05-23 19:14:04.956396+00	2026-05-23 19:14:04.956396+00	\N	Tacrolimus Cap	Tacrolimus Cap	\N	Capsule	\N	\N	\N	\N	\N	\N	f	t
ed97811b-c221-4f21-a394-0725d9aef4cb	2026-05-23 19:14:04.956396+00	2026-05-23 19:14:04.956396+00	\N	Tacrolimus Oint	Tacrolimus Oint	\N	Topical	\N	\N	\N	\N	\N	\N	f	t
99fa4c9b-221c-4a63-9c3d-db5930322951	2026-05-23 19:14:04.956396+00	2026-05-23 19:14:04.956396+00	\N	Tadalafil (Pah) Tab	Tadalafil (Pah) Tab	\N	Tablet	\N	\N	\N	\N	\N	\N	f	t
ec4ec717-3074-43ce-a62d-7f8122a5532e	2026-05-23 19:14:04.956396+00	2026-05-23 19:14:04.956396+00	\N	Tadalafil Tab	Tadalafil Tab	\N	Tablet	\N	\N	\N	\N	\N	\N	f	t
91fc8774-3100-41ca-8b40-e5d2434e2e29	2026-05-23 19:14:04.956396+00	2026-05-23 19:14:04.956396+00	\N	Tamoxifen Citrate Tab	Tamoxifen Citrate Tab	\N	Tablet	\N	\N	\N	\N	\N	\N	f	t
e90e0f2c-ea93-40b2-9d91-55436657ef8e	2026-05-23 19:14:04.956396+00	2026-05-23 19:14:04.956396+00	\N	Tamsulosin Hcl Cap	Tamsulosin Hcl Cap	\N	Capsule	\N	\N	\N	\N	\N	\N	f	t
be1c7b07-0a8f-4305-9f9b-45c91e03b3db	2026-05-23 19:14:04.956396+00	2026-05-23 19:14:04.956396+00	\N	Tavaborole Soln	Tavaborole Soln	\N	Solution	\N	\N	\N	\N	\N	\N	f	t
56b48e8b-00fd-4f2a-a0c4-824205fb020e	2026-05-23 19:14:04.956396+00	2026-05-23 19:14:04.956396+00	\N	Tazarotene Cream	Tazarotene Cream	\N	Topical	\N	\N	\N	\N	\N	\N	f	t
5a25d226-bca8-4f06-8ade-c7aad1c8ab19	2026-05-23 19:14:04.956396+00	2026-05-23 19:14:04.956396+00	\N	Tazarotene Gel	Tazarotene Gel	\N	Gel	\N	\N	\N	\N	\N	\N	f	t
f9c2ea21-bfd9-48cf-9723-d9f6b0e5f215	2026-05-23 19:14:04.956396+00	2026-05-23 19:14:04.956396+00	\N	Telmisartan Tab	Telmisartan Tab	\N	Tablet	\N	\N	\N	\N	\N	\N	f	t
3d7d71f8-447c-4bdf-8a08-5a88ca0b4542	2026-05-23 19:14:04.956396+00	2026-05-23 19:14:04.956396+00	\N	Telmisartan-Amlodipine Tab	Telmisartan-Amlodipine Tab	\N	Tablet	\N	\N	\N	\N	\N	\N	f	t
90d0dff7-4714-4a86-90e4-7e39a5686257	2026-05-23 19:14:04.956396+00	2026-05-23 19:14:04.956396+00	\N	Telmisartan-Hctz Tab	Telmisartan-Hctz Tab	\N	Tablet	\N	\N	\N	\N	\N	\N	f	t
ab6f8e88-1224-40e9-a7fd-db014c72d37a	2026-05-23 19:14:04.956396+00	2026-05-23 19:14:04.956396+00	\N	Temozolomide Cap	Temozolomide Cap	\N	Capsule	\N	\N	\N	\N	\N	\N	f	t
4b7a1a33-c36d-48c9-a9cd-ee77aa4dfce6	2026-05-23 19:14:04.956396+00	2026-05-23 19:14:04.956396+00	\N	Tenofovir Disoproxil Fumarate Tab	Tenofovir Disoproxil Fumarate Tab	\N	Tablet	\N	\N	\N	\N	\N	\N	f	t
c173580c-df4a-48f2-8e9c-cafeb547eef0	2026-05-23 19:14:04.956396+00	2026-05-23 19:14:04.956396+00	\N	Terazosin Hcl Cap	Terazosin Hcl Cap	\N	Capsule	\N	\N	\N	\N	\N	\N	f	t
a68e6a73-6277-4869-8a0f-2dc27804d7d6	2026-05-23 19:14:04.956396+00	2026-05-23 19:14:04.956396+00	\N	Terbinafine Hcl Tab	Terbinafine Hcl Tab	\N	Tablet	\N	\N	\N	\N	\N	\N	f	t
740d9e6f-9ec2-4226-8881-0cc740f1d918	2026-05-23 19:14:04.956396+00	2026-05-23 19:14:04.956396+00	\N	Terbutaline Sulfate Tab	Terbutaline Sulfate Tab	\N	Tablet	\N	\N	\N	\N	\N	\N	f	t
5b9fb64d-2ab4-4c2d-9613-e645c31137ae	2026-05-23 19:14:04.956396+00	2026-05-23 19:14:04.956396+00	\N	Terconazole Cream	Terconazole Cream	\N	Topical	\N	\N	\N	\N	\N	\N	f	t
1c46d1a4-dd72-4949-8131-0f7b7f45f387	2026-05-23 19:14:04.956396+00	2026-05-23 19:14:04.956396+00	\N	Terconazole Supp	Terconazole Supp	\N	Tablet	\N	\N	\N	\N	\N	\N	f	t
02dd7a37-fda5-4287-b3b1-ba1aa1031fe9	2026-05-23 19:14:04.956396+00	2026-05-23 19:14:04.956396+00	\N	Testosterone Gel	Testosterone Gel	\N	Gel	\N	\N	\N	\N	\N	\N	f	t
47bc8d65-d5be-430d-8c78-2fb7fbb53dcd	2026-05-23 19:14:04.956396+00	2026-05-23 19:14:04.956396+00	\N	Testosterone Soln	Testosterone Soln	\N	Solution	\N	\N	\N	\N	\N	\N	f	t
d3a583e7-547a-43dd-8713-a6d1f16f861d	2026-05-23 19:14:04.956396+00	2026-05-23 19:14:04.956396+00	\N	Tetrabenazine Tab	Tetrabenazine Tab	\N	Tablet	\N	\N	\N	\N	\N	\N	f	t
04f911bb-d061-45b7-94d2-3caecbf9318b	2026-05-23 19:14:04.956396+00	2026-05-23 19:14:04.956396+00	\N	Tetracaine Hcl Soln	Tetracaine Hcl Soln	\N	Solution	\N	\N	\N	\N	\N	\N	f	t
f4c309e9-d600-4fd0-98a1-691f4020d098	2026-05-23 19:14:04.956396+00	2026-05-23 19:14:04.956396+00	\N	Tetracycline Hcl Cap	Tetracycline Hcl Cap	\N	Capsule	\N	\N	\N	\N	\N	\N	f	t
3b6ed8a6-59ee-49b5-b7b0-ec905cf2979e	2026-05-23 19:14:04.956396+00	2026-05-23 19:14:04.956396+00	\N	Theophylline Elix	Theophylline Elix	\N	Tablet	\N	\N	\N	\N	\N	\N	f	t
f4eaf557-2fd3-421e-9489-91618e3bb720	2026-05-23 19:14:04.956396+00	2026-05-23 19:14:04.956396+00	\N	Theophylline Er Tab	Theophylline Er Tab	\N	Tablet	\N	\N	\N	\N	\N	\N	f	t
a1407c77-4b35-4099-9e07-ee9fb38b8ea4	2026-05-23 19:14:04.956396+00	2026-05-23 19:14:04.956396+00	\N	Theophylline Soln	Theophylline Soln	\N	Solution	\N	\N	\N	\N	\N	\N	f	t
8c209aa5-8be5-40f0-98d4-5ccb6ff4a85e	2026-05-23 19:14:04.956396+00	2026-05-23 19:14:04.956396+00	\N	Thioridazine Hcl Tab	Thioridazine Hcl Tab	\N	Tablet	\N	\N	\N	\N	\N	\N	f	t
e88ee6dd-fa94-43a0-aa8d-3e55d42b0cc4	2026-05-23 19:14:04.956396+00	2026-05-23 19:14:04.956396+00	\N	Thiothixene Cap	Thiothixene Cap	\N	Capsule	\N	\N	\N	\N	\N	\N	f	t
19dfc14c-383d-4859-a3d9-11417bfd8c67	2026-05-23 19:14:04.956396+00	2026-05-23 19:14:04.956396+00	\N	Thyroid Tab	Thyroid Tab	\N	Tablet	\N	\N	\N	\N	\N	\N	f	t
0a535bc8-7ca1-42fa-bcf4-a395c45e81f3	2026-05-23 19:14:04.956396+00	2026-05-23 19:14:04.956396+00	\N	Tiagabine Hcl Tab	Tiagabine Hcl Tab	\N	Tablet	\N	\N	\N	\N	\N	\N	f	t
a73f03b5-0d36-4f62-89ba-60ace08c2121	2026-05-23 19:14:04.956396+00	2026-05-23 19:14:04.956396+00	\N	Timolol Maleate (Once-Daily) Soln	Timolol Maleate (Once-Daily) Soln	\N	Solution	\N	\N	\N	\N	\N	\N	f	t
0ac2771d-1b87-4a4e-9e89-6a80e935ea93	2026-05-23 19:14:04.956396+00	2026-05-23 19:14:04.956396+00	\N	Timolol Maleate Gel	Timolol Maleate Gel	\N	Gel	\N	\N	\N	\N	\N	\N	f	t
29cda2f2-717c-4888-9918-be36a3cf93ec	2026-05-23 19:14:04.956396+00	2026-05-23 19:14:04.956396+00	\N	Timolol Maleate Pf Soln	Timolol Maleate Pf Soln	\N	Solution	\N	\N	\N	\N	\N	\N	f	t
02d80704-4c87-4248-bcd8-467678ffec86	2026-05-23 19:14:04.956396+00	2026-05-23 19:14:04.956396+00	\N	Timolol Maleate Soln	Timolol Maleate Soln	\N	Solution	\N	\N	\N	\N	\N	\N	f	t
366976d7-8205-40e3-b4c7-f7e3f48d08a4	2026-05-23 19:14:04.956396+00	2026-05-23 19:14:04.956396+00	\N	Timolol Maleate Tab	Timolol Maleate Tab	\N	Tablet	\N	\N	\N	\N	\N	\N	f	t
fd8fbb21-42d4-4aa6-84d5-f32f22629414	2026-05-23 19:14:04.956396+00	2026-05-23 19:14:04.956396+00	\N	Tinidazole Tab	Tinidazole Tab	\N	Tablet	\N	\N	\N	\N	\N	\N	f	t
06d4538b-1607-41a7-9819-eecf38be405f	2026-05-23 19:14:04.956396+00	2026-05-23 19:14:04.956396+00	\N	Tiopronin Tab	Tiopronin Tab	\N	Tablet	\N	\N	\N	\N	\N	\N	f	t
4246c207-71cc-4534-9eb7-0e68fdea3907	2026-05-23 19:14:04.956396+00	2026-05-23 19:14:04.956396+00	\N	Tizanidine Hcl Cap	Tizanidine Hcl Cap	\N	Capsule	\N	\N	\N	\N	\N	\N	f	t
da09f905-b681-4155-9caf-7a36f944590e	2026-05-23 19:14:04.956396+00	2026-05-23 19:14:04.956396+00	\N	Tizanidine Hcl Tab	Tizanidine Hcl Tab	\N	Tablet	\N	\N	\N	\N	\N	\N	f	t
f74d066a-272f-4035-9da7-8a978722ca3e	2026-05-23 19:14:04.956396+00	2026-05-23 19:14:04.956396+00	\N	Tobramycin Neb	Tobramycin Neb	\N	Tablet	\N	\N	\N	\N	\N	\N	f	t
9b253c29-30dd-4212-a1a5-c1a24c1479e4	2026-05-23 19:14:04.956396+00	2026-05-23 19:14:04.956396+00	\N	Tobramycin Soln	Tobramycin Soln	\N	Solution	\N	\N	\N	\N	\N	\N	f	t
ca1de9ce-9da8-472b-8bf3-e52a7ea07ca6	2026-05-23 19:14:04.956396+00	2026-05-23 19:14:04.956396+00	\N	Tobramycin-Dexamethasone Susp	Tobramycin-Dexamethasone Susp	\N	Suspension	\N	\N	\N	\N	\N	\N	f	t
5dd78e6a-6de4-4924-9729-af61ef9d9597	2026-05-23 19:14:04.956396+00	2026-05-23 19:14:04.956396+00	\N	Tolbutamide Tab	Tolbutamide Tab	\N	Tablet	\N	\N	\N	\N	\N	\N	f	t
51c21bda-c13a-4b79-a657-a0d8a3fbcf35	2026-05-23 19:14:04.956396+00	2026-05-23 19:14:04.956396+00	\N	Tolcapone Tab	Tolcapone Tab	\N	Tablet	\N	\N	\N	\N	\N	\N	f	t
ba28e9db-9f22-412e-9d1b-f9614b3427df	2026-05-23 19:14:04.956396+00	2026-05-23 19:14:04.956396+00	\N	Tolmetin Sodium Cap	Tolmetin Sodium Cap	\N	Capsule	\N	\N	\N	\N	\N	\N	f	t
2cea95b8-49bf-41b0-a81e-d2037c79ceba	2026-05-23 19:14:04.956396+00	2026-05-23 19:14:04.956396+00	\N	Tolmetin Sodium Tab	Tolmetin Sodium Tab	\N	Tablet	\N	\N	\N	\N	\N	\N	f	t
21f7a20c-2cdd-427a-8d6d-61d1e7630476	2026-05-23 19:14:04.956396+00	2026-05-23 19:14:04.956396+00	\N	Tolterodine Tartrate Er Cap	Tolterodine Tartrate Er Cap	\N	Capsule	\N	\N	\N	\N	\N	\N	f	t
9b13848a-495e-4683-8c11-ea717862c56f	2026-05-23 19:14:04.956396+00	2026-05-23 19:14:04.956396+00	\N	Tolterodine Tartrate Tab	Tolterodine Tartrate Tab	\N	Tablet	\N	\N	\N	\N	\N	\N	f	t
38329c1d-e97e-4f48-9a7b-c00976345167	2026-05-23 19:14:04.956396+00	2026-05-23 19:14:04.956396+00	\N	Tolvaptan Tab	Tolvaptan Tab	\N	Tablet	\N	\N	\N	\N	\N	\N	f	t
d8655fdb-e481-4adb-b456-b1286816439f	2026-05-23 19:14:04.956396+00	2026-05-23 19:14:04.956396+00	\N	Topiramate Cap	Topiramate Cap	\N	Capsule	\N	\N	\N	\N	\N	\N	f	t
ed416b98-9351-4223-8281-c1eb62270cc5	2026-05-23 19:14:04.956396+00	2026-05-23 19:14:04.956396+00	\N	Topiramate Er Cap	Topiramate Er Cap	\N	Capsule	\N	\N	\N	\N	\N	\N	f	t
e17f8ea9-6de4-46ba-a19f-92d032372d17	2026-05-23 19:14:04.956396+00	2026-05-23 19:14:04.956396+00	\N	Topiramate Tab	Topiramate Tab	\N	Tablet	\N	\N	\N	\N	\N	\N	f	t
fe02c27a-8c8f-4dba-a3e1-8173d4040644	2026-05-23 19:14:04.956396+00	2026-05-23 19:14:04.956396+00	\N	Toremifene Citrate Tab	Toremifene Citrate Tab	\N	Tablet	\N	\N	\N	\N	\N	\N	f	t
a4d873b0-851e-455c-8807-b47071cad75f	2026-05-23 19:14:04.956396+00	2026-05-23 19:14:04.956396+00	\N	Torsemide Tab	Torsemide Tab	\N	Tablet	\N	\N	\N	\N	\N	\N	f	t
2afc23ce-6d07-4fc7-b140-2edcad48ad40	2026-05-23 19:14:04.956396+00	2026-05-23 19:14:04.956396+00	\N	Tramadol Hcl Er (Biphasic) Tab	Tramadol Hcl Er (Biphasic) Tab	\N	Tablet	\N	\N	\N	\N	\N	\N	f	t
245e9c20-f9de-4166-be35-da37ffd0f8a3	2026-05-23 19:14:04.956396+00	2026-05-23 19:14:04.956396+00	\N	Tramadol Hcl Er Tab	Tramadol Hcl Er Tab	\N	Tablet	\N	\N	\N	\N	\N	\N	f	t
73134876-8797-4248-8947-ac52a2130485	2026-05-23 19:14:04.956396+00	2026-05-23 19:14:04.956396+00	\N	Tramadol Hcl Tab	Tramadol Hcl Tab	\N	Tablet	\N	\N	\N	\N	\N	\N	f	t
0a6ab93f-100d-4df0-bcfc-b6449064ef29	2026-05-23 19:14:04.956396+00	2026-05-23 19:14:04.956396+00	\N	Tramadol-Acetaminophen Tab	Tramadol-Acetaminophen Tab	\N	Tablet	\N	\N	\N	\N	\N	\N	f	t
6509b03b-dcb2-4909-81b6-dbc6a8905fc2	2026-05-23 19:14:04.956396+00	2026-05-23 19:14:04.956396+00	\N	Trandolapril Tab	Trandolapril Tab	\N	Tablet	\N	\N	\N	\N	\N	\N	f	t
f4c00a4d-3429-4b4b-9316-4a8f461218d3	2026-05-23 19:14:04.956396+00	2026-05-23 19:14:04.956396+00	\N	Trandolapril-Verapamil Hcl Er Tab	Trandolapril-Verapamil Hcl Er Tab	\N	Tablet	\N	\N	\N	\N	\N	\N	f	t
1d33c382-d728-4152-bc45-c11f2083320c	2026-05-23 19:14:04.956396+00	2026-05-23 19:14:04.956396+00	\N	Tranexamic Acid Tab	Tranexamic Acid Tab	\N	Tablet	\N	\N	\N	\N	\N	\N	f	t
9fa99f18-ddf1-4314-b4ae-9386d2fb71c7	2026-05-23 19:14:04.956396+00	2026-05-23 19:14:04.956396+00	\N	Tranylcypromine Sulfate Tab	Tranylcypromine Sulfate Tab	\N	Tablet	\N	\N	\N	\N	\N	\N	f	t
c7a4adeb-2073-495e-a228-2c1796021aea	2026-05-23 19:14:04.956396+00	2026-05-23 19:14:04.956396+00	\N	Travoprost (Bak Free) Soln	Travoprost (Bak Free) Soln	\N	Solution	\N	\N	\N	\N	\N	\N	f	t
e265dde4-5d8e-42da-9f11-d61f19932554	2026-05-23 19:14:04.956396+00	2026-05-23 19:14:04.956396+00	\N	Trazodone Hcl Tab	Trazodone Hcl Tab	\N	Tablet	\N	\N	\N	\N	\N	\N	f	t
3186e392-7bcd-4954-b4f9-bd721789fe55	2026-05-23 19:14:04.956396+00	2026-05-23 19:14:04.956396+00	\N	Tretinoin (Emollient) Cream	Tretinoin (Emollient) Cream	\N	Topical	\N	\N	\N	\N	\N	\N	f	t
e06c9c52-ffa2-4957-9111-8aa86f4b0f9c	2026-05-23 19:14:04.956396+00	2026-05-23 19:14:04.956396+00	\N	Tretinoin Cap	Tretinoin Cap	\N	Capsule	\N	\N	\N	\N	\N	\N	f	t
04568f89-2d6f-4f2f-a3a8-4e8d3ead06e0	2026-05-23 19:14:04.956396+00	2026-05-23 19:14:04.956396+00	\N	Tretinoin Cream	Tretinoin Cream	\N	Topical	\N	\N	\N	\N	\N	\N	f	t
c71b253a-37dc-4fdf-bcd1-026d0f755e4c	2026-05-23 19:14:04.956396+00	2026-05-23 19:14:04.956396+00	\N	Tretinoin Gel	Tretinoin Gel	\N	Gel	\N	\N	\N	\N	\N	\N	f	t
a0e9fe48-9bec-4dd9-b046-b384a1c4eff5	2026-05-23 19:14:04.956396+00	2026-05-23 19:14:04.956396+00	\N	Tretinoin Microsphere Gel	Tretinoin Microsphere Gel	\N	Gel	\N	\N	\N	\N	\N	\N	f	t
ce867a64-a7c6-41cd-872f-ed30d6e55e5b	2026-05-23 19:14:04.956396+00	2026-05-23 19:14:04.956396+00	\N	Tretinoin Microsphere Pump Gel	Tretinoin Microsphere Pump Gel	\N	Gel	\N	\N	\N	\N	\N	\N	f	t
a9f35fbd-6951-431e-aba1-95d1d29b7f1b	2026-05-23 19:14:04.956396+00	2026-05-23 19:14:04.956396+00	\N	Triamcinolone Acetonide	Triamcinolone Acetonide	\N	Tablet	\N	\N	\N	\N	\N	\N	f	t
6ed5d2c6-ba39-439e-a63a-c0f826cc9605	2026-05-23 19:14:04.956396+00	2026-05-23 19:14:04.956396+00	\N	Triamcinolone Acetonide Aer	Triamcinolone Acetonide Aer	\N	Tablet	\N	\N	\N	\N	\N	\N	f	t
feee7a6a-857f-413a-bf6d-d933fd299d30	2026-05-23 19:14:04.956396+00	2026-05-23 19:14:04.956396+00	\N	Triamcinolone Acetonide Cream	Triamcinolone Acetonide Cream	\N	Topical	\N	\N	\N	\N	\N	\N	f	t
f2685a49-f3d2-4ffe-9062-861cc39732dd	2026-05-23 19:14:04.956396+00	2026-05-23 19:14:04.956396+00	\N	Triamcinolone Acetonide Lot	Triamcinolone Acetonide Lot	\N	Tablet	\N	\N	\N	\N	\N	\N	f	t
b496a7f7-3dda-427e-986e-3072f85a46b6	2026-05-23 19:14:04.956396+00	2026-05-23 19:14:04.956396+00	\N	Triamcinolone Acetonide Oint	Triamcinolone Acetonide Oint	\N	Topical	\N	\N	\N	\N	\N	\N	f	t
258dcd05-0359-42f7-a7db-9a2bb5276a4d	2026-05-23 19:14:04.956396+00	2026-05-23 19:14:04.956396+00	\N	Triamcinolone In Absorbase Oint	Triamcinolone In Absorbase Oint	\N	Topical	\N	\N	\N	\N	\N	\N	f	t
b7b6a836-3a3d-40f5-8354-b18adac24cb8	2026-05-23 19:14:04.956396+00	2026-05-23 19:14:04.956396+00	\N	Triamterene Cap	Triamterene Cap	\N	Capsule	\N	\N	\N	\N	\N	\N	f	t
71b3222f-ce03-4d14-b731-3e6f2c2f1625	2026-05-23 19:14:04.956396+00	2026-05-23 19:14:04.956396+00	\N	Triamterene-Hctz Cap	Triamterene-Hctz Cap	\N	Capsule	\N	\N	\N	\N	\N	\N	f	t
d2e2fa80-287a-4438-b92c-568a3ef5cefc	2026-05-23 19:14:04.956396+00	2026-05-23 19:14:04.956396+00	\N	Triamterene-Hctz Tab	Triamterene-Hctz Tab	\N	Tablet	\N	\N	\N	\N	\N	\N	f	t
e838d00d-836d-4c60-af0a-5eefe0ce5329	2026-05-23 19:14:04.956396+00	2026-05-23 19:14:04.956396+00	\N	Triazolam Tab	Triazolam Tab	\N	Tablet	\N	\N	\N	\N	\N	\N	f	t
233626a3-9404-48f7-8089-24796b4bb01c	2026-05-23 19:14:04.956396+00	2026-05-23 19:14:04.956396+00	\N	Tricitrates Soln	Tricitrates Soln	\N	Solution	\N	\N	\N	\N	\N	\N	f	t
23d3b9f1-c432-4fde-84ac-443a2f78a175	2026-05-23 19:14:04.956396+00	2026-05-23 19:14:04.956396+00	\N	Trientine Hcl Cap	Trientine Hcl Cap	\N	Capsule	\N	\N	\N	\N	\N	\N	f	t
dd06ce8c-02ca-47ad-a892-c66e6f05fe87	2026-05-23 19:14:04.956396+00	2026-05-23 19:14:04.956396+00	\N	Trifluoperazine Hcl Tab	Trifluoperazine Hcl Tab	\N	Tablet	\N	\N	\N	\N	\N	\N	f	t
e2430f76-db2f-4f8d-8cbb-eb7c83aac19d	2026-05-23 19:14:04.956396+00	2026-05-23 19:14:04.956396+00	\N	Trifluridine Soln	Trifluridine Soln	\N	Solution	\N	\N	\N	\N	\N	\N	f	t
a04dd85b-b7f5-4bd9-a07c-54219425daf6	2026-05-23 19:14:04.956396+00	2026-05-23 19:14:04.956396+00	\N	Trihexyphenidyl Hcl Soln	Trihexyphenidyl Hcl Soln	\N	Solution	\N	\N	\N	\N	\N	\N	f	t
0fb7a00c-b0f8-49b6-8619-339455251a7b	2026-05-23 19:14:04.956396+00	2026-05-23 19:14:04.956396+00	\N	Trihexyphenidyl Hcl Tab	Trihexyphenidyl Hcl Tab	\N	Tablet	\N	\N	\N	\N	\N	\N	f	t
9385bc9c-dd19-4cee-8f53-379b229bcc06	2026-05-23 19:14:04.956396+00	2026-05-23 19:14:04.956396+00	\N	Trimethobenzamide Hcl Cap	Trimethobenzamide Hcl Cap	\N	Capsule	\N	\N	\N	\N	\N	\N	f	t
79106547-b7f0-4bb4-a543-1fce3fb1a655	2026-05-23 19:14:04.956396+00	2026-05-23 19:14:04.956396+00	\N	Trimethoprim Tab	Trimethoprim Tab	\N	Tablet	\N	\N	\N	\N	\N	\N	f	t
8ef1b766-175f-423a-9366-6eb21ce3d385	2026-05-23 19:14:04.956396+00	2026-05-23 19:14:04.956396+00	\N	Trimipramine Maleate Cap	Trimipramine Maleate Cap	\N	Capsule	\N	\N	\N	\N	\N	\N	f	t
ac364564-1984-4fdd-9d7f-c88bffa52242	2026-05-23 19:14:04.956396+00	2026-05-23 19:14:04.956396+00	\N	Tropicamide Soln	Tropicamide Soln	\N	Solution	\N	\N	\N	\N	\N	\N	f	t
366d405b-fe18-465d-bd46-6d73f8eb892e	2026-05-23 19:14:04.956396+00	2026-05-23 19:14:04.956396+00	\N	Trospium Chloride Er Cap	Trospium Chloride Er Cap	\N	Capsule	\N	\N	\N	\N	\N	\N	f	t
8c13921c-4525-4822-8022-1d2ee14cc0eb	2026-05-23 19:14:04.956396+00	2026-05-23 19:14:04.956396+00	\N	Trospium Chloride Tab	Trospium Chloride Tab	\N	Tablet	\N	\N	\N	\N	\N	\N	f	t
090942e6-2d27-4ddb-a5e2-e4672af66b80	2026-05-23 19:14:04.956396+00	2026-05-23 19:14:04.956396+00	\N	Turpentine	Turpentine	\N	Tablet	\N	\N	\N	\N	\N	\N	f	t
f928cd6f-8481-4f95-abe0-05199d2d2fca	2026-05-23 19:14:04.956396+00	2026-05-23 19:14:04.956396+00	\N	Urea Cream	Urea Cream	\N	Topical	\N	\N	\N	\N	\N	\N	f	t
2f5b54ca-7f48-41b2-bfda-865ebbcccbd9	2026-05-23 19:14:04.956396+00	2026-05-23 19:14:04.956396+00	\N	Ursodiol Cap	Ursodiol Cap	\N	Capsule	\N	\N	\N	\N	\N	\N	f	t
b8bbd0fd-ebf3-46c2-ac49-0e71be0718c9	2026-05-23 19:14:04.956396+00	2026-05-23 19:14:04.956396+00	\N	Ursodiol Tab	Ursodiol Tab	\N	Tablet	\N	\N	\N	\N	\N	\N	f	t
a99e8c73-b0a8-43ed-975a-2a6b39f7cd36	2026-05-23 19:14:04.956396+00	2026-05-23 19:14:04.956396+00	\N	Valacyclovir Hcl Tab	Valacyclovir Hcl Tab	\N	Tablet	\N	\N	\N	\N	\N	\N	f	t
881ab304-3e4c-486c-abc1-4d5e0321d173	2026-05-23 19:14:04.956396+00	2026-05-23 19:14:04.956396+00	\N	Valganciclovir Hcl	Valganciclovir Hcl	\N	Tablet	\N	\N	\N	\N	\N	\N	f	t
6fadd844-791c-4019-bc63-f627c6ffb313	2026-05-23 19:14:04.956396+00	2026-05-23 19:14:04.956396+00	\N	Valganciclovir Hcl Tab	Valganciclovir Hcl Tab	\N	Tablet	\N	\N	\N	\N	\N	\N	f	t
6a26a17e-98bf-48ba-a4ec-6f17bec35846	2026-05-23 19:14:04.956396+00	2026-05-23 19:14:04.956396+00	\N	Valproic Acid Cap	Valproic Acid Cap	\N	Capsule	\N	\N	\N	\N	\N	\N	f	t
62329c1f-6473-413b-98ac-2d31da98256c	2026-05-23 19:14:04.956396+00	2026-05-23 19:14:04.956396+00	\N	Valproic Acid Soln	Valproic Acid Soln	\N	Solution	\N	\N	\N	\N	\N	\N	f	t
d7e99c18-514f-41ce-a7c7-335387278d9e	2026-05-23 19:14:04.956396+00	2026-05-23 19:14:04.956396+00	\N	Valsartan Tab	Valsartan Tab	\N	Tablet	\N	\N	\N	\N	\N	\N	f	t
2c480426-2d0e-4efc-9caa-3bbfe8b525a2	2026-05-23 19:14:04.956396+00	2026-05-23 19:14:04.956396+00	\N	Valsartan-Hydrochlorothiazide Tab	Valsartan-Hydrochlorothiazide Tab	\N	Tablet	\N	\N	\N	\N	\N	\N	f	t
ecb4f322-c538-4170-847f-e6a3b78f5fc1	2026-05-23 19:14:04.956396+00	2026-05-23 19:14:04.956396+00	\N	Vancomycin Hcl	Vancomycin Hcl	\N	Tablet	\N	\N	\N	\N	\N	\N	f	t
ef05941d-392c-4703-8d09-17ebfd045e44	2026-05-23 19:14:04.956396+00	2026-05-23 19:14:04.956396+00	\N	Vancomycin Hcl Cap	Vancomycin Hcl Cap	\N	Capsule	\N	\N	\N	\N	\N	\N	f	t
73b94951-e13a-440b-828d-c4714e6e0b0d	2026-05-23 19:14:04.956396+00	2026-05-23 19:14:04.956396+00	\N	Vardenafil Hcl Tab	Vardenafil Hcl Tab	\N	Tablet	\N	\N	\N	\N	\N	\N	f	t
d00f8fda-5b07-4ba5-bb14-3954a552bf14	2026-05-23 19:14:04.956396+00	2026-05-23 19:14:04.956396+00	\N	Varenicline Tartrate Tab	Varenicline Tartrate Tab	\N	Tablet	\N	\N	\N	\N	\N	\N	f	t
c75fc94c-465d-473d-8300-fe82d4bd4d68	2026-05-23 19:14:04.956396+00	2026-05-23 19:14:04.956396+00	\N	Venlafaxine Hcl Er Cap	Venlafaxine Hcl Er Cap	\N	Capsule	\N	\N	\N	\N	\N	\N	f	t
4e68caec-48b9-497d-a799-4fb79aaf3b61	2026-05-23 19:14:04.956396+00	2026-05-23 19:14:04.956396+00	\N	Venlafaxine Hcl Er Tab	Venlafaxine Hcl Er Tab	\N	Tablet	\N	\N	\N	\N	\N	\N	f	t
2223bc1b-4a1b-42d4-8d17-de4d7f6b7784	2026-05-23 19:14:04.956396+00	2026-05-23 19:14:04.956396+00	\N	Venlafaxine Hcl Tab	Venlafaxine Hcl Tab	\N	Tablet	\N	\N	\N	\N	\N	\N	f	t
c8e2d200-ea92-4ceb-8b53-36df997e0317	2026-05-23 19:14:04.956396+00	2026-05-23 19:14:04.956396+00	\N	Verapamil Hcl Er Cap	Verapamil Hcl Er Cap	\N	Capsule	\N	\N	\N	\N	\N	\N	f	t
07e0b71c-0a20-4a91-916e-53f0b7d936b6	2026-05-23 19:14:04.956396+00	2026-05-23 19:14:04.956396+00	\N	Verapamil Hcl Er Tab	Verapamil Hcl Er Tab	\N	Tablet	\N	\N	\N	\N	\N	\N	f	t
7ef1d29e-a84b-4256-955d-f9785e5b678a	2026-05-23 19:14:04.956396+00	2026-05-23 19:14:04.956396+00	\N	Verapamil Hcl Tab	Verapamil Hcl Tab	\N	Tablet	\N	\N	\N	\N	\N	\N	f	t
43747b50-9ef3-4be0-90e7-6742d5a116da	2026-05-23 19:14:04.956396+00	2026-05-23 19:14:04.956396+00	\N	Vigabatrin Pack	Vigabatrin Pack	\N	Tablet	\N	\N	\N	\N	\N	\N	f	t
49af8389-477a-4723-8929-6a4304c57665	2026-05-23 19:14:04.956396+00	2026-05-23 19:14:04.956396+00	\N	Vigabatrin Tab	Vigabatrin Tab	\N	Tablet	\N	\N	\N	\N	\N	\N	f	t
6bece254-e13b-40c1-8541-d8ae0b4d9b01	2026-05-23 19:14:04.956396+00	2026-05-23 19:14:04.956396+00	\N	Vilazodone Hcl Tab	Vilazodone Hcl Tab	\N	Tablet	\N	\N	\N	\N	\N	\N	f	t
e879d3e1-5b63-4516-8951-fe9a96d850ea	2026-05-23 19:14:04.956396+00	2026-05-23 19:14:04.956396+00	\N	Vitamin D (Ergocalciferol) Cap	Vitamin D (Ergocalciferol) Cap	\N	Capsule	\N	\N	\N	\N	\N	\N	f	t
c58e602f-f078-416c-b494-fbd2be9a49d1	2026-05-23 19:14:04.956396+00	2026-05-23 19:14:04.956396+00	\N	Voriconazole	Voriconazole	\N	Tablet	\N	\N	\N	\N	\N	\N	f	t
4500816e-993a-4e68-a1a8-782d1857d4d7	2026-05-23 19:14:04.956396+00	2026-05-23 19:14:04.956396+00	\N	Voriconazole Tab	Voriconazole Tab	\N	Tablet	\N	\N	\N	\N	\N	\N	f	t
b3f9669d-5d7f-4a43-a9a0-23602b31ebbc	2026-05-23 19:14:04.956396+00	2026-05-23 19:14:04.956396+00	\N	Warfarin Sodium Tab	Warfarin Sodium Tab	\N	Tablet	\N	\N	\N	\N	\N	\N	f	t
bffecb42-a249-40bf-8725-f3cf354c2ed7	2026-05-23 19:14:04.956396+00	2026-05-23 19:14:04.956396+00	\N	Water For Irrigation, Sterile Soln	Water For Irrigation, Sterile Soln	\N	Solution	\N	\N	\N	\N	\N	\N	f	t
5b79cec6-89d3-422e-a2d7-0c1fa7c1c299	2026-05-23 19:14:04.956396+00	2026-05-23 19:14:04.956396+00	\N	Wheat Germ Oil	Wheat Germ Oil	\N	Tablet	\N	\N	\N	\N	\N	\N	f	t
e3422b9a-6282-48f0-9a3e-662f7d961f4a	2026-05-23 19:14:04.956396+00	2026-05-23 19:14:04.956396+00	\N	Zafirlukast Tab	Zafirlukast Tab	\N	Tablet	\N	\N	\N	\N	\N	\N	f	t
e0b0c2b8-b974-46df-a2ff-8203cf6f2109	2026-05-23 19:14:04.956396+00	2026-05-23 19:14:04.956396+00	\N	Zaleplon Cap	Zaleplon Cap	\N	Capsule	\N	\N	\N	\N	\N	\N	f	t
8e61b55e-7281-4693-8e36-faa8bf726aef	2026-05-23 19:14:04.956396+00	2026-05-23 19:14:04.956396+00	\N	Zidovudine Cap	Zidovudine Cap	\N	Capsule	\N	\N	\N	\N	\N	\N	f	t
b175ca27-e0e0-4f9a-ad3c-7994f7110ab1	2026-05-23 19:14:04.956396+00	2026-05-23 19:14:04.956396+00	\N	Zidovudine Syr	Zidovudine Syr	\N	Tablet	\N	\N	\N	\N	\N	\N	f	t
24375f52-633e-4495-b97c-32d04c3073f0	2026-05-23 19:14:04.956396+00	2026-05-23 19:14:04.956396+00	\N	Zidovudine Tab	Zidovudine Tab	\N	Tablet	\N	\N	\N	\N	\N	\N	f	t
7a869ad0-a7c0-4278-900b-445a8f61546d	2026-05-23 19:14:04.956396+00	2026-05-23 19:14:04.956396+00	\N	Zileuton Er Tab	Zileuton Er Tab	\N	Tablet	\N	\N	\N	\N	\N	\N	f	t
468ae92d-eb24-45f3-9fbd-296d5533376d	2026-05-23 19:14:04.956396+00	2026-05-23 19:14:04.956396+00	\N	Ziprasidone Hcl Cap	Ziprasidone Hcl Cap	\N	Capsule	\N	\N	\N	\N	\N	\N	f	t
47d642de-1fb1-4080-bd0e-c45d85c9bdd7	2026-05-23 19:14:04.956396+00	2026-05-23 19:14:04.956396+00	\N	Zolmitriptan Soln	Zolmitriptan Soln	\N	Solution	\N	\N	\N	\N	\N	\N	f	t
146dd793-4211-4fd8-88d8-0191bc524078	2026-05-23 19:14:04.956396+00	2026-05-23 19:14:04.956396+00	\N	Zolmitriptan Tab	Zolmitriptan Tab	\N	Tablet	\N	\N	\N	\N	\N	\N	f	t
2247bdd6-5682-48a5-a541-f7107c4ecac6	2026-05-23 19:14:04.956396+00	2026-05-23 19:14:04.956396+00	\N	Zolpidem Tartrate Er Tab	Zolpidem Tartrate Er Tab	\N	Tablet	\N	\N	\N	\N	\N	\N	f	t
c89327de-64dc-4999-a9eb-52e1ca49f63d	2026-05-23 19:14:04.956396+00	2026-05-23 19:14:04.956396+00	\N	Zolpidem Tartrate Tab	Zolpidem Tartrate Tab	\N	Tablet	\N	\N	\N	\N	\N	\N	f	t
5bc20f89-58b7-4756-87e5-f579f4b819d5	2026-05-23 19:14:04.956396+00	2026-05-23 19:14:04.956396+00	\N	Zonisamide Cap	Zonisamide Cap	\N	Capsule	\N	\N	\N	\N	\N	\N	f	t
\.


ALTER TABLE public.medicines ENABLE TRIGGER ALL;

--
-- Data for Name: onboarding_slides; Type: TABLE DATA; Schema: public; Owner: -
--

ALTER TABLE public.onboarding_slides DISABLE TRIGGER ALL;

COPY public.onboarding_slides (id, created_at, updated_at, deleted_at, title, description, image_url, lottie_url, cta_text, cta_link, sort_order, is_active, background_color, text_color) FROM stdin;
9cab22d7-2885-4dd3-b7a2-a512ac5fcc6a	2026-05-23 09:59:07.746912+00	2026-05-23 09:59:07.746912+00	\N	Welcome to Sehat Sahoolat	Your virtual hospital is here. Access quality healthcare from the comfort of your home — anytime, anywhere.	\N	\N	Next	\N	0	t	#2972B1	#FFFFFF
5814925f-85cb-408b-bd39-9dd7f05e7fb5	2026-05-23 09:59:07.746912+00	2026-05-23 09:59:07.746912+00	\N	Find the Right Doctor	Browse through our verified specialists across multiple departments. Read profiles, check ratings, and book with confidence.	\N	\N	Next	\N	1	t	#1e5a8f	#FFFFFF
0205a774-8e45-48e8-96d0-8e922a997f9d	2026-05-23 09:59:07.746912+00	2026-05-23 09:59:07.746912+00	\N	Book & Consult	Schedule audio/video consultations at your convenience. Our doctors are available to help you with your health concerns.	\N	\N	Next	\N	2	t	#FBAA4B	#FFFFFF
ee016312-82ed-474c-85c9-b6dcd540987f	2026-05-23 09:59:07.746912+00	2026-05-23 09:59:07.746912+00	\N	Your Health, Organized	Keep all your medical records, prescriptions, and health history in one secure place. Access them anytime you need.	\N	\N	Next	\N	3	t	#2972B1	#FFFFFF
7f9e0f01-9665-4711-a7a2-4f51b826e333	2026-05-23 09:59:07.746912+00	2026-05-23 09:59:07.746912+00	\N	Get Started	Subscribe to a plan that fits your needs and start your journey to better health today.	\N	\N	Next	\N	4	t	#1e5a8f	#FFFFFF
\.


ALTER TABLE public.onboarding_slides ENABLE TRIGGER ALL;

--
-- Data for Name: packages; Type: TABLE DATA; Schema: public; Owner: -
--

ALTER TABLE public.packages DISABLE TRIGGER ALL;

COPY public.packages (id, created_at, updated_at, deleted_at, name, slug, description, price_minor, currency, duration_days, max_consultations, features, is_active, sort_order, max_emr_records, addon_appointment_price, addon_emr_price, max_devices, tier_type, registration_fee_minor, max_family_members, extra_family_member_fee_minor, max_extra_family_members, bundle_appointment_count, bundle_discount_percent, billing_cycle, min_commitment_months, first_month_fee_waived) FROM stdin;
568ee9b6-5a06-4ac2-8713-2593748ecaba	2026-05-22 18:17:57.861738+00	2026-05-22 18:17:57.861738+00	\N	Starter	starter	1 consultation, 30 days	99900	PKR	30	1	1 consultation included for one patient,Active for 30 days from purchase,Basic EMR profile for the patient,Doctor-reviewed prescription when clinically required,Simple entry plan for first-time patients	t	1	1	0	0	2	subscription	0	1	0	0	\N	\N	one_time	0	f
14fa8abb-0c1d-4a8c-af88-890647b2c445	2026-05-22 18:17:57.861738+00	2026-05-22 18:17:57.861738+00	\N	Family	family	5 consultations + family member booking, 30 days	249900	PKR	30	5	5 consultations included for the family,Book on behalf of eligible family members,Shared family health overview in one account,EMR access for covered members during the plan period,Best for families with occasional care needs	t	2	4	0	0	4	subscription	0	1	0	0	\N	\N	one_time	0	f
e9d63178-4c87-4eaf-9137-9e7ddd911a86	2026-05-22 18:17:57.861738+00	2026-05-22 18:17:57.861738+00	\N	Wellness	wellness	Unlimited consultations, 30 days	499900	PKR	30	\N	Unlimited consultations during the active period,Continuous care for one patient,Full EMR access and exports while active,Follow-up support for ongoing conditions,Best for patients needing frequent doctor access	t	3	1	0	0	4	subscription	0	1	0	0	\N	\N	one_time	0	f
ab5609c0-be59-427a-8442-cc48c2a24c87	2026-05-24 16:25:10.437808+00	2026-05-24 16:25:10.437808+00	\N	Pay As You Go	pay-as-you-go	No commitment - pay only when you book.	3000	USD	30	0	One paid specialist consultation after each checkout,One patient profile with a single active EMR record,Doctor-reviewed prescription and consultation summary,One included follow-up for the same appointment when clinically required,Option to book another appointment whenever care is needed,EMR stays available for future visits after the appointment window	t	10	1	0	0	2	payg	0	1	0	0	\N	\N	one_time	0	f
57296d08-0546-4558-911a-104e00c82a2c	2026-05-24 16:25:10.446053+00	2026-05-24 16:25:10.446053+00	\N	Credit Bundles	credit-bundles	Family plan with tiered savings - buy in bulk, save more.	0	USD	90	3	Family registration for up to 4 members,3 prepaid consultations included in the starter bundle,3 consultation credits valid for 90 days,Free clinical follow-up for completed consultations,Shared EMR access for covered family members during the bundle period,EMR export and verifiable prescription printing included,10% bundle discount on prepaid consultations,Upgrade path to subscription when family usage grows	t	20	4	0	0	4	bundle	1000	4	0	0	3	10	one_time	0	f
c882477a-3583-4ef4-8c12-de640d08b1ad	2026-05-24 16:25:10.447711+00	2026-05-24 16:25:10.447711+00	\N	Subscription	subscription	Monthly family subscription with 16 consultations and continuous care.	2000	USD	30	16	popular,16 eligible consultations every 30-day billing cycle,Family registration for 8 included members,Up to 2 extra family members at USD 5.00 each,8 active EMR records with exports while the plan is active,10 signed-in devices allowed across the family,Additional consultations available at USD 5.00 when the included limit is used,Verifiable prescriptions and visit summaries after each consultation,Option to choose regular family physicians and preferred specialists,Best value for families needing continuous care	t	30	8	500	300	10	subscription	1000	8	500	2	\N	\N	monthly	12	t
\.


ALTER TABLE public.packages ENABLE TRIGGER ALL;

--
-- Data for Name: package_change_requests; Type: TABLE DATA; Schema: public; Owner: -
--

ALTER TABLE public.package_change_requests DISABLE TRIGGER ALL;

COPY public.package_change_requests (id, created_at, updated_at, deleted_at, user_id, current_package_id, requested_package_id, reason, status, reviewed_by, reviewed_at, review_note, target, requested_tier) FROM stdin;
\.


ALTER TABLE public.package_change_requests ENABLE TRIGGER ALL;

--
-- Data for Name: pending_medicines; Type: TABLE DATA; Schema: public; Owner: -
--

ALTER TABLE public.pending_medicines DISABLE TRIGGER ALL;

COPY public.pending_medicines (id, created_at, updated_at, deleted_at, brand_name, generic_name, strength, dosage_form, requested_by_user_id, appointment_id, notes, status, reviewed_by_user_id, reviewed_at, reviewer_comment, promoted_medicine_id) FROM stdin;
d85abf1f-764e-4346-9606-849274ed9768	2026-05-23 19:14:47.500023+00	2026-05-23 19:14:47.500023+00	\N	Test New Drug	TestSalt	\N	\N	7a297ce7-9f3b-4f96-ad3a-a8385d6e059f	\N	\N	pending	\N	\N	\N	\N
63aa1149-5cb3-4536-8394-b236a8c4281c	2026-05-23 19:20:14.053326+00	2026-05-23 19:20:14.166898+00	\N	Novogen	Novosalt	\N	\N	7a297ce7-9f3b-4f96-ad3a-a8385d6e059f	\N	\N	approved	a4b085b6-338d-4b31-96b6-cb88bb64210e	2026-05-23 19:20:14.157+00	Looks legit	23faaf45-35cd-4247-82c8-6aba00d5579e
\.


ALTER TABLE public.pending_medicines ENABLE TRIGGER ALL;

--
-- Data for Name: prescriptions; Type: TABLE DATA; Schema: public; Owner: -
--

ALTER TABLE public.prescriptions DISABLE TRIGGER ALL;

COPY public.prescriptions (id, created_at, updated_at, deleted_at, appointment_id, doctor_id, patient_id, qr_code, status, signed_at, notes, transcription_text) FROM stdin;
5d42ab79-4166-4166-b2d1-fe0f49a7cfd5	2026-05-23 19:19:46.967247	2026-05-23 19:19:46.967247	\N	449b6c45-2044-4923-b356-535dcb3394a7	7a297ce7-9f3b-4f96-ad3a-a8385d6e059f	56f01b93-22bb-4659-96c2-e36c507cda3e	2871cf35-e299-45bc-b9ca-fae822617987	draft	\N	\N	\N
\.


ALTER TABLE public.prescriptions ENABLE TRIGGER ALL;

--
-- Data for Name: prescription_items; Type: TABLE DATA; Schema: public; Owner: -
--

ALTER TABLE public.prescription_items DISABLE TRIGGER ALL;

COPY public.prescription_items (id, created_at, updated_at, deleted_at, prescription_id, medication_name, generic_name, dose, frequency, duration, route, instructions) FROM stdin;
8a484e56-fb66-433b-aca5-6b0a0416a11e	2026-05-23 19:19:46.967247	2026-05-23 19:19:46.967247	\N	5d42ab79-4166-4166-b2d1-fe0f49a7cfd5	Panadol	\N	500mg	Twice daily	5 days	Oral	\N
\.


ALTER TABLE public.prescription_items ENABLE TRIGGER ALL;

--
-- Data for Name: prescription_refill_requests; Type: TABLE DATA; Schema: public; Owner: -
--

ALTER TABLE public.prescription_refill_requests DISABLE TRIGGER ALL;

COPY public.prescription_refill_requests (id, prescription_id, patient_id, doctor_id, status, request_note, doctor_note, extended_days, requested_at, decided_at, decided_by, deleted_at, created_at, updated_at) FROM stdin;
\.


ALTER TABLE public.prescription_refill_requests ENABLE TRIGGER ALL;

--
-- Data for Name: scribe_transcripts; Type: TABLE DATA; Schema: public; Owner: -
--

ALTER TABLE public.scribe_transcripts DISABLE TRIGGER ALL;

COPY public.scribe_transcripts (id, created_at, updated_at, deleted_at, doctor_user_id, appointment_id, audio_filename, audio_mime_type, audio_size_bytes, duration_seconds, transcript, language_detected, model_version, minutes_billed, status, error_message) FROM stdin;
b04d8773-cea9-4736-a5bd-2b7be7819814	2026-05-23 17:54:07.630594+00	2026-05-23 17:54:07.769954+00	\N	7a297ce7-9f3b-4f96-ad3a-a8385d6e059f	449b6c45-2044-4923-b356-535dcb3394a7	5c7fe7a0-aaa8-4da5-a823-b0080d98df1b.webm	audio/webm	49562	\N		\N	pending	\N	failed	No transcription provider configured
\.


ALTER TABLE public.scribe_transcripts ENABLE TRIGGER ALL;

--
-- Data for Name: subscriptions; Type: TABLE DATA; Schema: public; Owner: -
--

ALTER TABLE public.subscriptions DISABLE TRIGGER ALL;

COPY public.subscriptions (id, created_at, updated_at, deleted_at, user_id, package_id, status, starts_at, expires_at, consultations_used, auto_renew, cancelled_at, cancel_reason, latest_transaction_id, addon_consultations, emr_records_used, addon_emr_records) FROM stdin;
770893da-b4c5-4c1a-b097-a7b116656197	2026-05-24 08:04:47.364037+00	2026-05-24 17:16:53.024511+00	\N	56f01b93-22bb-4659-96c2-e36c507cda3e	568ee9b6-5a06-4ac2-8713-2593748ecaba	active	2026-05-24 08:04:47.364037+00	2026-06-23 17:16:53.024+00	4	f	\N	\N	\N	5	0	0
\.


ALTER TABLE public.subscriptions ENABLE TRIGGER ALL;

--
-- Data for Name: subscription_family_members; Type: TABLE DATA; Schema: public; Owner: -
--

ALTER TABLE public.subscription_family_members DISABLE TRIGGER ALL;

COPY public.subscription_family_members (id, created_at, updated_at, deleted_at, subscription_id, first_name, last_name, relation, email, linked_user_id, status, is_extra, removed_at) FROM stdin;
\.


ALTER TABLE public.subscription_family_members ENABLE TRIGGER ALL;

--
-- Data for Name: transactions; Type: TABLE DATA; Schema: public; Owner: -
--

ALTER TABLE public.transactions DISABLE TRIGGER ALL;

COPY public.transactions (id, created_at, updated_at, deleted_at, user_id, subscription_id, package_id, amount_minor, currency, gateway, gateway_ref, status, failure_reason, paid_at, metadata) FROM stdin;
bb621742-de61-47e9-898f-ef03c14126f6	2026-05-24 17:13:06.794083+00	2026-05-24 17:13:06.794083+00	\N	56f01b93-22bb-4659-96c2-e36c507cda3e	\N	ab5609c0-be59-427a-8442-cc48c2a24c87	3000	USD	mock	mock_ef20bcf1-84d1-4a92-9900-cf7ff88d8c5f	pending	\N	\N	{"packageSlug": "pay-as-you-go", "basePriceMinor": 3000, "registrationFeeMinor": 0}
8ec2dbc0-719e-4b4f-8154-eed23abb10a2	2026-05-24 17:13:06.941704+00	2026-05-24 17:13:06.941704+00	\N	56f01b93-22bb-4659-96c2-e36c507cda3e	\N	57296d08-0546-4558-911a-104e00c82a2c	1000	USD	mock	mock_976aebdc-67a9-4cf2-aa0f-80b0aa460f48	pending	\N	\N	{"packageSlug": "credit-bundles", "basePriceMinor": 0, "registrationFeeMinor": 1000}
\.


ALTER TABLE public.transactions ENABLE TRIGGER ALL;